205.188.209.45 - - [09/Feb/2003:10:53:11 -0800] "GET /Merchant2/301/health_301_headmenu_r3_c10_f2.jpg HTTP/1.0" 200 1622 "http://www.merchant247.net/Merchant2/merchant.mv?Screen=CTGY&Store_Code=health&Category_Code=301" "Mozilla/4.0 (compatible; MSIE 5.5; AOL 8.0; Windows 98; Win 9x 4.90; Q312461; YComp 5.0.2.5)"
67.193.159.184 - - [09/Feb/2003:10:53:38 -0800] "GET /Merchant2/graphics/en-US/admin/blank.gif HTTP/1.1" 200 43 "http://www.trimspa-diet-pills.com/" "Mozilla/4.0 (compatible; MSIE 6.0; Windows 98; MSN 8.0; MSNbMSNI; MSNmen-us; MSNcIA)"
64.109.103.124 - - [09/Feb/2003:10:54:07 -0800] "GET /Merchant2/graphics/en-US/admin/blank.gif HTTP/1.1" 200 43 "http://www.trimspa-diet-pills.com/" "Mozilla/4.0 (compatible; MSIE 6.0; Windows NT 5.1; sbcydsl 3.11; YComp 5.0.0.0; yplus 3.01)"
64.114.95.36 - - [09/Feb/2003:10:54:07 -0800] "GET /Merchant2/graphics/en-US/admin/blank.gif HTTP/1.1" 200 43 "http://www.7-day-smoke-away.net/index.htm" "Mozilla/4.0 (compatible; MSIE 5.01; Windows NT 5.0)"
64.109.103.124 - - [09/Feb/2003:10:54:23 -0800] "GET /Merchant2/301/spacer.gif HTTP/1.1" 200 43 "http://www.merchant247.net/Merchant2/merchant.mv?Screen=CTGY&Store_Code=health&Category_Code=301" "Mozilla/4.0 (compatible; MSIE 6.0; Windows NT 5.1; sbcydsl 3.11; YComp 5.0.0.0; yplus 3.01)"
64.109.103.124 - - [09/Feb/2003:10:54:23 -0800] "GET /Merchant2/merchant.mv?Screen=CTGY&Store_Code=health&Category_Code=301 HTTP/1.1" 200 16549 "http://www.trimspa-diet-pills.com/" "Mozilla/4.0 (compatible; MSIE 6.0; Windows NT 5.1; sbcydsl 3.11; YComp 5.0.0.0; yplus 3.01)"
64.109.103.124 - - [09/Feb/2003:10:54:23 -0800] "GET /Merchant2/301/health_301_headmenu_r1_c1.jpg HTTP/1.1" 200 4269 "http://www.merchant247.net/Merchant2/merchant.mv?Screen=CTGY&Store_Code=health&Category_Code=301" "Mozilla/4.0 (compatible; MSIE 6.0; Windows NT 5.1; sbcydsl 3.11; YComp 5.0.0.0; yplus 3.01)"
64.109.103.124 - - [09/Feb/2003:10:54:23 -0800] "GET /Merchant2/301/health_301_headmenu_r1_c2.jpg HTTP/1.1" 200 8633 "http://www.merchant247.net/Merchant2/merchant.mv?Screen=CTGY&Store_Code=health&Category_Code=301" "Mozilla/4.0 (compatible; MSIE 6.0; Windows NT 5.1; sbcydsl 3.11; YComp 5.0.0.0; yplus 3.01)"
64.109.103.124 - - [09/Feb/2003:10:54:23 -0800] "GET /Merchant2/301/health_301_headmenu_r2_c2.jpg HTTP/1.1" 200 1953 "http://www.merchant247.net/Merchant2/merchant.mv?Screen=CTGY&Store_Code=health&Category_Code=301" "Mozilla/4.0 (compatible; MSIE 6.0; Windows NT 5.1; sbcydsl 3.11; YComp 5.0.0.0; yplus 3.01)"
64.109.103.124 - - [09/Feb/2003:10:54:24 -0800] "GET /Merchant2/301/health_301_headmenu_r2_c3.jpg HTTP/1.1" 200 418 "http://www.merchant247.net/Merchant2/merchant.mv?Screen=CTGY&Store_Code=health&Category_Code=301" "Mozilla/4.0 (compatible; MSIE 6.0; Windows NT 5.1; sbcydsl 3.11; YComp 5.0.0.0; yplus 3.01)"
64.109.103.124 - - [09/Feb/2003:10:54:24 -0800] "GET /Merchant2/301/health_301_headmenu_r2_c4.jpg HTTP/1.1" 200 1795 "http://www.merchant247.net/Merchant2/merchant.mv?Screen=CTGY&Store_Code=health&Category_Code=301" "Mozilla/4.0 (compatible; MSIE 6.0; Windows NT 5.1; sbcydsl 3.11; YComp 5.0.0.0; yplus 3.01)"
67.193.159.184 - - [09/Feb/2003:10:54:24 -0800] "GET /Merchant2/merchant.mv?Screen=CTGY&Store_Code=health&Category_Code=301 HTTP/1.1" 200 16550 "http://www.trimspa-diet-pills.com/" "Mozilla/4.0 (compatible; MSIE 6.0; Windows 98; MSN 8.0; MSNbMSNI; MSNmen-us; MSNcIA)"
64.109.103.124 - - [09/Feb/2003:10:54:24 -0800] "GET /Merchant2/301/health_301_headmenu_r2_c5.jpg HTTP/1.1" 200 420 "http://www.merchant247.net/Merchant2/merchant.mv?Screen=CTGY&Store_Code=health&Category_Code=301" "Mozilla/4.0 (compatible; MSIE 6.0; Windows NT 5.1; sbcydsl 3.11; YComp 5.0.0.0; yplus 3.01)"
64.109.103.124 - - [09/Feb/2003:10:54:24 -0800] "GET /Merchant2/301/health_301_headmenu_r2_c8.jpg HTTP/1.1" 200 1427 "http://www.merchant247.net/Merchant2/merchant.mv?Screen=CTGY&Store_Code=health&Category_Code=301" "Mozilla/4.0 (compatible; MSIE 6.0; Windows NT 5.1; sbcydsl 3.11; YComp 5.0.0.0; yplus 3.01)"
64.109.103.124 - - [09/Feb/2003:10:54:24 -0800] "GET /Merchant2/301/health_301_headmenu_r2_c7.jpg HTTP/1.1" 200 360 "http://www.merchant247.net/Merchant2/merchant.mv?Screen=CTGY&Store_Code=health&Category_Code=301" "Mozilla/4.0 (compatible; MSIE 6.0; Windows NT 5.1; sbcydsl 3.11; YComp 5.0.0.0; yplus 3.01)"
64.109.103.124 - - [09/Feb/2003:10:54:24 -0800] "GET /Merchant2/301/health_301_headmenu_r2_c6.jpg HTTP/1.1" 200 1079 "http://www.merchant247.net/Merchant2/merchant.mv?Screen=CTGY&Store_Code=health&Category_Code=301" "Mozilla/4.0 (compatible; MSIE 6.0; Windows NT 5.1; sbcydsl 3.11; YComp 5.0.0.0; yplus 3.01)"
67.193.159.184 - - [09/Feb/2003:10:54:24 -0800] "GET /Merchant2/301/spacer.gif HTTP/1.1" 200 43 "http://www.merchant247.net/Merchant2/merchant.mv?Screen=CTGY&Store_Code=health&Category_Code=301" "Mozilla/4.0 (compatible; MSIE 6.0; Windows 98; MSN 8.0; MSNbMSNI; MSNmen-us; MSNcIA)"
64.109.103.124 - - [09/Feb/2003:10:54:24 -0800] "GET /Merchant2/301/health_301_headmenu_r2_c9.jpg HTTP/1.1" 200 348 "http://www.merchant247.net/Merchant2/merchant.mv?Screen=CTGY&Store_Code=health&Category_Code=301" "Mozilla/4.0 (compatible; MSIE 6.0; Windows NT 5.1; sbcydsl 3.11; YComp 5.0.0.0; yplus 3.01)"
64.109.103.124 - - [09/Feb/2003:10:54:24 -0800] "GET /Merchant2/301/health_301_headmenu_r3_c9.jpg HTTP/1.1" 200 346 "http://www.merchant247.net/Merchant2/merchant.mv?Screen=CTGY&Store_Code=health&Category_Code=301" "Mozilla/4.0 (compatible; MSIE 6.0; Windows NT 5.1; sbcydsl 3.11; YComp 5.0.0.0; yplus 3.01)"
64.109.103.124 - - [09/Feb/2003:10:54:24 -0800] "GET /Merchant2/301/health_301_headmenu_r3_c10.jpg HTTP/1.1" 200 1611 "http://www.merchant247.net/Merchant2/merchant.mv?Screen=CTGY&Store_Code=health&Category_Code=301" "Mozilla/4.0 (compatible; MSIE 6.0; Windows NT 5.1; sbcydsl 3.11; YComp 5.0.0.0; yplus 3.01)"
64.109.103.124 - - [09/Feb/2003:10:54:24 -0800] "GET /Merchant2/301/health_301_headmenu_r3_c12.jpg HTTP/1.1" 200 359 "http://www.merchant247.net/Merchant2/merchant.mv?Screen=CTGY&Store_Code=health&Category_Code=301" "Mozilla/4.0 (compatible; MSIE 6.0; Windows NT 5.1; sbcydsl 3.11; YComp 5.0.0.0; yplus 3.01)"
64.109.103.124 - - [09/Feb/2003:10:54:25 -0800] "GET /Merchant2/301/health_301_headmenu_r4_c2.jpg HTTP/1.1" 200 1248 "http://www.merchant247.net/Merchant2/merchant.mv?Screen=CTGY&Store_Code=health&Category_Code=301" "Mozilla/4.0 (compatible; MSIE 6.0; Windows NT 5.1; sbcydsl 3.11; YComp 5.0.0.0; yplus 3.01)"
64.109.103.124 - - [09/Feb/2003:10:54:25 -0800] "GET /Merchant2/301/health_301_headmenu_r4_c6.jpg HTTP/1.1" 200 789 "http://www.merchant247.net/Merchant2/merchant.mv?Screen=CTGY&Store_Code=health&Category_Code=301" "Mozilla/4.0 (compatible; MSIE 6.0; Windows NT 5.1; sbcydsl 3.11; YComp 5.0.0.0; yplus 3.01)"
67.193.159.184 - - [09/Feb/2003:10:54:25 -0800] "GET /Merchant2/301/health_301_headmenu_r1_c1.jpg HTTP/1.1" 200 4269 "http://www.merchant247.net/Merchant2/merchant.mv?Screen=CTGY&Store_Code=health&Category_Code=301" "Mozilla/4.0 (compatible; MSIE 6.0; Windows 98; MSN 8.0; MSNbMSNI; MSNmen-us; MSNcIA)"
64.109.103.124 - - [09/Feb/2003:10:54:25 -0800] "GET /Merchant2/301/health_301_headmenu_r5_c4.jpg HTTP/1.1" 200 1204 "http://www.merchant247.net/Merchant2/merchant.mv?Screen=CTGY&Store_Code=health&Category_Code=301" "Mozilla/4.0 (compatible; MSIE 6.0; Windows NT 5.1; sbcydsl 3.11; YComp 5.0.0.0; yplus 3.01)"
64.109.103.124 - - [09/Feb/2003:10:54:25 -0800] "GET /Merchant2/301/health_301_headmenu_r6_c10.jpg HTTP/1.1" 200 304 "http://www.merchant247.net/Merchant2/merchant.mv?Screen=CTGY&Store_Code=health&Category_Code=301" "Mozilla/4.0 (compatible; MSIE 6.0; Windows NT 5.1; sbcydsl 3.11; YComp 5.0.0.0; yplus 3.01)"
64.109.103.124 - - [09/Feb/2003:10:54:25 -0800] "GET /Merchant2/301/health_301_headmenu_r5_c8.jpg HTTP/1.1" 200 1002 "http://www.merchant247.net/Merchant2/merchant.mv?Screen=CTGY&Store_Code=health&Category_Code=301" "Mozilla/4.0 (compatible; MSIE 6.0; Windows NT 5.1; sbcydsl 3.11; YComp 5.0.0.0; yplus 3.01)"
64.109.103.124 - - [09/Feb/2003:10:54:25 -0800] "GET /Merchant2/301/health_301_headmenu_r7_c1.jpg HTTP/1.1" 200 419 "http://www.merchant247.net/Merchant2/merchant.mv?Screen=CTGY&Store_Code=health&Category_Code=301" "Mozilla/4.0 (compatible; MSIE 6.0; Windows NT 5.1; sbcydsl 3.11; YComp 5.0.0.0; yplus 3.01)"
67.193.159.184 - - [09/Feb/2003:10:54:25 -0800] "GET /Merchant2/301/health_301_headmenu_r1_c2.jpg HTTP/1.1" 200 8633 "http://www.merchant247.net/Merchant2/merchant.mv?Screen=CTGY&Store_Code=health&Category_Code=301" "Mozilla/4.0 (compatible; MSIE 6.0; Windows 98; MSN 8.0; MSNbMSNI; MSNmen-us; MSNcIA)"
64.109.103.124 - - [09/Feb/2003:10:54:25 -0800] "GET /Merchant2/301/health_301_headmenu_r7_c10.jpg HTTP/1.1" 200 296 "http://www.merchant247.net/Merchant2/merchant.mv?Screen=CTGY&Store_Code=health&Category_Code=301" "Mozilla/4.0 (compatible; MSIE 6.0; Windows NT 5.1; sbcydsl 3.11; YComp 5.0.0.0; yplus 3.01)"
64.109.103.124 - - [09/Feb/2003:10:54:25 -0800] "GET /Merchant2/301/health_301_headmenu_r7_c11.jpg HTTP/1.1" 200 377 "http://www.merchant247.net/Merchant2/merchant.mv?Screen=CTGY&Store_Code=health&Category_Code=301" "Mozilla/4.0 (compatible; MSIE 6.0; Windows NT 5.1; sbcydsl 3.11; YComp 5.0.0.0; yplus 3.01)"
64.109.103.124 - - [09/Feb/2003:10:54:26 -0800] "GET /Merchant2/301/health_301_headmenu_r2_c6_f2.jpg HTTP/1.1" 200 1175 "http://www.merchant247.net/Merchant2/merchant.mv?Screen=CTGY&Store_Code=health&Category_Code=301" "Mozilla/4.0 (compatible; MSIE 6.0; Windows NT 5.1; sbcydsl 3.11; YComp 5.0.0.0; yplus 3.01)"
64.109.103.124 - - [09/Feb/2003:10:54:26 -0800] "GET /Merchant2/301/health_301_headmenu_r2_c2_f2.jpg HTTP/1.1" 200 2126 "http://www.merchant247.net/Merchant2/merchant.mv?Screen=CTGY&Store_Code=health&Category_Code=301" "Mozilla/4.0 (compatible; MSIE 6.0; Windows NT 5.1; sbcydsl 3.11; YComp 5.0.0.0; yplus 3.01)"
64.109.103.124 - - [09/Feb/2003:10:54:26 -0800] "GET /Merchant2/301/health_301_headmenu_r2_c4_f2.jpg HTTP/1.1" 200 1942 "http://www.merchant247.net/Merchant2/merchant.mv?Screen=CTGY&Store_Code=health&Category_Code=301" "Mozilla/4.0 (compatible; MSIE 6.0; Windows NT 5.1; sbcydsl 3.11; YComp 5.0.0.0; yplus 3.01)"
64.109.103.124 - - [09/Feb/2003:10:54:26 -0800] "GET /Merchant2/301/health_301_headmenu_r2_c8_f2.jpg HTTP/1.1" 200 1542 "http://www.merchant247.net/Merchant2/merchant.mv?Screen=CTGY&Store_Code=health&Category_Code=301" "Mozilla/4.0 (compatible; MSIE 6.0; Windows NT 5.1; sbcydsl 3.11; YComp 5.0.0.0; yplus 3.01)"
64.109.103.124 - - [09/Feb/2003:10:54:26 -0800] "GET /Merchant2/301/health_301_headmenu_r3_c10_f2.jpg HTTP/1.1" 200 1622 "http://www.merchant247.net/Merchant2/merchant.mv?Screen=CTGY&Store_Code=health&Category_Code=301" "Mozilla/4.0 (compatible; MSIE 6.0; Windows NT 5.1; sbcydsl 3.11; YComp 5.0.0.0; yplus 3.01)"
67.193.159.184 - - [09/Feb/2003:10:54:27 -0800] "GET /Merchant2/301/health_301_headmenu_r2_c2.jpg HTTP/1.1" 200 1953 "http://www.merchant247.net/Merchant2/merchant.mv?Screen=CTGY&Store_Code=health&Category_Code=301" "Mozilla/4.0 (compatible; MSIE 6.0; Windows 98; MSN 8.0; MSNbMSNI; MSNmen-us; MSNcIA)"
67.193.159.184 - - [09/Feb/2003:10:54:29 -0800] "GET /Merchant2/301/health_301_headmenu_r2_c3.jpg HTTP/1.1" 200 418 "http://www.merchant247.net/Merchant2/merchant.mv?Screen=CTGY&Store_Code=health&Category_Code=301" "Mozilla/4.0 (compatible; MSIE 6.0; Windows 98; MSN 8.0; MSNbMSNI; MSNmen-us; MSNcIA)"
67.193.159.184 - - [09/Feb/2003:10:54:29 -0800] "GET /Merchant2/301/health_301_headmenu_r2_c4.jpg HTTP/1.1" 200 1795 "http://www.merchant247.net/Merchant2/merchant.mv?Screen=CTGY&Store_Code=health&Category_Code=301" "Mozilla/4.0 (compatible; MSIE 6.0; Windows 98; MSN 8.0; MSNbMSNI; MSNmen-us; MSNcIA)"
67.193.159.184 - - [09/Feb/2003:10:54:29 -0800] "GET /Merchant2/301/health_301_headmenu_r2_c5.jpg HTTP/1.1" 200 420 "http://www.merchant247.net/Merchant2/merchant.mv?Screen=CTGY&Store_Code=health&Category_Code=301" "Mozilla/4.0 (compatible; MSIE 6.0; Windows 98; MSN 8.0; MSNbMSNI; MSNmen-us; MSNcIA)"
67.193.159.184 - - [09/Feb/2003:10:54:30 -0800] "GET /Merchant2/301/health_301_headmenu_r2_c6.jpg HTTP/1.1" 200 1079 "http://www.merchant247.net/Merchant2/merchant.mv?Screen=CTGY&Store_Code=health&Category_Code=301" "Mozilla/4.0 (compatible; MSIE 6.0; Windows 98; MSN 8.0; MSNbMSNI; MSNmen-us; MSNcIA)"
67.193.159.184 - - [09/Feb/2003:10:54:30 -0800] "GET /Merchant2/301/health_301_headmenu_r2_c8.jpg HTTP/1.1" 200 1427 "http://www.merchant247.net/Merchant2/merchant.mv?Screen=CTGY&Store_Code=health&Category_Code=301" "Mozilla/4.0 (compatible; MSIE 6.0; Windows 98; MSN 8.0; MSNbMSNI; MSNmen-us; MSNcIA)"
64.109.103.124 - - [09/Feb/2003:10:54:33 -0800] "GET /testimonials.htm HTTP/1.1" 404 325 "http://www.merchant247.net/Merchant2/merchant.mv?Screen=CTGY&Store_Code=health&Category_Code=301" "Mozilla/4.0 (compatible; MSIE 6.0; Windows NT 5.1; sbcydsl 3.11; YComp 5.0.0.0; yplus 3.01)"
67.193.159.184 - - [09/Feb/2003:10:54:34 -0800] "GET /Merchant2/301/health_301_headmenu_r2_c6.jpg HTTP/1.1" 200 1079 "http://www.merchant247.net/Merchant2/merchant.mv?Screen=CTGY&Store_Code=health&Category_Code=301" "Mozilla/4.0 (compatible; MSIE 6.0; Windows 98; MSN 8.0; MSNbMSNI; MSNmen-us; MSNcIA)"
67.193.159.184 - - [09/Feb/2003:10:54:34 -0800] "GET /Merchant2/301/health_301_headmenu_r2_c7.jpg HTTP/1.1" 200 360 "http://www.merchant247.net/Merchant2/merchant.mv?Screen=CTGY&Store_Code=health&Category_Code=301" "Mozilla/4.0 (compatible; MSIE 6.0; Windows 98; MSN 8.0; MSNbMSNI; MSNmen-us; MSNcIA)"
67.193.159.184 - - [09/Feb/2003:10:54:35 -0800] "GET /Merchant2/301/health_301_headmenu_r2_c8.jpg HTTP/1.1" 200 1427 "http://www.merchant247.net/Merchant2/merchant.mv?Screen=CTGY&Store_Code=health&Category_Code=301" "Mozilla/4.0 (compatible; MSIE 6.0; Windows 98; MSN 8.0; MSNbMSNI; MSNmen-us; MSNcIA)"
67.193.159.184 - - [09/Feb/2003:10:54:35 -0800] "GET /Merchant2/301/health_301_headmenu_r2_c9.jpg HTTP/1.1" 200 348 "http://www.merchant247.net/Merchant2/merchant.mv?Screen=CTGY&Store_Code=health&Category_Code=301" "Mozilla/4.0 (compatible; MSIE 6.0; Windows 98; MSN 8.0; MSNbMSNI; MSNmen-us; MSNcIA)"
67.193.159.184 - - [09/Feb/2003:10:54:36 -0800] "GET /Merchant2/301/health_301_headmenu_r3_c9.jpg HTTP/1.1" 200 346 "http://www.merchant247.net/Merchant2/merchant.mv?Screen=CTGY&Store_Code=health&Category_Code=301" "Mozilla/4.0 (compatible; MSIE 6.0; Windows 98; MSN 8.0; MSNbMSNI; MSNmen-us; MSNcIA)"
67.193.159.184 - - [09/Feb/2003:10:54:36 -0800] "GET /Merchant2/301/health_301_headmenu_r3_c10.jpg HTTP/1.1" 200 1611 "http://www.merchant247.net/Merchant2/merchant.mv?Screen=CTGY&Store_Code=health&Category_Code=301" "Mozilla/4.0 (compatible; MSIE 6.0; Windows 98; MSN 8.0; MSNbMSNI; MSNmen-us; MSNcIA)"
67.193.159.184 - - [09/Feb/2003:10:54:36 -0800] "GET /Merchant2/301/health_301_headmenu_r3_c12.jpg HTTP/1.1" 200 359 "http://www.merchant247.net/Merchant2/merchant.mv?Screen=CTGY&Store_Code=health&Category_Code=301" "Mozilla/4.0 (compatible; MSIE 6.0; Windows 98; MSN 8.0; MSNbMSNI; MSNmen-us; MSNcIA)"
64.109.103.124 - - [09/Feb/2003:10:54:36 -0800] "GET /ingredients.htm HTTP/1.1" 404 324 "http://www.merchant247.net/Merchant2/merchant.mv?Screen=CTGY&Store_Code=health&Category_Code=301" "Mozilla/4.0 (compatible; MSIE 6.0; Windows NT 5.1; sbcydsl 3.11; YComp 5.0.0.0; yplus 3.01)"
67.193.159.184 - - [09/Feb/2003:10:54:37 -0800] "GET /Merchant2/301/health_301_headmenu_r4_c2.jpg HTTP/1.1" 200 1248 "http://www.merchant247.net/Merchant2/merchant.mv?Screen=CTGY&Store_Code=health&Category_Code=301" "Mozilla/4.0 (compatible; MSIE 6.0; Windows 98; MSN 8.0; MSNbMSNI; MSNmen-us; MSNcIA)"
67.193.159.184 - - [09/Feb/2003:10:54:37 -0800] "GET /Merchant2/301/health_301_headmenu_r4_c6.jpg HTTP/1.1" 200 789 "http://www.merchant247.net/Merchant2/merchant.mv?Screen=CTGY&Store_Code=health&Category_Code=301" "Mozilla/4.0 (compatible; MSIE 6.0; Windows 98; MSN 8.0; MSNbMSNI; MSNmen-us; MSNcIA)"
67.193.159.184 - - [09/Feb/2003:10:54:38 -0800] "GET /Merchant2/301/health_301_headmenu_r5_c4.jpg HTTP/1.1" 200 1204 "http://www.merchant247.net/Merchant2/merchant.mv?Screen=CTGY&Store_Code=health&Category_Code=301" "Mozilla/4.0 (compatible; MSIE 6.0; Windows 98; MSN 8.0; MSNbMSNI; MSNmen-us; MSNcIA)"
67.193.159.184 - - [09/Feb/2003:10:54:38 -0800] "GET /Merchant2/301/health_301_headmenu_r5_c8.jpg HTTP/1.1" 200 1002 "http://www.merchant247.net/Merchant2/merchant.mv?Screen=CTGY&Store_Code=health&Category_Code=301" "Mozilla/4.0 (compatible; MSIE 6.0; Windows 98; MSN 8.0; MSNbMSNI; MSNmen-us; MSNcIA)"
67.193.159.184 - - [09/Feb/2003:10:54:39 -0800] "GET /Merchant2/301/health_301_headmenu_r6_c10.jpg HTTP/1.1" 200 304 "http://www.merchant247.net/Merchant2/merchant.mv?Screen=CTGY&Store_Code=health&Category_Code=301" "Mozilla/4.0 (compatible; MSIE 6.0; Windows 98; MSN 8.0; MSNbMSNI; MSNmen-us; MSNcIA)"
64.109.103.124 - - [09/Feb/2003:10:54:39 -0800] "GET / HTTP/1.1" 200 275 "-" "Mozilla/4.0 (compatible; MSIE 6.0; Windows NT 5.1; sbcydsl 3.11; YComp 5.0.0.0; yplus 3.01)"
67.193.159.184 - - [09/Feb/2003:10:54:39 -0800] "GET /Merchant2/301/health_301_headmenu_r7_c1.jpg HTTP/1.1" 200 419 "http://www.merchant247.net/Merchant2/merchant.mv?Screen=CTGY&Store_Code=health&Category_Code=301" "Mozilla/4.0 (compatible; MSIE 6.0; Windows 98; MSN 8.0; MSNbMSNI; MSNmen-us; MSNcIA)"
67.193.159.184 - - [09/Feb/2003:10:54:39 -0800] "GET /Merchant2/301/health_301_headmenu_r7_c10.jpg HTTP/1.1" 200 296 "http://www.merchant247.net/Merchant2/merchant.mv?Screen=CTGY&Store_Code=health&Category_Code=301" "Mozilla/4.0 (compatible; MSIE 6.0; Windows 98; MSN 8.0; MSNbMSNI; MSNmen-us; MSNcIA)"
67.193.159.184 - - [09/Feb/2003:10:54:40 -0800] "GET /Merchant2/301/health_301_headmenu_r7_c11.jpg HTTP/1.1" 200 377 "http://www.merchant247.net/Merchant2/merchant.mv?Screen=CTGY&Store_Code=health&Category_Code=301" "Mozilla/4.0 (compatible; MSIE 6.0; Windows 98; MSN 8.0; MSNbMSNI; MSNmen-us; MSNcIA)"
67.193.159.184 - - [09/Feb/2003:10:54:40 -0800] "GET /Merchant2/301/health_301_headmenu_r2_c2_f2.jpg HTTP/1.1" 200 2126 "http://www.merchant247.net/Merchant2/merchant.mv?Screen=CTGY&Store_Code=health&Category_Code=301" "Mozilla/4.0 (compatible; MSIE 6.0; Windows 98; MSN 8.0; MSNbMSNI; MSNmen-us; MSNcIA)"
67.193.159.184 - - [09/Feb/2003:10:54:40 -0800] "GET /Merchant2/301/health_301_headmenu_r2_c4_f2.jpg HTTP/1.1" 200 1942 "http://www.merchant247.net/Merchant2/merchant.mv?Screen=CTGY&Store_Code=health&Category_Code=301" "Mozilla/4.0 (compatible; MSIE 6.0; Windows 98; MSN 8.0; MSNbMSNI; MSNmen-us; MSNcIA)"
67.193.159.184 - - [09/Feb/2003:10:54:42 -0800] "GET /Merchant2/301/health_301_headmenu_r2_c6_f2.jpg HTTP/1.1" 200 1175 "http://www.merchant247.net/Merchant2/merchant.mv?Screen=CTGY&Store_Code=health&Category_Code=301" "Mozilla/4.0 (compatible; MSIE 6.0; Windows 98; MSN 8.0; MSNbMSNI; MSNmen-us; MSNcIA)"
67.193.159.184 - - [09/Feb/2003:10:54:42 -0800] "GET /Merchant2/301/health_301_headmenu_r2_c8_f2.jpg HTTP/1.1" 200 1542 "http://www.merchant247.net/Merchant2/merchant.mv?Screen=CTGY&Store_Code=health&Category_Code=301" "Mozilla/4.0 (compatible; MSIE 6.0; Windows 98; MSN 8.0; MSNbMSNI; MSNmen-us; MSNcIA)"
67.193.159.184 - - [09/Feb/2003:10:54:43 -0800] "GET /Merchant2/301/health_301_headmenu_r3_c10_f2.jpg HTTP/1.1" 200 1622 "http://www.merchant247.net/Merchant2/merchant.mv?Screen=CTGY&Store_Code=health&Category_Code=301" "Mozilla/4.0 (compatible; MSIE 6.0; Windows 98; MSN 8.0; MSNbMSNI; MSNmen-us; MSNcIA)"
64.109.103.124 - - [09/Feb/2003:10:54:43 -0800] "GET /faq.htm HTTP/1.1" 404 316 "http://www.merchant247.net/Merchant2/merchant.mv?Screen=CTGY&Store_Code=health&Category_Code=301" "Mozilla/4.0 (compatible; MSIE 6.0; Windows NT 5.1; sbcydsl 3.11; YComp 5.0.0.0; yplus 3.01)"
64.114.95.36 - - [09/Feb/2003:10:55:22 -0800] "GET /Merchant2/201/spacer.gif HTTP/1.1" 200 43 "http://www.merchant247.net/Merchant2/merchant.mv?Screen=CTGY&Store_Code=health&Category_Code=201" "Mozilla/4.0 (compatible; MSIE 5.01; Windows NT 5.0)"
64.114.95.36 - - [09/Feb/2003:10:55:22 -0800] "GET /Merchant2/201/logo_7_day.jpg HTTP/1.1" 200 5243 "http://www.merchant247.net/Merchant2/merchant.mv?Screen=CTGY&Store_Code=health&Category_Code=201" "Mozilla/4.0 (compatible; MSIE 5.01; Windows NT 5.0)"
64.114.95.36 - - [09/Feb/2003:10:55:22 -0800] "GET /Merchant2/merchant.mv?Screen=CTGY&Store_Code=health&Category_Code=201 HTTP/1.1" 200 44804 "http://www.7-day-smoke-away.net/faq.htm" "Mozilla/4.0 (compatible; MSIE 5.01; Windows NT 5.0)"
64.114.95.36 - - [09/Feb/2003:10:55:23 -0800] "GET /Merchant2/201/health_201_headmenu_r1_c11.jpg HTTP/1.1" 200 344 "http://www.merchant247.net/Merchant2/merchant.mv?Screen=CTGY&Store_Code=health&Category_Code=201" "Mozilla/4.0 (compatible; MSIE 5.01; Windows NT 5.0)"
64.114.95.36 - - [09/Feb/2003:10:55:23 -0800] "GET /Merchant2/201/health_201_headmenu_r1_c12.jpg HTTP/1.1" 200 3079 "http://www.merchant247.net/Merchant2/merchant.mv?Screen=CTGY&Store_Code=health&Category_Code=201" "Mozilla/4.0 (compatible; MSIE 5.01; Windows NT 5.0)"
64.114.95.36 - - [09/Feb/2003:10:55:23 -0800] "GET /Merchant2/201/health_201_headmenu_r1_c14.jpg HTTP/1.1" 200 5279 "http://www.merchant247.net/Merchant2/merchant.mv?Screen=CTGY&Store_Code=health&Category_Code=201" "Mozilla/4.0 (compatible; MSIE 5.01; Windows NT 5.0)"
64.114.95.36 - - [09/Feb/2003:10:55:23 -0800] "GET /Merchant2/201/health_201_headmenu_r2_c1.jpg HTTP/1.1" 200 4168 "http://www.merchant247.net/Merchant2/merchant.mv?Screen=CTGY&Store_Code=health&Category_Code=201" "Mozilla/4.0 (compatible; MSIE 5.01; Windows NT 5.0)"
64.114.95.36 - - [09/Feb/2003:10:55:23 -0800] "GET /Merchant2/201/health_201_headmenu_r2_c12.jpg HTTP/1.1" 200 3144 "http://www.merchant247.net/Merchant2/merchant.mv?Screen=CTGY&Store_Code=health&Category_Code=201" "Mozilla/4.0 (compatible; MSIE 5.01; Windows NT 5.0)"
64.114.95.36 - - [09/Feb/2003:10:55:23 -0800] "GET /Merchant2/201/health_201_headmenu_r3_c1.jpg HTTP/1.1" 200 430 "http://www.merchant247.net/Merchant2/merchant.mv?Screen=CTGY&Store_Code=health&Category_Code=201" "Mozilla/4.0 (compatible; MSIE 5.01; Windows NT 5.0)"
64.114.95.36 - - [09/Feb/2003:10:55:23 -0800] "GET /Merchant2/201/health_201_headmenu_r3_c6.jpg HTTP/1.1" 200 2274 "http://www.merchant247.net/Merchant2/merchant.mv?Screen=CTGY&Store_Code=health&Category_Code=201" "Mozilla/4.0 (compatible; MSIE 5.01; Windows NT 5.0)"
64.114.95.36 - - [09/Feb/2003:10:55:23 -0800] "GET /Merchant2/201/health_201_headmenu_r3_c7.jpg HTTP/1.1" 200 403 "http://www.merchant247.net/Merchant2/merchant.mv?Screen=CTGY&Store_Code=health&Category_Code=201" "Mozilla/4.0 (compatible; MSIE 5.01; Windows NT 5.0)"
64.114.95.36 - - [09/Feb/2003:10:55:23 -0800] "GET /Merchant2/201/health_201_headmenu_r4_c1.jpg HTTP/1.1" 200 426 "http://www.merchant247.net/Merchant2/merchant.mv?Screen=CTGY&Store_Code=health&Category_Code=201" "Mozilla/4.0 (compatible; MSIE 5.01; Windows NT 5.0)"
64.114.95.36 - - [09/Feb/2003:10:55:23 -0800] "GET /Merchant2/201/health_201_headmenu_r4_c2.jpg HTTP/1.1" 200 685 "http://www.merchant247.net/Merchant2/merchant.mv?Screen=CTGY&Store_Code=health&Category_Code=201" "Mozilla/4.0 (compatible; MSIE 5.01; Windows NT 5.0)"
64.114.95.36 - - [09/Feb/2003:10:55:24 -0800] "GET /Merchant2/201/health_201_headmenu_r4_c3.jpg HTTP/1.1" 200 665 "http://www.merchant247.net/Merchant2/merchant.mv?Screen=CTGY&Store_Code=health&Category_Code=201" "Mozilla/4.0 (compatible; MSIE 5.01; Windows NT 5.0)"
64.114.95.36 - - [09/Feb/2003:10:55:24 -0800] "GET /Merchant2/201/health_201_headmenu_r4_c4.jpg HTTP/1.1" 200 696 "http://www.merchant247.net/Merchant2/merchant.mv?Screen=CTGY&Store_Code=health&Category_Code=201" "Mozilla/4.0 (compatible; MSIE 5.01; Windows NT 5.0)"
64.114.95.36 - - [09/Feb/2003:10:55:24 -0800] "GET /Merchant2/201/health_201_headmenu_r4_c5.jpg HTTP/1.1" 200 753 "http://www.merchant247.net/Merchant2/merchant.mv?Screen=CTGY&Store_Code=health&Category_Code=201" "Mozilla/4.0 (compatible; MSIE 5.01; Windows NT 5.0)"
64.114.95.36 - - [09/Feb/2003:10:55:24 -0800] "GET /Merchant2/201/health_201_headmenu_r5_c7.jpg HTTP/1.1" 200 737 "http://www.merchant247.net/Merchant2/merchant.mv?Screen=CTGY&Store_Code=health&Category_Code=201" "Mozilla/4.0 (compatible; MSIE 5.01; Windows NT 5.0)"
64.114.95.36 - - [09/Feb/2003:10:55:24 -0800] "GET /Merchant2/201/health_201_headmenu_r5_c8.jpg HTTP/1.1" 200 846 "http://www.merchant247.net/Merchant2/merchant.mv?Screen=CTGY&Store_Code=health&Category_Code=201" "Mozilla/4.0 (compatible; MSIE 5.01; Windows NT 5.0)"
64.114.95.36 - - [09/Feb/2003:10:55:24 -0800] "GET /Merchant2/201/health_201_headmenu_r5_c9.jpg HTTP/1.1" 200 660 "http://www.merchant247.net/Merchant2/merchant.mv?Screen=CTGY&Store_Code=health&Category_Code=201" "Mozilla/4.0 (compatible; MSIE 5.01; Windows NT 5.0)"
64.114.95.36 - - [09/Feb/2003:10:55:24 -0800] "GET /Merchant2/201/health_201_headmenu_r5_c10.jpg HTTP/1.1" 200 1023 "http://www.merchant247.net/Merchant2/merchant.mv?Screen=CTGY&Store_Code=health&Category_Code=201" "Mozilla/4.0 (compatible; MSIE 5.01; Windows NT 5.0)"
64.114.95.36 - - [09/Feb/2003:10:55:24 -0800] "GET /Merchant2/201/health_201_headmenu_r5_c13.jpg HTTP/1.1" 200 4116 "http://www.merchant247.net/Merchant2/merchant.mv?Screen=CTGY&Store_Code=health&Category_Code=201" "Mozilla/4.0 (compatible; MSIE 5.01; Windows NT 5.0)"
64.114.95.36 - - [09/Feb/2003:10:55:24 -0800] "GET /Merchant2/201/health_201_headmenu_r6_c2.jpg HTTP/1.1" 200 541 "http://www.merchant247.net/Merchant2/merchant.mv?Screen=CTGY&Store_Code=health&Category_Code=201" "Mozilla/4.0 (compatible; MSIE 5.01; Windows NT 5.0)"
64.114.95.36 - - [09/Feb/2003:10:55:24 -0800] "GET /Merchant2/201/health_201_headmenu_r7_c8.jpg HTTP/1.1" 200 1017 "http://www.merchant247.net/Merchant2/merchant.mv?Screen=CTGY&Store_Code=health&Category_Code=201" "Mozilla/4.0 (compatible; MSIE 5.01; Windows NT 5.0)"
64.114.95.36 - - [09/Feb/2003:10:55:24 -0800] "GET /Merchant2/201/health_201_headmenu_r8_c4.jpg HTTP/1.1" 200 831 "http://www.merchant247.net/Merchant2/merchant.mv?Screen=CTGY&Store_Code=health&Category_Code=201" "Mozilla/4.0 (compatible; MSIE 5.01; Windows NT 5.0)"
64.114.95.36 - - [09/Feb/2003:10:55:24 -0800] "GET /Merchant2/201/health_201_headmenu_r9_c6.jpg HTTP/1.1" 200 1812 "http://www.merchant247.net/Merchant2/merchant.mv?Screen=CTGY&Store_Code=health&Category_Code=201" "Mozilla/4.0 (compatible; MSIE 5.01; Windows NT 5.0)"
64.114.95.36 - - [09/Feb/2003:10:55:24 -0800] "GET /Merchant2/201/health_201_headmenu_r7_c10.jpg HTTP/1.1" 200 1382 "http://www.merchant247.net/Merchant2/merchant.mv?Screen=CTGY&Store_Code=health&Category_Code=201" "Mozilla/4.0 (compatible; MSIE 5.01; Windows NT 5.0)"
64.114.95.36 - - [09/Feb/2003:10:55:25 -0800] "GET /Merchant2/201/health_201_headmenu_r4_c10.jpg HTTP/1.1" 404 353 "http://www.merchant247.net/Merchant2/merchant.mv?Screen=CTGY&Store_Code=health&Category_Code=201" "Mozilla/4.0 (compatible; MSIE 5.01; Windows NT 5.0)"
64.114.95.36 - - [09/Feb/2003:10:55:25 -0800] "GET /Merchant2/201/free_shipping.jpg HTTP/1.1" 200 3033 "http://www.merchant247.net/Merchant2/merchant.mv?Screen=CTGY&Store_Code=health&Category_Code=201" "Mozilla/4.0 (compatible; MSIE 5.01; Windows NT 5.0)"
64.114.95.36 - - [09/Feb/2003:10:55:25 -0800] "GET /Merchant2/201/health_201_headmenu_r3_c6_f2.jpg HTTP/1.1" 200 2672 "http://www.merchant247.net/Merchant2/merchant.mv?Screen=CTGY&Store_Code=health&Category_Code=201" "Mozilla/4.0 (compatible; MSIE 5.01; Windows NT 5.0)"
64.114.95.36 - - [09/Feb/2003:10:55:25 -0800] "GET /Merchant2/201/health_201_headmenu_r4_c2_f2.jpg HTTP/1.1" 200 770 "http://www.merchant247.net/Merchant2/merchant.mv?Screen=CTGY&Store_Code=health&Category_Code=201" "Mozilla/4.0 (compatible; MSIE 5.01; Windows NT 5.0)"
64.114.95.36 - - [09/Feb/2003:10:55:25 -0800] "GET /Merchant2/201/health_201_headmenu_r4_c4_f2.jpg HTTP/1.1" 200 784 "http://www.merchant247.net/Merchant2/merchant.mv?Screen=CTGY&Store_Code=health&Category_Code=201" "Mozilla/4.0 (compatible; MSIE 5.01; Windows NT 5.0)"
64.114.95.36 - - [09/Feb/2003:10:55:25 -0800] "GET /Merchant2/201/health_201_headmenu_r5_c8_f2.jpg HTTP/1.1" 200 971 "http://www.merchant247.net/Merchant2/merchant.mv?Screen=CTGY&Store_Code=health&Category_Code=201" "Mozilla/4.0 (compatible; MSIE 5.01; Windows NT 5.0)"
64.114.95.36 - - [09/Feb/2003:10:55:25 -0800] "GET /Merchant2/201/health_201_headmenu_r5_c10_f2.jpg HTTP/1.1" 200 1175 "http://www.merchant247.net/Merchant2/merchant.mv?Screen=CTGY&Store_Code=health&Category_Code=201" "Mozilla/4.0 (compatible; MSIE 5.01; Windows NT 5.0)"
66.190.127.38 - - [09/Feb/2003:10:55:43 -0800] "GET /Merchant2/graphics/en-US/admin/blank.gif HTTP/1.1" 200 43 "http://www.trimspa-diet-pills.com/" "Mozilla/4.0 (compatible; MSIE 6.0; Windows 98; .NET CLR 1.0.3705)"
66.190.127.38 - - [09/Feb/2003:10:57:21 -0800] "GET /Merchant2/merchant.mv?Screen=CTGY&Store_Code=health&Category_Code=301 HTTP/1.1" 200 16550 "http://www.trimspa-diet-pills.com/" "Mozilla/4.0 (compatible; MSIE 6.0; Windows 98; .NET CLR 1.0.3705)"
66.190.127.38 - - [09/Feb/2003:10:57:21 -0800] "GET /Merchant2/301/spacer.gif HTTP/1.1" 200 43 "http://www.merchant247.net/Merchant2/merchant.mv?Screen=CTGY&Store_Code=health&Category_Code=301" "Mozilla/4.0 (compatible; MSIE 6.0; Windows 98; .NET CLR 1.0.3705)"
66.190.127.38 - - [09/Feb/2003:10:57:21 -0800] "GET /Merchant2/301/health_301_headmenu_r1_c1.jpg HTTP/1.1" 200 4269 "http://www.merchant247.net/Merchant2/merchant.mv?Screen=CTGY&Store_Code=health&Category_Code=301" "Mozilla/4.0 (compatible; MSIE 6.0; Windows 98; .NET CLR 1.0.3705)"
66.190.127.38 - - [09/Feb/2003:10:57:21 -0800] "GET /Merchant2/301/health_301_headmenu_r1_c2.jpg HTTP/1.1" 200 8633 "http://www.merchant247.net/Merchant2/merchant.mv?Screen=CTGY&Store_Code=health&Category_Code=301" "Mozilla/4.0 (compatible; MSIE 6.0; Windows 98; .NET CLR 1.0.3705)"
66.190.127.38 - - [09/Feb/2003:10:57:21 -0800] "GET /Merchant2/301/health_301_headmenu_r2_c2.jpg HTTP/1.1" 200 1953 "http://www.merchant247.net/Merchant2/merchant.mv?Screen=CTGY&Store_Code=health&Category_Code=301" "Mozilla/4.0 (compatible; MSIE 6.0; Windows 98; .NET CLR 1.0.3705)"
66.190.127.38 - - [09/Feb/2003:10:57:22 -0800] "GET /Merchant2/301/health_301_headmenu_r2_c3.jpg HTTP/1.1" 200 418 "http://www.merchant247.net/Merchant2/merchant.mv?Screen=CTGY&Store_Code=health&Category_Code=301" "Mozilla/4.0 (compatible; MSIE 6.0; Windows 98; .NET CLR 1.0.3705)"
66.190.127.38 - - [09/Feb/2003:10:57:22 -0800] "GET /Merchant2/301/health_301_headmenu_r2_c4.jpg HTTP/1.1" 200 1795 "http://www.merchant247.net/Merchant2/merchant.mv?Screen=CTGY&Store_Code=health&Category_Code=301" "Mozilla/4.0 (compatible; MSIE 6.0; Windows 98; .NET CLR 1.0.3705)"
66.190.127.38 - - [09/Feb/2003:10:57:22 -0800] "GET /Merchant2/301/health_301_headmenu_r2_c5.jpg HTTP/1.1" 200 420 "http://www.merchant247.net/Merchant2/merchant.mv?Screen=CTGY&Store_Code=health&Category_Code=301" "Mozilla/4.0 (compatible; MSIE 6.0; Windows 98; .NET CLR 1.0.3705)"
66.190.127.38 - - [09/Feb/2003:10:57:22 -0800] "GET /Merchant2/301/health_301_headmenu_r2_c6.jpg HTTP/1.1" 200 1079 "http://www.merchant247.net/Merchant2/merchant.mv?Screen=CTGY&Store_Code=health&Category_Code=301" "Mozilla/4.0 (compatible; MSIE 6.0; Windows 98; .NET CLR 1.0.3705)"
66.190.127.38 - - [09/Feb/2003:10:57:22 -0800] "GET /Merchant2/301/health_301_headmenu_r2_c7.jpg HTTP/1.1" 200 360 "http://www.merchant247.net/Merchant2/merchant.mv?Screen=CTGY&Store_Code=health&Category_Code=301" "Mozilla/4.0 (compatible; MSIE 6.0; Windows 98; .NET CLR 1.0.3705)"
66.190.127.38 - - [09/Feb/2003:10:57:22 -0800] "GET /Merchant2/301/health_301_headmenu_r2_c8.jpg HTTP/1.1" 200 1427 "http://www.merchant247.net/Merchant2/merchant.mv?Screen=CTGY&Store_Code=health&Category_Code=301" "Mozilla/4.0 (compatible; MSIE 6.0; Windows 98; .NET CLR 1.0.3705)"
66.190.127.38 - - [09/Feb/2003:10:57:22 -0800] "GET /Merchant2/301/health_301_headmenu_r2_c9.jpg HTTP/1.1" 200 348 "http://www.merchant247.net/Merchant2/merchant.mv?Screen=CTGY&Store_Code=health&Category_Code=301" "Mozilla/4.0 (compatible; MSIE 6.0; Windows 98; .NET CLR 1.0.3705)"
66.190.127.38 - - [09/Feb/2003:10:57:22 -0800] "GET /Merchant2/301/health_301_headmenu_r3_c9.jpg HTTP/1.1" 200 346 "http://www.merchant247.net/Merchant2/merchant.mv?Screen=CTGY&Store_Code=health&Category_Code=301" "Mozilla/4.0 (compatible; MSIE 6.0; Windows 98; .NET CLR 1.0.3705)"
66.190.127.38 - - [09/Feb/2003:10:57:23 -0800] "GET /Merchant2/301/health_301_headmenu_r3_c10.jpg HTTP/1.1" 200 1611 "http://www.merchant247.net/Merchant2/merchant.mv?Screen=CTGY&Store_Code=health&Category_Code=301" "Mozilla/4.0 (compatible; MSIE 6.0; Windows 98; .NET CLR 1.0.3705)"
66.190.127.38 - - [09/Feb/2003:10:57:23 -0800] "GET /Merchant2/301/health_301_headmenu_r3_c12.jpg HTTP/1.1" 200 359 "http://www.merchant247.net/Merchant2/merchant.mv?Screen=CTGY&Store_Code=health&Category_Code=301" "Mozilla/4.0 (compatible; MSIE 6.0; Windows 98; .NET CLR 1.0.3705)"
66.190.127.38 - - [09/Feb/2003:10:57:23 -0800] "GET /Merchant2/301/health_301_headmenu_r4_c2.jpg HTTP/1.1" 200 1248 "http://www.merchant247.net/Merchant2/merchant.mv?Screen=CTGY&Store_Code=health&Category_Code=301" "Mozilla/4.0 (compatible; MSIE 6.0; Windows 98; .NET CLR 1.0.3705)"
66.190.127.38 - - [09/Feb/2003:10:57:23 -0800] "GET /Merchant2/301/health_301_headmenu_r5_c4.jpg HTTP/1.1" 200 1204 "http://www.merchant247.net/Merchant2/merchant.mv?Screen=CTGY&Store_Code=health&Category_Code=301" "Mozilla/4.0 (compatible; MSIE 6.0; Windows 98; .NET CLR 1.0.3705)"
66.190.127.38 - - [09/Feb/2003:10:57:23 -0800] "GET /Merchant2/301/health_301_headmenu_r5_c8.jpg HTTP/1.1" 200 1002 "http://www.merchant247.net/Merchant2/merchant.mv?Screen=CTGY&Store_Code=health&Category_Code=301" "Mozilla/4.0 (compatible; MSIE 6.0; Windows 98; .NET CLR 1.0.3705)"
66.190.127.38 - - [09/Feb/2003:10:57:23 -0800] "GET /Merchant2/301/health_301_headmenu_r6_c10.jpg HTTP/1.1" 200 304 "http://www.merchant247.net/Merchant2/merchant.mv?Screen=CTGY&Store_Code=health&Category_Code=301" "Mozilla/4.0 (compatible; MSIE 6.0; Windows 98; .NET CLR 1.0.3705)"
66.190.127.38 - - [09/Feb/2003:10:57:23 -0800] "GET /Merchant2/301/health_301_headmenu_r7_c1.jpg HTTP/1.1" 200 419 "http://www.merchant247.net/Merchant2/merchant.mv?Screen=CTGY&Store_Code=health&Category_Code=301" "Mozilla/4.0 (compatible; MSIE 6.0; Windows 98; .NET CLR 1.0.3705)"
66.190.127.38 - - [09/Feb/2003:10:57:23 -0800] "GET /Merchant2/301/health_301_headmenu_r7_c10.jpg HTTP/1.1" 200 296 "http://www.merchant247.net/Merchant2/merchant.mv?Screen=CTGY&Store_Code=health&Category_Code=301" "Mozilla/4.0 (compatible; MSIE 6.0; Windows 98; .NET CLR 1.0.3705)"
66.190.127.38 - - [09/Feb/2003:10:57:23 -0800] "GET /Merchant2/301/health_301_headmenu_r7_c11.jpg HTTP/1.1" 200 377 "http://www.merchant247.net/Merchant2/merchant.mv?Screen=CTGY&Store_Code=health&Category_Code=301" "Mozilla/4.0 (compatible; MSIE 6.0; Windows 98; .NET CLR 1.0.3705)"
66.190.127.38 - - [09/Feb/2003:10:57:23 -0800] "GET /Merchant2/301/health_301_headmenu_r4_c6.jpg HTTP/1.1" 200 789 "http://www.merchant247.net/Merchant2/merchant.mv?Screen=CTGY&Store_Code=health&Category_Code=301" "Mozilla/4.0 (compatible; MSIE 6.0; Windows 98; .NET CLR 1.0.3705)"
66.190.127.38 - - [09/Feb/2003:10:57:24 -0800] "GET /Merchant2/301/health_301_headmenu_r2_c2_f2.jpg HTTP/1.1" 200 2126 "http://www.merchant247.net/Merchant2/merchant.mv?Screen=CTGY&Store_Code=health&Category_Code=301" "Mozilla/4.0 (compatible; MSIE 6.0; Windows 98; .NET CLR 1.0.3705)"
66.190.127.38 - - [09/Feb/2003:10:57:24 -0800] "GET /Merchant2/301/health_301_headmenu_r2_c4_f2.jpg HTTP/1.1" 200 1942 "http://www.merchant247.net/Merchant2/merchant.mv?Screen=CTGY&Store_Code=health&Category_Code=301" "Mozilla/4.0 (compatible; MSIE 6.0; Windows 98; .NET CLR 1.0.3705)"
66.190.127.38 - - [09/Feb/2003:10:57:24 -0800] "GET /Merchant2/301/health_301_headmenu_r2_c6_f2.jpg HTTP/1.1" 200 1175 "http://www.merchant247.net/Merchant2/merchant.mv?Screen=CTGY&Store_Code=health&Category_Code=301" "Mozilla/4.0 (compatible; MSIE 6.0; Windows 98; .NET CLR 1.0.3705)"
66.190.127.38 - - [09/Feb/2003:10:57:24 -0800] "GET /Merchant2/301/health_301_headmenu_r2_c8_f2.jpg HTTP/1.1" 200 1542 "http://www.merchant247.net/Merchant2/merchant.mv?Screen=CTGY&Store_Code=health&Category_Code=301" "Mozilla/4.0 (compatible; MSIE 6.0; Windows 98; .NET CLR 1.0.3705)"
66.190.127.38 - - [09/Feb/2003:10:57:24 -0800] "GET /Merchant2/301/health_301_headmenu_r3_c10_f2.jpg HTTP/1.1" 200 1622 "http://www.merchant247.net/Merchant2/merchant.mv?Screen=CTGY&Store_Code=health&Category_Code=301" "Mozilla/4.0 (compatible; MSIE 6.0; Windows 98; .NET CLR 1.0.3705)"
64.109.103.124 - - [09/Feb/2003:10:58:09 -0800] "GET /Merchant2/graphics/en-US/admin/blank.gif HTTP/1.1" 304 - "http://www.trimspa-diet-pills.com/" "Mozilla/4.0 (compatible; MSIE 6.0; Windows NT 5.1; sbcydsl 3.11; YComp 5.0.0.0; yplus 3.01)"
64.114.95.36 - - [09/Feb/2003:10:59:32 -0800] "GET /Merchant2/201/health_201_headmenu_r4_c10.jpg HTTP/1.1" 404 353 "http://www.merchant247.net/Merchant2/merchant.mv?Screen=CTGY&Store_Code=health&Category_Code=201" "Mozilla/4.0 (compatible; MSIE 5.01; Windows NT 5.0)"
208.23.114.66 - - [09/Feb/2003:11:00:37 -0800] "GET /Merchant2/merchant.mv?Screen=OINF&Store_Code=health HTTP/1.1" 200 2658 "http://www.smoke-away.us/" "Mozilla/4.0 (compatible; MSIE 6.0; Windows 98)"
24.165.104.29 - - [09/Feb/2003:11:00:41 -0800] "GET /Merchant2/graphics/en-US/admin/blank.gif HTTP/1.1" 200 43 "http://www.7-day-smoke-away.net/" "Mozilla/4.0 (compatible; MSIE 6.0; Windows NT 5.1; H010818)"
216.146.123.89 - - [09/Feb/2003:11:01:12 -0800] "GET /Merchant2/graphics/en-US/admin/blank.gif HTTP/1.1" 200 43 "http://www.7-day-smoke-away.net/index.htm" "Mozilla/4.0 (compatible; MSIE 6.0; Windows NT 5.0; T312461; Q312461)"
205.188.209.20 - - [09/Feb/2003:11:01:31 -0800] "GET /Merchant2/merchant.mv?Screen=CTGY&Store_Code=health&Category_Code=202 HTTP/1.0" 200 20062 "http://www.smoke-away.us/index.htm" "Mozilla/4.0 (compatible; MSIE 5.0; AOL 7.0; Windows 98; DigExt)"
205.188.209.41 - - [09/Feb/2003:11:01:35 -0800] "GET /Merchant2/202/health_202_headmenu_r2_c5.jpg HTTP/1.0" 304 - "http://www.merchant247.net/Merchant2/merchant.mv?Screen=CTGY&Store_Code=health&Category_Code=202" "Mozilla/4.0 (compatible; MSIE 5.0; AOL 7.0; Windows 98; DigExt)"
205.188.209.136 - - [09/Feb/2003:11:01:36 -0800] "GET /Merchant2/202/health_202_headmenu_r2_c8.jpg HTTP/1.0" 304 - "http://www.merchant247.net/Merchant2/merchant.mv?Screen=CTGY&Store_Code=health&Category_Code=202" "Mozilla/4.0 (compatible; MSIE 5.0; AOL 7.0; Windows 98; DigExt)"
205.188.209.41 - - [09/Feb/2003:11:01:36 -0800] "GET /Merchant2/202/health_202_headmenu_r2_c9.jpg HTTP/1.0" 304 - "http://www.merchant247.net/Merchant2/merchant.mv?Screen=CTGY&Store_Code=health&Category_Code=202" "Mozilla/4.0 (compatible; MSIE 5.0; AOL 7.0; Windows 98; DigExt)"
205.188.209.40 - - [09/Feb/2003:11:01:37 -0800] "GET /Merchant2/202/health_202_headmenu_r3_c2.jpg HTTP/1.0" 304 - "http://www.merchant247.net/Merchant2/merchant.mv?Screen=CTGY&Store_Code=health&Category_Code=202" "Mozilla/4.0 (compatible; MSIE 5.0; AOL 7.0; Windows 98; DigExt)"
205.188.209.104 - - [09/Feb/2003:11:01:38 -0800] "GET /Merchant2/202/health_202_headmenu_r2_c4_f2.jpg HTTP/1.0" 304 - "http://www.merchant247.net/Merchant2/merchant.mv?Screen=CTGY&Store_Code=health&Category_Code=202" "Mozilla/4.0 (compatible; MSIE 5.0; AOL 7.0; Windows 98; DigExt)"
205.188.209.104 - - [09/Feb/2003:11:01:39 -0800] "GET /Merchant2/202/health_202_headmenu_r2_c9_f2.jpg HTTP/1.0" 304 - "http://www.merchant247.net/Merchant2/merchant.mv?Screen=CTGY&Store_Code=health&Category_Code=202" "Mozilla/4.0 (compatible; MSIE 5.0; AOL 7.0; Windows 98; DigExt)"
216.146.123.89 - - [09/Feb/2003:11:02:05 -0800] "GET /Merchant2/graphics/en-US/admin/blank.gif HTTP/1.1" 304 - "-" "Mozilla/4.0 (compatible; MSIE 6.0; Windows NT 5.0; T312461; Q312461)"
216.146.123.89 - - [09/Feb/2003:11:02:12 -0800] "GET /Merchant2/graphics/en-US/admin/blank.gif HTTP/1.1" 304 - "http://www.7-day-smoke-away.net/ingredients_and_directions.htm" "Mozilla/4.0 (compatible; MSIE 6.0; Windows NT 5.0; T312461; Q312461)"
24.223.17.139 - - [09/Feb/2003:11:02:16 -0800] "GET /Merchant2/graphics/en-US/admin/blank.gif HTTP/1.1" 200 43 "http://www.7-day-smoke-away.net/index.htm" "Mozilla/4.0 (compatible; MSIE 5.5; Windows 98)"
216.146.123.89 - - [09/Feb/2003:11:02:21 -0800] "GET /Merchant2/graphics/en-US/admin/blank.gif HTTP/1.1" 304 - "http://www.7-day-smoke-away.net/ingredients_and_directions.htm" "Mozilla/4.0 (compatible; MSIE 6.0; Windows NT 5.0; T312461; Q312461)"
216.146.123.89 - - [09/Feb/2003:11:02:55 -0800] "GET /Merchant2/graphics/en-US/admin/blank.gif HTTP/1.1" 304 - "-" "Mozilla/4.0 (compatible; MSIE 6.0; Windows NT 5.0; T312461; Q312461)"
24.223.17.139 - - [09/Feb/2003:11:03:04 -0800] "GET /Merchant2/201/spacer.gif HTTP/1.1" 200 43 "http://www.merchant247.net/Merchant2/merchant.mv?Screen=CTGY&Store_Code=health&Category_Code=201" "Mozilla/4.0 (compatible; MSIE 5.5; Windows 98)"
24.223.17.139 - - [09/Feb/2003:11:03:08 -0800] "GET /Merchant2/201/logo_7_day.jpg HTTP/1.1" 200 5243 "http://www.merchant247.net/Merchant2/merchant.mv?Screen=CTGY&Store_Code=health&Category_Code=201" "Mozilla/4.0 (compatible; MSIE 5.5; Windows 98)"
24.223.17.139 - - [09/Feb/2003:11:03:10 -0800] "GET /Merchant2/merchant.mv?Screen=CTGY&Store_Code=health&Category_Code=201 HTTP/1.1" 200 44805 "http://www.7-day-smoke-away.net/index.htm" "Mozilla/4.0 (compatible; MSIE 5.5; Windows 98)"
69.8.16.80 - - [09/Feb/2003:11:03:13 -0800] "GET /Merchant2/graphics/en-US/admin/blank.gif HTTP/1.1" 200 43 "-" "Mozilla/4.0 (compatible; MSIE 6.0; Windows 98)"
24.223.17.139 - - [09/Feb/2003:11:03:16 -0800] "GET /Merchant2/201/health_201_headmenu_r1_c11.jpg HTTP/1.1" 200 344 "http://www.merchant247.net/Merchant2/merchant.mv?Screen=CTGY&Store_Code=health&Category_Code=201" "Mozilla/4.0 (compatible; MSIE 5.5; Windows 98)"
24.223.17.139 - - [09/Feb/2003:11:03:16 -0800] "GET /Merchant2/201/health_201_headmenu_r1_c12.jpg HTTP/1.1" 200 3079 "http://www.merchant247.net/Merchant2/merchant.mv?Screen=CTGY&Store_Code=health&Category_Code=201" "Mozilla/4.0 (compatible; MSIE 5.5; Windows 98)"
24.223.17.139 - - [09/Feb/2003:11:03:17 -0800] "GET /Merchant2/201/health_201_headmenu_r1_c14.jpg HTTP/1.1" 200 5279 "http://www.merchant247.net/Merchant2/merchant.mv?Screen=CTGY&Store_Code=health&Category_Code=201" "Mozilla/4.0 (compatible; MSIE 5.5; Windows 98)"
24.223.17.139 - - [09/Feb/2003:11:03:21 -0800] "GET /Merchant2/201/health_201_headmenu_r2_c1.jpg HTTP/1.1" 200 4168 "http://www.merchant247.net/Merchant2/merchant.mv?Screen=CTGY&Store_Code=health&Category_Code=201" "Mozilla/4.0 (compatible; MSIE 5.5; Windows 98)"
24.223.17.139 - - [09/Feb/2003:11:03:23 -0800] "GET /Merchant2/201/health_201_headmenu_r2_c12.jpg HTTP/1.1" 200 3144 "http://www.merchant247.net/Merchant2/merchant.mv?Screen=CTGY&Store_Code=health&Category_Code=201" "Mozilla/4.0 (compatible; MSIE 5.5; Windows 98)"
24.223.17.139 - - [09/Feb/2003:11:03:27 -0800] "GET /Merchant2/201/health_201_headmenu_r3_c1.jpg HTTP/1.1" 200 430 "http://www.merchant247.net/Merchant2/merchant.mv?Screen=CTGY&Store_Code=health&Category_Code=201" "Mozilla/4.0 (compatible; MSIE 5.5; Windows 98)"
24.223.17.139 - - [09/Feb/2003:11:03:28 -0800] "GET /Merchant2/201/health_201_headmenu_r3_c7.jpg HTTP/1.1" 200 403 "http://www.merchant247.net/Merchant2/merchant.mv?Screen=CTGY&Store_Code=health&Category_Code=201" "Mozilla/4.0 (compatible; MSIE 5.5; Windows 98)"
24.223.17.139 - - [09/Feb/2003:11:03:29 -0800] "GET /Merchant2/201/health_201_headmenu_r4_c1.jpg HTTP/1.1" 200 426 "http://www.merchant247.net/Merchant2/merchant.mv?Screen=CTGY&Store_Code=health&Category_Code=201" "Mozilla/4.0 (compatible; MSIE 5.5; Windows 98)"
24.223.17.139 - - [09/Feb/2003:11:03:29 -0800] "GET /Merchant2/201/health_201_headmenu_r4_c2.jpg HTTP/1.1" 200 685 "http://www.merchant247.net/Merchant2/merchant.mv?Screen=CTGY&Store_Code=health&Category_Code=201" "Mozilla/4.0 (compatible; MSIE 5.5; Windows 98)"
24.223.17.139 - - [09/Feb/2003:11:03:30 -0800] "GET /Merchant2/201/health_201_headmenu_r4_c3.jpg HTTP/1.1" 200 665 "http://www.merchant247.net/Merchant2/merchant.mv?Screen=CTGY&Store_Code=health&Category_Code=201" "Mozilla/4.0 (compatible; MSIE 5.5; Windows 98)"
24.223.17.139 - - [09/Feb/2003:11:03:30 -0800] "GET /Merchant2/201/health_201_headmenu_r4_c4.jpg HTTP/1.1" 200 696 "http://www.merchant247.net/Merchant2/merchant.mv?Screen=CTGY&Store_Code=health&Category_Code=201" "Mozilla/4.0 (compatible; MSIE 5.5; Windows 98)"
24.223.17.139 - - [09/Feb/2003:11:03:31 -0800] "GET /Merchant2/201/health_201_headmenu_r3_c6.jpg HTTP/1.1" 200 2274 "http://www.merchant247.net/Merchant2/merchant.mv?Screen=CTGY&Store_Code=health&Category_Code=201" "Mozilla/4.0 (compatible; MSIE 5.5; Windows 98)"
24.223.17.139 - - [09/Feb/2003:11:03:31 -0800] "GET /Merchant2/201/health_201_headmenu_r4_c5.jpg HTTP/1.1" 200 753 "http://www.merchant247.net/Merchant2/merchant.mv?Screen=CTGY&Store_Code=health&Category_Code=201" "Mozilla/4.0 (compatible; MSIE 5.5; Windows 98)"
24.223.17.139 - - [09/Feb/2003:11:03:33 -0800] "GET /Merchant2/201/health_201_headmenu_r5_c7.jpg HTTP/1.1" 200 737 "http://www.merchant247.net/Merchant2/merchant.mv?Screen=CTGY&Store_Code=health&Category_Code=201" "Mozilla/4.0 (compatible; MSIE 5.5; Windows 98)"
24.223.17.139 - - [09/Feb/2003:11:03:33 -0800] "GET /Merchant2/201/health_201_headmenu_r5_c8.jpg HTTP/1.1" 200 846 "http://www.merchant247.net/Merchant2/merchant.mv?Screen=CTGY&Store_Code=health&Category_Code=201" "Mozilla/4.0 (compatible; MSIE 5.5; Windows 98)"
24.223.17.139 - - [09/Feb/2003:11:03:35 -0800] "GET /Merchant2/201/health_201_headmenu_r5_c9.jpg HTTP/1.1" 200 660 "http://www.merchant247.net/Merchant2/merchant.mv?Screen=CTGY&Store_Code=health&Category_Code=201" "Mozilla/4.0 (compatible; MSIE 5.5; Windows 98)"
24.223.17.139 - - [09/Feb/2003:11:03:35 -0800] "GET /Merchant2/201/health_201_headmenu_r5_c10.jpg HTTP/1.1" 200 1023 "http://www.merchant247.net/Merchant2/merchant.mv?Screen=CTGY&Store_Code=health&Category_Code=201" "Mozilla/4.0 (compatible; MSIE 5.5; Windows 98)"
24.223.17.139 - - [09/Feb/2003:11:03:37 -0800] "GET /Merchant2/201/health_201_headmenu_r5_c13.jpg HTTP/1.1" 200 4116 "http://www.merchant247.net/Merchant2/merchant.mv?Screen=CTGY&Store_Code=health&Category_Code=201" "Mozilla/4.0 (compatible; MSIE 5.5; Windows 98)"
24.223.17.139 - - [09/Feb/2003:11:03:37 -0800] "GET /Merchant2/201/health_201_headmenu_r6_c2.jpg HTTP/1.1" 200 541 "http://www.merchant247.net/Merchant2/merchant.mv?Screen=CTGY&Store_Code=health&Category_Code=201" "Mozilla/4.0 (compatible; MSIE 5.5; Windows 98)"
24.223.17.139 - - [09/Feb/2003:11:03:40 -0800] "GET /Merchant2/201/health_201_headmenu_r7_c10.jpg HTTP/1.1" 200 1382 "http://www.merchant247.net/Merchant2/merchant.mv?Screen=CTGY&Store_Code=health&Category_Code=201" "Mozilla/4.0 (compatible; MSIE 5.5; Windows 98)"
24.223.17.139 - - [09/Feb/2003:11:03:41 -0800] "GET /Merchant2/201/health_201_headmenu_r8_c4.jpg HTTP/1.1" 200 831 "http://www.merchant247.net/Merchant2/merchant.mv?Screen=CTGY&Store_Code=health&Category_Code=201" "Mozilla/4.0 (compatible; MSIE 5.5; Windows 98)"
24.223.17.139 - - [09/Feb/2003:11:03:43 -0800] "GET /Merchant2/201/health_201_headmenu_r7_c8.jpg HTTP/1.1" 200 1017 "http://www.merchant247.net/Merchant2/merchant.mv?Screen=CTGY&Store_Code=health&Category_Code=201" "Mozilla/4.0 (compatible; MSIE 5.5; Windows 98)"
24.223.17.139 - - [09/Feb/2003:11:03:43 -0800] "GET /Merchant2/201/health_201_headmenu_r9_c6.jpg HTTP/1.1" 200 1812 "http://www.merchant247.net/Merchant2/merchant.mv?Screen=CTGY&Store_Code=health&Category_Code=201" "Mozilla/4.0 (compatible; MSIE 5.5; Windows 98)"
24.223.17.139 - - [09/Feb/2003:11:03:45 -0800] "GET /Merchant2/201/health_201_headmenu_r4_c10.jpg HTTP/1.1" 404 353 "http://www.merchant247.net/Merchant2/merchant.mv?Screen=CTGY&Store_Code=health&Category_Code=201" "Mozilla/4.0 (compatible; MSIE 5.5; Windows 98)"
24.223.17.139 - - [09/Feb/2003:11:03:46 -0800] "GET /Merchant2/201/free_shipping.jpg HTTP/1.1" 200 3033 "http://www.merchant247.net/Merchant2/merchant.mv?Screen=CTGY&Store_Code=health&Category_Code=201" "Mozilla/4.0 (compatible; MSIE 5.5; Windows 98)"
24.223.17.139 - - [09/Feb/2003:11:03:49 -0800] "GET /Merchant2/201/health_201_headmenu_r3_c6_f2.jpg HTTP/1.1" 200 2672 "http://www.merchant247.net/Merchant2/merchant.mv?Screen=CTGY&Store_Code=health&Category_Code=201" "Mozilla/4.0 (compatible; MSIE 5.5; Windows 98)"
24.223.17.139 - - [09/Feb/2003:11:03:49 -0800] "GET /Merchant2/201/health_201_headmenu_r4_c4_f2.jpg HTTP/1.1" 200 784 "http://www.merchant247.net/Merchant2/merchant.mv?Screen=CTGY&Store_Code=health&Category_Code=201" "Mozilla/4.0 (compatible; MSIE 5.5; Windows 98)"
24.223.17.139 - - [09/Feb/2003:11:03:52 -0800] "GET /Merchant2/201/health_201_headmenu_r5_c8_f2.jpg HTTP/1.1" 200 971 "http://www.merchant247.net/Merchant2/merchant.mv?Screen=CTGY&Store_Code=health&Category_Code=201" "Mozilla/4.0 (compatible; MSIE 5.5; Windows 98)"
24.223.17.139 - - [09/Feb/2003:11:03:52 -0800] "GET /Merchant2/201/health_201_headmenu_r4_c2_f2.jpg HTTP/1.1" 200 770 "http://www.merchant247.net/Merchant2/merchant.mv?Screen=CTGY&Store_Code=health&Category_Code=201" "Mozilla/4.0 (compatible; MSIE 5.5; Windows 98)"
24.223.17.139 - - [09/Feb/2003:11:03:54 -0800] "GET /Merchant2/201/health_201_headmenu_r5_c10_f2.jpg HTTP/1.1" 200 1175 "http://www.merchant247.net/Merchant2/merchant.mv?Screen=CTGY&Store_Code=health&Category_Code=201" "Mozilla/4.0 (compatible; MSIE 5.5; Windows 98)"
24.223.17.139 - - [09/Feb/2003:11:04:19 -0800] "POST /Merchant2/merchant.mv? HTTP/1.1" 200 14069 "http://www.merchant247.net/Merchant2/merchant.mv?Screen=CTGY&Store_Code=health&Category_Code=201" "Mozilla/4.0 (compatible; MSIE 5.5; Windows 98)"
209.181.61.74 - - [09/Feb/2003:11:04:25 -0800] "GET /Merchant2/graphics/en-US/admin/blank.gif HTTP/1.1" 200 43 "http://www.7-day-smoke-away.net/" "Mozilla/4.0 (compatible; MSIE 6.0; Windows NT 5.0)"
