12.251.63.11 - - [09/Feb/2003:15:44:40 -0800] "GET /Merchant2/301/health_301_headmenu_r3_c9.jpg HTTP/1.1" 200 346 "http://www.merchant247.net/Merchant2/merchant.mv?Screen=CTGY&Store_Code=health&Category_Code=301" "Mozilla/4.0 (compatible; MSIE 6.0; Windows 98; Win 9x 4.90; MSOCD)"
12.251.63.11 - - [09/Feb/2003:15:44:40 -0800] "GET /Merchant2/301/health_301_headmenu_r3_c10.jpg HTTP/1.1" 200 1611 "http://www.merchant247.net/Merchant2/merchant.mv?Screen=CTGY&Store_Code=health&Category_Code=301" "Mozilla/4.0 (compatible; MSIE 6.0; Windows 98; Win 9x 4.90; MSOCD)"
207.90.97.107 - - [09/Feb/2003:15:44:40 -0800] "GET /Merchant2/graphics/en-US/admin/blank.gif HTTP/1.1" 200 43 "http://www.7-day-smoke-away.net/" "Mozilla/4.0 (compatible; MSIE 6.0; Windows NT 5.1; Q312461; Hotbar 4.2.4.0)"
12.251.63.11 - - [09/Feb/2003:15:44:40 -0800] "GET /Merchant2/301/health_301_headmenu_r3_c12.jpg HTTP/1.1" 200 359 "http://www.merchant247.net/Merchant2/merchant.mv?Screen=CTGY&Store_Code=health&Category_Code=301" "Mozilla/4.0 (compatible; MSIE 6.0; Windows 98; Win 9x 4.90; MSOCD)"
12.251.63.11 - - [09/Feb/2003:15:44:40 -0800] "GET /Merchant2/301/health_301_headmenu_r4_c2.jpg HTTP/1.1" 200 1248 "http://www.merchant247.net/Merchant2/merchant.mv?Screen=CTGY&Store_Code=health&Category_Code=301" "Mozilla/4.0 (compatible; MSIE 6.0; Windows 98; Win 9x 4.90; MSOCD)"
12.251.63.11 - - [09/Feb/2003:15:44:40 -0800] "GET /Merchant2/301/health_301_headmenu_r4_c6.jpg HTTP/1.1" 200 789 "http://www.merchant247.net/Merchant2/merchant.mv?Screen=CTGY&Store_Code=health&Category_Code=301" "Mozilla/4.0 (compatible; MSIE 6.0; Windows 98; Win 9x 4.90; MSOCD)"
12.251.63.11 - - [09/Feb/2003:15:44:40 -0800] "GET /Merchant2/301/health_301_headmenu_r5_c4.jpg HTTP/1.1" 200 1204 "http://www.merchant247.net/Merchant2/merchant.mv?Screen=CTGY&Store_Code=health&Category_Code=301" "Mozilla/4.0 (compatible; MSIE 6.0; Windows 98; Win 9x 4.90; MSOCD)"
12.251.63.11 - - [09/Feb/2003:15:44:40 -0800] "GET /Merchant2/301/health_301_headmenu_r5_c8.jpg HTTP/1.1" 200 1002 "http://www.merchant247.net/Merchant2/merchant.mv?Screen=CTGY&Store_Code=health&Category_Code=301" "Mozilla/4.0 (compatible; MSIE 6.0; Windows 98; Win 9x 4.90; MSOCD)"
12.251.63.11 - - [09/Feb/2003:15:44:40 -0800] "GET /Merchant2/301/health_301_headmenu_r6_c10.jpg HTTP/1.1" 200 304 "http://www.merchant247.net/Merchant2/merchant.mv?Screen=CTGY&Store_Code=health&Category_Code=301" "Mozilla/4.0 (compatible; MSIE 6.0; Windows 98; Win 9x 4.90; MSOCD)"
12.251.63.11 - - [09/Feb/2003:15:44:41 -0800] "GET /Merchant2/301/health_301_headmenu_r7_c1.jpg HTTP/1.1" 200 419 "http://www.merchant247.net/Merchant2/merchant.mv?Screen=CTGY&Store_Code=health&Category_Code=301" "Mozilla/4.0 (compatible; MSIE 6.0; Windows 98; Win 9x 4.90; MSOCD)"
12.251.63.11 - - [09/Feb/2003:15:44:41 -0800] "GET /Merchant2/301/health_301_headmenu_r7_c10.jpg HTTP/1.1" 200 296 "http://www.merchant247.net/Merchant2/merchant.mv?Screen=CTGY&Store_Code=health&Category_Code=301" "Mozilla/4.0 (compatible; MSIE 6.0; Windows 98; Win 9x 4.90; MSOCD)"
12.251.63.11 - - [09/Feb/2003:15:44:41 -0800] "GET /Merchant2/301/health_301_headmenu_r7_c11.jpg HTTP/1.1" 200 377 "http://www.merchant247.net/Merchant2/merchant.mv?Screen=CTGY&Store_Code=health&Category_Code=301" "Mozilla/4.0 (compatible; MSIE 6.0; Windows 98; Win 9x 4.90; MSOCD)"
12.251.63.11 - - [09/Feb/2003:15:44:41 -0800] "GET /Merchant2/301/health_301_headmenu_r2_c2_f2.jpg HTTP/1.1" 200 2126 "http://www.merchant247.net/Merchant2/merchant.mv?Screen=CTGY&Store_Code=health&Category_Code=301" "Mozilla/4.0 (compatible; MSIE 6.0; Windows 98; Win 9x 4.90; MSOCD)"
12.251.63.11 - - [09/Feb/2003:15:44:41 -0800] "GET /Merchant2/301/health_301_headmenu_r2_c4_f2.jpg HTTP/1.1" 200 1942 "http://www.merchant247.net/Merchant2/merchant.mv?Screen=CTGY&Store_Code=health&Category_Code=301" "Mozilla/4.0 (compatible; MSIE 6.0; Windows 98; Win 9x 4.90; MSOCD)"
12.251.63.11 - - [09/Feb/2003:15:44:41 -0800] "GET /Merchant2/301/health_301_headmenu_r2_c6_f2.jpg HTTP/1.1" 200 1175 "http://www.merchant247.net/Merchant2/merchant.mv?Screen=CTGY&Store_Code=health&Category_Code=301" "Mozilla/4.0 (compatible; MSIE 6.0; Windows 98; Win 9x 4.90; MSOCD)"
12.251.63.11 - - [09/Feb/2003:15:44:41 -0800] "GET /Merchant2/301/health_301_headmenu_r2_c8_f2.jpg HTTP/1.1" 200 1542 "http://www.merchant247.net/Merchant2/merchant.mv?Screen=CTGY&Store_Code=health&Category_Code=301" "Mozilla/4.0 (compatible; MSIE 6.0; Windows 98; Win 9x 4.90; MSOCD)"
12.251.63.11 - - [09/Feb/2003:15:44:41 -0800] "GET /Merchant2/301/health_301_headmenu_r3_c10_f2.jpg HTTP/1.1" 200 1622 "http://www.merchant247.net/Merchant2/merchant.mv?Screen=CTGY&Store_Code=health&Category_Code=301" "Mozilla/4.0 (compatible; MSIE 6.0; Windows 98; Win 9x 4.90; MSOCD)"
12.251.63.11 - - [09/Feb/2003:15:45:11 -0800] "GET /Merchant2/graphics/en-US/admin/blank.gif HTTP/1.1" 200 43 "http://www.trimspa-diet-pills.com/" "Mozilla/4.0 (compatible; MSIE 6.0; Windows 98; Win 9x 4.90; MSOCD)"
64.12.105.22 - - [09/Feb/2003:15:45:20 -0800] "GET /Merchant2/merchant.mv?Screen=CTGY&Store_Code=health&Category_Code=99 HTTP/1.0" 200 19710 "http://www.miraclebust.com/" "Mozilla/4.0 (compatible; MSIE 6.0; AOL 8.0; Windows NT 5.1)"
64.12.96.134 - - [09/Feb/2003:15:45:31 -0800] "GET /Merchant2/99/health_99_headmenu_r2_c17.jpg HTTP/1.1" 200 321 "http://www.merchant247.net/Merchant2/merchant.mv?Screen=CTGY&Store_Code=health&Category_Code=99" "Mozilla/4.0 (compatible; MSIE 6.0; AOL 8.0; Windows NT 5.1)"
64.12.96.106 - - [09/Feb/2003:15:45:31 -0800] "GET /Merchant2/99/health_99_headmenu_r3_c2.jpg HTTP/1.1" 304 - "http://www.merchant247.net/Merchant2/merchant.mv?Screen=CTGY&Store_Code=health&Category_Code=99" "Mozilla/4.0 (compatible; MSIE 6.0; AOL 8.0; Windows NT 5.1)"
64.12.96.106 - - [09/Feb/2003:15:45:31 -0800] "GET /Merchant2/99/health_99_headmenu_r3_c4.jpg HTTP/1.1" 304 - "http://www.merchant247.net/Merchant2/merchant.mv?Screen=CTGY&Store_Code=health&Category_Code=99" "Mozilla/4.0 (compatible; MSIE 6.0; AOL 8.0; Windows NT 5.1)"
64.12.96.202 - - [09/Feb/2003:15:45:33 -0800] "GET /Merchant2/99/health_99_headmenu_r3_c14.jpg HTTP/1.0" 304 - "http://www.merchant247.net/Merchant2/merchant.mv?Screen=CTGY&Store_Code=health&Category_Code=99" "Mozilla/4.0 (compatible; MSIE 6.0; AOL 8.0; Windows NT 5.1)"
64.12.96.166 - - [09/Feb/2003:15:45:34 -0800] "GET /Merchant2/99/health_99_headmenu_r3_c9.jpg HTTP/1.0" 200 1180 "http://www.merchant247.net/Merchant2/merchant.mv?Screen=CTGY&Store_Code=health&Category_Code=99" "Mozilla/4.0 (compatible; MSIE 6.0; AOL 8.0; Windows NT 5.1)"
64.12.96.231 - - [09/Feb/2003:15:45:37 -0800] "GET /Merchant2/99/left/health_99_leftmenu_r1_c4.jpg HTTP/1.1" 304 - "http://www.merchant247.net/Merchant2/merchant.mv?Screen=CTGY&Store_Code=health&Category_Code=99" "Mozilla/4.0 (compatible; MSIE 6.0; AOL 8.0; Windows NT 5.1)"
64.12.96.231 - - [09/Feb/2003:15:45:37 -0800] "GET /Merchant2/99/left/health_99_leftmenu_r2_c1.jpg HTTP/1.1" 304 - "http://www.merchant247.net/Merchant2/merchant.mv?Screen=CTGY&Store_Code=health&Category_Code=99" "Mozilla/4.0 (compatible; MSIE 6.0; AOL 8.0; Windows NT 5.1)"
216.8.156.28 - - [09/Feb/2003:15:45:48 -0800] "POST /Merchant2/merchant.mv? HTTP/1.1" 200 14077 "http://www.merchant247.net/Merchant2/merchant.mv?Screen=CTGY&Store_Code=health&Category_Code=201" "Mozilla/4.0 (compatible; MSIE 5.5; Windows 98; Win 9x 4.90; Hotbar 4.1.8.0)"
68.66.2.107 - - [09/Feb/2003:15:46:02 -0800] "GET /Merchant2/graphics/en-US/admin/blank.gif HTTP/1.1" 200 43 "http://www.trimspa-diet-pills.com/" "Mozilla/4.0 (compatible; MSIE 6.0; Windows 98; Win 9x 4.90)"
216.8.156.28 - - [09/Feb/2003:15:47:07 -0800] "GET /Merchant2/201/health_201_headmenu_r5_c8_f2.jpg HTTP/1.1" 200 971 "http://www.merchant247.net/Merchant2/merchant.mv?" "Mozilla/4.0 (compatible; MSIE 5.5; Windows 98; Win 9x 4.90; Hotbar 4.1.8.0)"
205.188.209.20 - - [09/Feb/2003:15:47:22 -0800] "GET /Merchant2/merchant.mv?Screen=CTGY&Store_Code=health&Category_Code=202 HTTP/1.0" 200 20061 "http://www.smoke-away.us/facts.htm" "Mozilla/4.0 (compatible; MSIE 5.5; AOL 8.0; Windows 98)"
205.188.208.70 - - [09/Feb/2003:15:47:23 -0800] "GET /Merchant2/202/health_202_headmenu_r2_c1.jpg HTTP/1.0" 200 1687 "http://www.merchant247.net/Merchant2/merchant.mv?Screen=CTGY&Store_Code=health&Category_Code=202" "Mozilla/4.0 (compatible; MSIE 5.5; AOL 8.0; Windows 98)"
205.188.209.44 - - [09/Feb/2003:15:47:24 -0800] "GET /Merchant2/202/health_202_headmenu_r2_c11.jpg HTTP/1.0" 200 375 "http://www.merchant247.net/Merchant2/merchant.mv?Screen=CTGY&Store_Code=health&Category_Code=202" "Mozilla/4.0 (compatible; MSIE 5.5; AOL 8.0; Windows 98)"
205.188.209.40 - - [09/Feb/2003:15:47:25 -0800] "GET /Merchant2/202/health_202_headmenu_r3_c2.jpg HTTP/1.0" 200 1332 "http://www.merchant247.net/Merchant2/merchant.mv?Screen=CTGY&Store_Code=health&Category_Code=202" "Mozilla/4.0 (compatible; MSIE 5.5; AOL 8.0; Windows 98)"
205.188.209.41 - - [09/Feb/2003:15:47:25 -0800] "GET /Merchant2/202/health_202_headmenu_r2_c9.jpg HTTP/1.0" 200 1076 "http://www.merchant247.net/Merchant2/merchant.mv?Screen=CTGY&Store_Code=health&Category_Code=202" "Mozilla/4.0 (compatible; MSIE 5.5; AOL 8.0; Windows 98)"
205.188.209.41 - - [09/Feb/2003:15:47:25 -0800] "GET /Merchant2/202/health_202_headmenu_r2_c5.jpg HTTP/1.0" 200 1267 "http://www.merchant247.net/Merchant2/merchant.mv?Screen=CTGY&Store_Code=health&Category_Code=202" "Mozilla/4.0 (compatible; MSIE 5.5; AOL 8.0; Windows 98)"
205.188.209.40 - - [09/Feb/2003:15:47:25 -0800] "GET /Merchant2/202/health_202_headmenu_r1_c1.jpg HTTP/1.0" 200 17218 "http://www.merchant247.net/Merchant2/merchant.mv?Screen=CTGY&Store_Code=health&Category_Code=202" "Mozilla/4.0 (compatible; MSIE 5.5; AOL 8.0; Windows 98)"
205.188.209.11 - - [09/Feb/2003:15:47:26 -0800] "GET /Merchant2/202/health_202_headmenu_r2_c2_f2.jpg HTTP/1.0" 200 1121 "http://www.merchant247.net/Merchant2/merchant.mv?Screen=CTGY&Store_Code=health&Category_Code=202" "Mozilla/4.0 (compatible; MSIE 5.5; AOL 8.0; Windows 98)"
205.188.208.43 - - [09/Feb/2003:15:47:26 -0800] "GET /Merchant2/202/health_202_headmenu_r2_c5_f2.jpg HTTP/1.0" 304 - "http://www.merchant247.net/Merchant2/merchant.mv?Screen=CTGY&Store_Code=health&Category_Code=202" "Mozilla/4.0 (compatible; MSIE 5.5; AOL 8.0; Windows 98)"
205.188.209.104 - - [09/Feb/2003:15:47:26 -0800] "GET /Merchant2/202/health_202_headmenu_r2_c9_f2.jpg HTTP/1.0" 200 1275 "http://www.merchant247.net/Merchant2/merchant.mv?Screen=CTGY&Store_Code=health&Category_Code=202" "Mozilla/4.0 (compatible; MSIE 5.5; AOL 8.0; Windows 98)"
216.8.156.28 - - [09/Feb/2003:15:47:44 -0800] "GET /Merchant2/merchant.mv?Screen=OINF&Store_Code=health HTTP/1.1" 200 45132 "http://www.merchant247.net/Merchant2/merchant.mv?" "Mozilla/4.0 (compatible; MSIE 5.5; Windows 98; Win 9x 4.90; Hotbar 4.1.8.0)"
156.39.248.102 - - [09/Feb/2003:15:47:51 -0800] "GET /Merchant2/graphics/en-US/admin/blank.gif HTTP/1.1" 200 43 "http://www.7-day-smoke-away.net/" "Mozilla/4.0 (compatible; MSIE 4.01; Windows NT)"
206.107.157.242 - - [09/Feb/2003:15:47:52 -0800] "GET /Merchant2/graphics/en-US/admin/blank.gif HTTP/1.1" 200 43 "http://www.7-day-smoke-away.net/" "Mozilla/4.0 (compatible; MSIE 6.0; Windows NT 5.0; YComp 5.0.0.0)"
207.90.97.107 - - [09/Feb/2003:15:48:56 -0800] "GET /Merchant2/96/header/spacer.gif HTTP/1.1" 200 43 "http://www.merchant247.net/Merchant2/merchant.mv?Screen=CTGY&Store_Code=health&Category_Code=96" "Mozilla/4.0 (compatible; MSIE 6.0; Windows NT 5.1; Q312461; Hotbar 4.2.4.0)"
207.90.97.107 - - [09/Feb/2003:15:48:56 -0800] "GET /Merchant2/merchant.mv?Screen=CTGY&Store_Code=health&Category_Code=96 HTTP/1.1" 200 23822 "http://www.miraclebust-natural-breast-enlargement.com/index.htm" "Mozilla/4.0 (compatible; MSIE 6.0; Windows NT 5.1; Q312461; Hotbar 4.2.4.0)"
207.90.97.107 - - [09/Feb/2003:15:48:57 -0800] "GET /Merchant2/96/header/health_96_r1_c1.jpg HTTP/1.1" 200 10423 "http://www.merchant247.net/Merchant2/merchant.mv?Screen=CTGY&Store_Code=health&Category_Code=96" "Mozilla/4.0 (compatible; MSIE 6.0; Windows NT 5.1; Q312461; Hotbar 4.2.4.0)"
207.90.97.107 - - [09/Feb/2003:15:49:00 -0800] "GET /Merchant2/96/header/health_96_r2_c1.jpg HTTP/1.1" 200 1224 "http://www.merchant247.net/Merchant2/merchant.mv?Screen=CTGY&Store_Code=health&Category_Code=96" "Mozilla/4.0 (compatible; MSIE 6.0; Windows NT 5.1; Q312461; Hotbar 4.2.4.0)"
209.173.184.126 - - [09/Feb/2003:15:49:00 -0800] "GET /Merchant2/graphics/en-US/admin/blank.gif HTTP/1.1" 200 43 "http://www.trimspa-diet-pills.com/" "Mozilla/4.0 (compatible; MSIE 5.5; Windows 95; YComp 5.0.2.4)"
207.90.97.107 - - [09/Feb/2003:15:49:03 -0800] "GET /Merchant2/96/header/health_96_r2_c2.jpg HTTP/1.1" 200 1376 "http://www.merchant247.net/Merchant2/merchant.mv?Screen=CTGY&Store_Code=health&Category_Code=96" "Mozilla/4.0 (compatible; MSIE 6.0; Windows NT 5.1; Q312461; Hotbar 4.2.4.0)"
207.90.97.107 - - [09/Feb/2003:15:49:04 -0800] "GET /Merchant2/96/header/health_96_r2_c3.jpg HTTP/1.1" 200 351 "http://www.merchant247.net/Merchant2/merchant.mv?Screen=CTGY&Store_Code=health&Category_Code=96" "Mozilla/4.0 (compatible; MSIE 6.0; Windows NT 5.1; Q312461; Hotbar 4.2.4.0)"
207.90.97.107 - - [09/Feb/2003:15:49:04 -0800] "GET /Merchant2/96/header/health_96_r2_c4.jpg HTTP/1.1" 200 1085 "http://www.merchant247.net/Merchant2/merchant.mv?Screen=CTGY&Store_Code=health&Category_Code=96" "Mozilla/4.0 (compatible; MSIE 6.0; Windows NT 5.1; Q312461; Hotbar 4.2.4.0)"
207.90.97.107 - - [09/Feb/2003:15:49:05 -0800] "GET /Merchant2/96/header/health_96_r2_c5.jpg HTTP/1.1" 200 446 "http://www.merchant247.net/Merchant2/merchant.mv?Screen=CTGY&Store_Code=health&Category_Code=96" "Mozilla/4.0 (compatible; MSIE 6.0; Windows NT 5.1; Q312461; Hotbar 4.2.4.0)"
207.90.97.107 - - [09/Feb/2003:15:49:05 -0800] "GET /Merchant2/96/header/health_96_r3_c2.jpg HTTP/1.1" 200 406 "http://www.merchant247.net/Merchant2/merchant.mv?Screen=CTGY&Store_Code=health&Category_Code=96" "Mozilla/4.0 (compatible; MSIE 6.0; Windows NT 5.1; Q312461; Hotbar 4.2.4.0)"
207.90.97.107 - - [09/Feb/2003:15:49:06 -0800] "GET /Merchant2/96/header/health_96_r3_c4.jpg HTTP/1.1" 200 381 "http://www.merchant247.net/Merchant2/merchant.mv?Screen=CTGY&Store_Code=health&Category_Code=96" "Mozilla/4.0 (compatible; MSIE 6.0; Windows NT 5.1; Q312461; Hotbar 4.2.4.0)"
207.90.97.107 - - [09/Feb/2003:15:49:06 -0800] "GET /Merchant2/96/spacer.gif HTTP/1.1" 200 43 "http://www.merchant247.net/Merchant2/merchant.mv?Screen=CTGY&Store_Code=health&Category_Code=96" "Mozilla/4.0 (compatible; MSIE 6.0; Windows NT 5.1; Q312461; Hotbar 4.2.4.0)"
207.90.97.107 - - [09/Feb/2003:15:49:07 -0800] "GET /Merchant2/96/health_96_r1_c1.jpg HTTP/1.1" 200 649 "http://www.merchant247.net/Merchant2/merchant.mv?Screen=CTGY&Store_Code=health&Category_Code=96" "Mozilla/4.0 (compatible; MSIE 6.0; Windows NT 5.1; Q312461; Hotbar 4.2.4.0)"
207.90.97.107 - - [09/Feb/2003:15:49:07 -0800] "GET /Merchant2/96/health_96_r2_c1.jpg HTTP/1.1" 200 731 "http://www.merchant247.net/Merchant2/merchant.mv?Screen=CTGY&Store_Code=health&Category_Code=96" "Mozilla/4.0 (compatible; MSIE 6.0; Windows NT 5.1; Q312461; Hotbar 4.2.4.0)"
207.90.97.107 - - [09/Feb/2003:15:49:08 -0800] "GET /Merchant2/96/health_96_r2_c2_f3.jpg HTTP/1.1" 200 1050 "http://www.merchant247.net/Merchant2/merchant.mv?Screen=CTGY&Store_Code=health&Category_Code=96" "Mozilla/4.0 (compatible; MSIE 6.0; Windows NT 5.1; Q312461; Hotbar 4.2.4.0)"
207.90.97.107 - - [09/Feb/2003:15:49:08 -0800] "GET /Merchant2/96/health_96_r2_c3.jpg HTTP/1.1" 200 1387 "http://www.merchant247.net/Merchant2/merchant.mv?Screen=CTGY&Store_Code=health&Category_Code=96" "Mozilla/4.0 (compatible; MSIE 6.0; Windows NT 5.1; Q312461; Hotbar 4.2.4.0)"
207.90.97.107 - - [09/Feb/2003:15:49:09 -0800] "GET /Merchant2/96/health_96_r3_c2.jpg HTTP/1.1" 200 668 "http://www.merchant247.net/Merchant2/merchant.mv?Screen=CTGY&Store_Code=health&Category_Code=96" "Mozilla/4.0 (compatible; MSIE 6.0; Windows NT 5.1; Q312461; Hotbar 4.2.4.0)"
207.90.97.107 - - [09/Feb/2003:15:49:10 -0800] "GET /Merchant2/96/health_96_r4_c2.jpg HTTP/1.1" 200 1423 "http://www.merchant247.net/Merchant2/merchant.mv?Screen=CTGY&Store_Code=health&Category_Code=96" "Mozilla/4.0 (compatible; MSIE 6.0; Windows NT 5.1; Q312461; Hotbar 4.2.4.0)"
207.90.97.107 - - [09/Feb/2003:15:49:10 -0800] "GET /Merchant2/96/health_96_r5_c2.jpg HTTP/1.1" 200 553 "http://www.merchant247.net/Merchant2/merchant.mv?Screen=CTGY&Store_Code=health&Category_Code=96" "Mozilla/4.0 (compatible; MSIE 6.0; Windows NT 5.1; Q312461; Hotbar 4.2.4.0)"
207.90.97.107 - - [09/Feb/2003:15:49:11 -0800] "GET /Merchant2/96/health_96_r6_c2.jpg HTTP/1.1" 200 880 "http://www.merchant247.net/Merchant2/merchant.mv?Screen=CTGY&Store_Code=health&Category_Code=96" "Mozilla/4.0 (compatible; MSIE 6.0; Windows NT 5.1; Q312461; Hotbar 4.2.4.0)"
207.90.97.107 - - [09/Feb/2003:15:49:11 -0800] "GET /Merchant2/96/health_96_r7_c2.jpg HTTP/1.1" 200 560 "http://www.merchant247.net/Merchant2/merchant.mv?Screen=CTGY&Store_Code=health&Category_Code=96" "Mozilla/4.0 (compatible; MSIE 6.0; Windows NT 5.1; Q312461; Hotbar 4.2.4.0)"
207.90.97.107 - - [09/Feb/2003:15:49:12 -0800] "GET /Merchant2/96/health_96_r8_c2.jpg HTTP/1.1" 200 1040 "http://www.merchant247.net/Merchant2/merchant.mv?Screen=CTGY&Store_Code=health&Category_Code=96" "Mozilla/4.0 (compatible; MSIE 6.0; Windows NT 5.1; Q312461; Hotbar 4.2.4.0)"
207.90.97.107 - - [09/Feb/2003:15:49:12 -0800] "GET /Merchant2/96/health_96_r9_c2.jpg HTTP/1.1" 200 553 "http://www.merchant247.net/Merchant2/merchant.mv?Screen=CTGY&Store_Code=health&Category_Code=96" "Mozilla/4.0 (compatible; MSIE 6.0; Windows NT 5.1; Q312461; Hotbar 4.2.4.0)"
207.90.97.107 - - [09/Feb/2003:15:49:13 -0800] "GET /Merchant2/96/health_96_r10_c2.jpg HTTP/1.1" 200 1325 "http://www.merchant247.net/Merchant2/merchant.mv?Screen=CTGY&Store_Code=health&Category_Code=96" "Mozilla/4.0 (compatible; MSIE 6.0; Windows NT 5.1; Q312461; Hotbar 4.2.4.0)"
207.90.97.107 - - [09/Feb/2003:15:49:13 -0800] "GET /Merchant2/96/health_96_r11_c2.jpg HTTP/1.1" 200 1677 "http://www.merchant247.net/Merchant2/merchant.mv?Screen=CTGY&Store_Code=health&Category_Code=96" "Mozilla/4.0 (compatible; MSIE 6.0; Windows NT 5.1; Q312461; Hotbar 4.2.4.0)"
207.90.97.107 - - [09/Feb/2003:15:49:14 -0800] "GET /Merchant2/graphics/00000001/order_now.gif HTTP/1.1" 200 4294 "http://www.merchant247.net/Merchant2/merchant.mv?Screen=CTGY&Store_Code=health&Category_Code=96" "Mozilla/4.0 (compatible; MSIE 6.0; Windows NT 5.1; Q312461; Hotbar 4.2.4.0)"
207.90.97.107 - - [09/Feb/2003:15:49:16 -0800] "GET /Merchant2/96/header/health_96_r2_c2_f2.jpg HTTP/1.1" 200 2250 "http://www.merchant247.net/Merchant2/merchant.mv?Screen=CTGY&Store_Code=health&Category_Code=96" "Mozilla/4.0 (compatible; MSIE 6.0; Windows NT 5.1; Q312461; Hotbar 4.2.4.0)"
207.90.97.107 - - [09/Feb/2003:15:49:16 -0800] "GET /Merchant2/96/header/health_96_r2_c4_f2.jpg HTTP/1.1" 200 1710 "http://www.merchant247.net/Merchant2/merchant.mv?Screen=CTGY&Store_Code=health&Category_Code=96" "Mozilla/4.0 (compatible; MSIE 6.0; Windows NT 5.1; Q312461; Hotbar 4.2.4.0)"
67.84.86.31 - - [09/Feb/2003:15:51:26 -0800] "GET /Merchant2/graphics/en-US/admin/blank.gif HTTP/1.1" 200 43 "http://www.trimspa-diet-pills.com/" "Mozilla/4.0 (compatible; MSIE 6.0; Windows NT 5.1)"
209.94.191.49 - - [09/Feb/2003:15:52:10 -0800] "GET /Merchant2/graphics/en-US/admin/blank.gif HTTP/1.1" 200 43 "http://www.7-day-smoke-away.net/" "Mozilla/4.0 (compatible; MSIE 6.0; Windows 98; Win 9x 4.90; Q312461)"
65.37.67.130 - - [09/Feb/2003:15:52:16 -0800] "GET /Merchant2/graphics/en-US/admin/blank.gif HTTP/1.1" 200 43 "http://www.7-day-smoke-away.net/index.htm" "Mozilla/4.0 (compatible; MSIE 5.5; Windows 98; Win 9x 4.90)"
24.210.213.21 - - [09/Feb/2003:15:52:52 -0800] "GET /Merchant2/graphics/en-US/admin/blank.gif HTTP/1.1" 200 43 "http://www.trimspa-diet-pills.com/" "Mozilla/4.0 (compatible; MSIE 6.0; Windows 98; Win 9x 4.90; T312461; .NET CLR 1.0.3705)"
63.15.241.95 - - [09/Feb/2003:15:53:33 -0800] "GET /Merchant2/graphics/en-US/admin/blank.gif HTTP/1.1" 200 43 "http://www.7-day-smoke-away.net/" "Mozilla/4.0 (compatible; MSIE 6.0; Windows 98; Win 9x 4.90)"
63.229.152.86 - - [09/Feb/2003:15:54:44 -0800] "GET /Merchant2/graphics/en-US/admin/blank.gif HTTP/1.1" 200 43 "http://www.trimspa-diet-pills.com/" "Mozilla/4.0 (compatible; MSIE 6.0; Windows NT 5.1; .NET CLR 1.0.3705)"
65.59.70.228 - - [09/Feb/2003:15:55:21 -0800] "GET /Merchant2/graphics/en-US/admin/blank.gif HTTP/1.1" 200 43 "http://www.7-day-smoke-away.net/" "Mozilla/4.0 (compatible; MSIE 5.5; Windows 98)"
198.81.19.42 - - [09/Feb/2003:15:55:23 -0800] "GET /Merchant2/merchant.mv?Screen=CTGY&Store_Code=health&Category_Code=203 HTTP/1.0" 200 25419 "http://www.radiodealsonline.com/" "Mozilla/4.0 (compatible; MSIE 6.0; AOL 8.0; Windows 98)"
198.81.26.174 - - [09/Feb/2003:15:55:23 -0800] "GET /Merchant2/203/spacer.gif HTTP/1.0" 200 43 "http://www.merchant247.net/Merchant2/merchant.mv?Screen=CTGY&Store_Code=health&Category_Code=203" "Mozilla/4.0 (compatible; MSIE 6.0; AOL 8.0; Windows 98)"
198.81.26.198 - - [09/Feb/2003:15:55:24 -0800] "GET /Merchant2/203/health_203_headmenu_r2_c2.jpg HTTP/1.0" 200 1234 "http://www.merchant247.net/Merchant2/merchant.mv?Screen=CTGY&Store_Code=health&Category_Code=203" "Mozilla/4.0 (compatible; MSIE 6.0; AOL 8.0; Windows 98)"
198.81.26.198 - - [09/Feb/2003:15:55:24 -0800] "GET /Merchant2/203/health_203_headmenu_r2_c3.jpg HTTP/1.0" 200 337 "http://www.merchant247.net/Merchant2/merchant.mv?Screen=CTGY&Store_Code=health&Category_Code=203" "Mozilla/4.0 (compatible; MSIE 6.0; AOL 8.0; Windows 98)"
198.81.26.198 - - [09/Feb/2003:15:55:24 -0800] "GET /Merchant2/203/health_203_headmenu_r2_c5.jpg HTTP/1.0" 200 381 "http://www.merchant247.net/Merchant2/merchant.mv?Screen=CTGY&Store_Code=health&Category_Code=203" "Mozilla/4.0 (compatible; MSIE 6.0; AOL 8.0; Windows 98)"
198.81.26.240 - - [09/Feb/2003:15:55:24 -0800] "GET /Merchant2/203/health_203_headmenu_r2_c1.jpg HTTP/1.0" 200 1478 "http://www.merchant247.net/Merchant2/merchant.mv?Screen=CTGY&Store_Code=health&Category_Code=203" "Mozilla/4.0 (compatible; MSIE 6.0; AOL 8.0; Windows 98)"
198.81.26.198 - - [09/Feb/2003:15:55:24 -0800] "GET /Merchant2/203/health_203_headmenu_r2_c7.jpg HTTP/1.0" 200 748 "http://www.merchant247.net/Merchant2/merchant.mv?Screen=CTGY&Store_Code=health&Category_Code=203" "Mozilla/4.0 (compatible; MSIE 6.0; AOL 8.0; Windows 98)"
198.81.26.198 - - [09/Feb/2003:15:55:24 -0800] "GET /Merchant2/203/health_203_headmenu_r3_c2.jpg HTTP/1.0" 200 337 "http://www.merchant247.net/Merchant2/merchant.mv?Screen=CTGY&Store_Code=health&Category_Code=203" "Mozilla/4.0 (compatible; MSIE 6.0; AOL 8.0; Windows 98)"
198.81.27.13 - - [09/Feb/2003:15:55:24 -0800] "GET /Merchant2/203/health_203_headmenu_r2_c6.jpg HTTP/1.0" 200 1607 "http://www.merchant247.net/Merchant2/merchant.mv?Screen=CTGY&Store_Code=health&Category_Code=203" "Mozilla/4.0 (compatible; MSIE 6.0; AOL 8.0; Windows 98)"
198.81.26.198 - - [09/Feb/2003:15:55:24 -0800] "GET /Merchant2/203/health_203_headmenu_r3_c4.jpg HTTP/1.0" 200 368 "http://www.merchant247.net/Merchant2/merchant.mv?Screen=CTGY&Store_Code=health&Category_Code=203" "Mozilla/4.0 (compatible; MSIE 6.0; AOL 8.0; Windows 98)"
198.81.26.198 - - [09/Feb/2003:15:55:24 -0800] "GET /Merchant2/203/health_203_headmenu_r3_c6.jpg HTTP/1.0" 200 393 "http://www.merchant247.net/Merchant2/merchant.mv?Screen=CTGY&Store_Code=health&Category_Code=203" "Mozilla/4.0 (compatible; MSIE 6.0; AOL 8.0; Windows 98)"
198.81.26.238 - - [09/Feb/2003:15:55:24 -0800] "GET /Merchant2/graphics/00000001/7day_maintenance.jpg HTTP/1.0" 200 2050 "http://www.merchant247.net/Merchant2/merchant.mv?Screen=CTGY&Store_Code=health&Category_Code=203" "Mozilla/4.0 (compatible; MSIE 6.0; AOL 8.0; Windows 98)"
198.81.26.102 - - [09/Feb/2003:15:55:24 -0800] "GET /Merchant2/graphics/201/7-day-smoke-awayupdated.gif HTTP/1.0" 200 9886 "http://www.merchant247.net/Merchant2/merchant.mv?Screen=CTGY&Store_Code=health&Category_Code=203" "Mozilla/4.0 (compatible; MSIE 6.0; AOL 8.0; Windows 98)"
198.81.26.169 - - [09/Feb/2003:15:55:24 -0800] "GET /Merchant2/graphics/00000001/lungsaver.jpg HTTP/1.0" 200 4033 "http://www.merchant247.net/Merchant2/merchant.mv?Screen=CTGY&Store_Code=health&Category_Code=203" "Mozilla/4.0 (compatible; MSIE 6.0; AOL 8.0; Windows 98)"
198.81.26.198 - - [09/Feb/2003:15:55:24 -0800] "GET /Merchant2/203/health_203_headmenu_r1_c1.jpg HTTP/1.0" 200 21366 "http://www.merchant247.net/Merchant2/merchant.mv?Screen=CTGY&Store_Code=health&Category_Code=203" "Mozilla/4.0 (compatible; MSIE 6.0; AOL 8.0; Windows 98)"
198.81.26.109 - - [09/Feb/2003:15:55:24 -0800] "GET /Merchant2/graphics/authorize.gif HTTP/1.0" 200 5196 "http://www.merchant247.net/Merchant2/merchant.mv?Screen=CTGY&Store_Code=health&Category_Code=203" "Mozilla/4.0 (compatible; MSIE 6.0; AOL 8.0; Windows 98)"
198.81.26.140 - - [09/Feb/2003:15:55:24 -0800] "GET /Merchant2/203/health_203_headmenu_r2_c4.jpg HTTP/1.0" 200 1118 "http://www.merchant247.net/Merchant2/merchant.mv?Screen=CTGY&Store_Code=health&Category_Code=203" "Mozilla/4.0 (compatible; MSIE 6.0; AOL 8.0; Windows 98)"
198.81.26.236 - - [09/Feb/2003:15:55:25 -0800] "GET /Merchant2/203/health_203_headmenu_r2_c2_f2.jpg HTTP/1.0" 200 1176 "http://www.merchant247.net/Merchant2/merchant.mv?Screen=CTGY&Store_Code=health&Category_Code=203" "Mozilla/4.0 (compatible; MSIE 6.0; AOL 8.0; Windows 98)"
198.81.26.209 - - [09/Feb/2003:15:55:25 -0800] "GET /Merchant2/203/health_203_headmenu_r2_c6_f2.jpg HTTP/1.0" 200 1493 "http://www.merchant247.net/Merchant2/merchant.mv?Screen=CTGY&Store_Code=health&Category_Code=203" "Mozilla/4.0 (compatible; MSIE 6.0; AOL 8.0; Windows 98)"
198.81.26.209 - - [09/Feb/2003:15:55:25 -0800] "GET /Merchant2/203/health_203_headmenu_r2_c4_f2.jpg HTTP/1.0" 200 1059 "http://www.merchant247.net/Merchant2/merchant.mv?Screen=CTGY&Store_Code=health&Category_Code=203" "Mozilla/4.0 (compatible; MSIE 6.0; AOL 8.0; Windows 98)"
68.48.164.46 - - [09/Feb/2003:15:58:03 -0800] "GET /Merchant2/graphics/en-US/admin/blank.gif HTTP/1.1" 200 43 "http://www.trimspa-diet-pills.com/" "Mozilla/4.0 (compatible; MSIE 6.0; Windows 98; AT&T WNS5.0)"
198.81.19.42 - - [09/Feb/2003:15:58:07 -0800] "POST /Merchant2/merchant.mv? HTTP/1.0" 200 40658 "http://www.merchant247.net/Merchant2/merchant.mv?Screen=CTGY&Store_Code=health&Category_Code=203" "Mozilla/4.0 (compatible; MSIE 6.0; AOL 8.0; Windows 98)"
162.33.176.201 - - [09/Feb/2003:15:58:21 -0800] "GET /Merchant2/graphics/en-US/admin/blank.gif HTTP/1.0" 200 43 "http://www.7-day-smoke-away.net/" "Mozilla/4.76 [en] (Win98; U)"
205.188.209.20 - - [09/Feb/2003:15:58:26 -0800] "GET /Merchant2/merchant.mv?Screen=CTGY&Store_Code=health&Category_Code=202 HTTP/1.0" 200 20062 "http://www.merchant247.net/Merchant2/merchant.mv?Screen=CTGY&Store_Code=health&Category_Code=202" "Mozilla/4.0 (compatible; MSIE 5.5; AOL 8.0; Windows 98)"
205.188.209.46 - - [09/Feb/2003:15:58:32 -0800] "POST /Merchant2/merchant.mv? HTTP/1.0" 200 42257 "http://www.merchant247.net/Merchant2/merchant.mv?Screen=CTGY&Store_Code=health&Category_Code=202" "Mozilla/4.0 (compatible; MSIE 5.5; AOL 8.0; Windows 98)"
63.231.168.164 - - [09/Feb/2003:15:59:02 -0800] "GET /Merchant2/graphics/en-US/admin/blank.gif HTTP/1.1" 200 43 "http://www.7-day-smoke-away.net/" "Mozilla/4.0 (compatible; MSIE 6.0; Windows NT 5.0)"
65.56.148.53 - - [09/Feb/2003:15:59:29 -0800] "GET /Merchant2/graphics/en-US/admin/blank.gif HTTP/1.1" 304 - "http://www.7-day-smoke-away.net/" "Mozilla/4.0 (compatible; MSIE 6.0; Windows NT 5.1; Hotbar 4.1.8.0)"
205.188.209.137 - - [09/Feb/2003:15:59:31 -0800] "GET /Merchant2/merchant.mv?Screen=CTGY&Store_Code=health&Category_Code=203 HTTP/1.0" 200 25418 "http://www.radiodealsonline.com/" "Mozilla/4.0 (compatible; MSIE 5.5; AOL 7.0; Windows 98; Compaq)"
162.33.176.201 - - [09/Feb/2003:16:00:09 -0800] "GET /Merchant2/201/spacer.gif HTTP/1.0" 200 43 "http://www.merchant247.net/Merchant2/merchant.mv?Screen=CTGY&Store_Code=health&Category_Code=201" "Mozilla/4.76 [en] (Win98; U)"
162.33.176.201 - - [09/Feb/2003:16:00:09 -0800] "GET /Merchant2/201/spacer.gif HTTP/1.0" 200 43 "http://www.merchant247.net/Merchant2/merchant.mv?Screen=CTGY&Store_Code=health&Category_Code=201" "Mozilla/4.76 [en] (Win98; U)"
162.33.176.201 - - [09/Feb/2003:16:00:09 -0800] "GET /Merchant2/201/spacer.gif HTTP/1.0" 200 43 "http://www.merchant247.net/Merchant2/merchant.mv?Screen=CTGY&Store_Code=health&Category_Code=201" "Mozilla/4.76 [en] (Win98; U)"
162.33.176.201 - - [09/Feb/2003:16:00:10 -0800] "GET /Merchant2/201/logo_7_day.jpg HTTP/1.0" 200 5243 "http://www.merchant247.net/Merchant2/merchant.mv?Screen=CTGY&Store_Code=health&Category_Code=201" "Mozilla/4.76 [en] (Win98; U)"
162.33.176.201 - - [09/Feb/2003:16:00:11 -0800] "GET /Merchant2/201/health_201_headmenu_r4_c10.jpg HTTP/1.0" 404 341 "http://www.merchant247.net/Merchant2/merchant.mv?Screen=CTGY&Store_Code=health&Category_Code=201" "Mozilla/4.76 [en] (Win98; U)"
162.33.176.201 - - [09/Feb/2003:16:00:11 -0800] "GET /Merchant2/201/health_201_headmenu_r3_c1.jpg HTTP/1.0" 200 430 "http://www.merchant247.net/Merchant2/merchant.mv?Screen=CTGY&Store_Code=health&Category_Code=201" "Mozilla/4.76 [en] (Win98; U)"
162.33.176.201 - - [09/Feb/2003:16:00:11 -0800] "GET /Merchant2/merchant.mv?Screen=CTGY&Store_Code=health&Category_Code=201 HTTP/1.0" 200 44714 "http://www.7-day-smoke-away.net/" "Mozilla/4.76 [en] (Win98; U)"
162.33.176.201 - - [09/Feb/2003:16:00:13 -0800] "GET /Merchant2/201/health_201_headmenu_r5_c10.jpg HTTP/1.0" 200 1023 "http://www.merchant247.net/Merchant2/merchant.mv?Screen=CTGY&Store_Code=health&Category_Code=201" "Mozilla/4.76 [en] (Win98; U)"
162.33.176.201 - - [09/Feb/2003:16:00:16 -0800] "GET /Merchant2/201/health_201_headmenu_r6_c2.jpg HTTP/1.0" 200 541 "http://www.merchant247.net/Merchant2/merchant.mv?Screen=CTGY&Store_Code=health&Category_Code=201" "Mozilla/4.76 [en] (Win98; U)"
162.33.176.201 - - [09/Feb/2003:16:00:17 -0800] "GET /Merchant2/201/health_201_headmenu_r4_c4.jpg HTTP/1.0" 200 696 "http://www.merchant247.net/Merchant2/merchant.mv?Screen=CTGY&Store_Code=health&Category_Code=201" "Mozilla/4.76 [en] (Win98; U)"
162.33.176.201 - - [09/Feb/2003:16:00:17 -0800] "GET /Merchant2/201/health_201_headmenu_r5_c7.jpg HTTP/1.0" 200 737 "http://www.merchant247.net/Merchant2/merchant.mv?Screen=CTGY&Store_Code=health&Category_Code=201" "Mozilla/4.76 [en] (Win98; U)"
162.33.176.201 - - [09/Feb/2003:16:00:17 -0800] "GET /Merchant2/201/health_201_headmenu_r5_c9.jpg HTTP/1.0" 200 660 "http://www.merchant247.net/Merchant2/merchant.mv?Screen=CTGY&Store_Code=health&Category_Code=201" "Mozilla/4.76 [en] (Win98; U)"
162.33.176.201 - - [09/Feb/2003:16:00:17 -0800] "GET /Merchant2/201/health_201_headmenu_r9_c6.jpg HTTP/1.0" 200 1812 "http://www.merchant247.net/Merchant2/merchant.mv?Screen=CTGY&Store_Code=health&Category_Code=201" "Mozilla/4.76 [en] (Win98; U)"
162.33.176.201 - - [09/Feb/2003:16:00:18 -0800] "GET /Merchant2/201/health_201_headmenu_r2_c12.jpg HTTP/1.0" 200 3144 "http://www.merchant247.net/Merchant2/merchant.mv?Screen=CTGY&Store_Code=health&Category_Code=201" "Mozilla/4.76 [en] (Win98; U)"
162.33.176.201 - - [09/Feb/2003:16:00:18 -0800] "GET /Merchant2/201/health_201_headmenu_r3_c7.jpg HTTP/1.0" 200 403 "http://www.merchant247.net/Merchant2/merchant.mv?Screen=CTGY&Store_Code=health&Category_Code=201" "Mozilla/4.76 [en] (Win98; U)"
162.33.176.201 - - [09/Feb/2003:16:00:18 -0800] "GET /Merchant2/201/health_201_headmenu_r4_c2.jpg HTTP/1.0" 200 685 "http://www.merchant247.net/Merchant2/merchant.mv?Screen=CTGY&Store_Code=health&Category_Code=201" "Mozilla/4.76 [en] (Win98; U)"
162.33.176.201 - - [09/Feb/2003:16:00:19 -0800] "GET /Merchant2/201/health_201_headmenu_r5_c13.jpg HTTP/1.0" 200 4116 "http://www.merchant247.net/Merchant2/merchant.mv?Screen=CTGY&Store_Code=health&Category_Code=201" "Mozilla/4.76 [en] (Win98; U)"
162.33.176.201 - - [09/Feb/2003:16:00:20 -0800] "GET /Merchant2/201/health_201_headmenu_r7_c10.jpg HTTP/1.0" 200 1382 "http://www.merchant247.net/Merchant2/merchant.mv?Screen=CTGY&Store_Code=health&Category_Code=201" "Mozilla/4.76 [en] (Win98; U)"
162.33.176.201 - - [09/Feb/2003:16:00:20 -0800] "GET /Merchant2/201/health_201_headmenu_r2_c1.jpg HTTP/1.0" 200 4168 "http://www.merchant247.net/Merchant2/merchant.mv?Screen=CTGY&Store_Code=health&Category_Code=201" "Mozilla/4.76 [en] (Win98; U)"
162.33.176.201 - - [09/Feb/2003:16:00:22 -0800] "GET /Merchant2/201/health_201_headmenu_r4_c5.jpg HTTP/1.0" 200 753 "http://www.merchant247.net/Merchant2/merchant.mv?Screen=CTGY&Store_Code=health&Category_Code=201" "Mozilla/4.76 [en] (Win98; U)"
162.33.176.201 - - [09/Feb/2003:16:00:23 -0800] "GET /Merchant2/merchant.mv?Screen=CTGY&Store_Code=health&Category_Code=201 HTTP/1.0" 200 44715 "http://www.7-day-smoke-away.net/" "Mozilla/4.76 [en] (Win98; U)"
162.33.176.201 - - [09/Feb/2003:16:00:24 -0800] "GET /Merchant2/201/health_201_headmenu_r5_c8.jpg HTTP/1.0" 200 846 "http://www.merchant247.net/Merchant2/merchant.mv?Screen=CTGY&Store_Code=health&Category_Code=201" "Mozilla/4.76 [en] (Win98; U)"
162.33.176.201 - - [09/Feb/2003:16:00:25 -0800] "GET /Merchant2/201/health_201_headmenu_r1_c14.jpg HTTP/1.0" 200 5279 "http://www.merchant247.net/Merchant2/merchant.mv?Screen=CTGY&Store_Code=health&Category_Code=201" "Mozilla/4.76 [en] (Win98; U)"
162.33.176.201 - - [09/Feb/2003:16:00:25 -0800] "GET /Merchant2/201/health_201_headmenu_r7_c8.jpg HTTP/1.0" 200 1017 "http://www.merchant247.net/Merchant2/merchant.mv?Screen=CTGY&Store_Code=health&Category_Code=201" "Mozilla/4.76 [en] (Win98; U)"
162.33.176.201 - - [09/Feb/2003:16:00:25 -0800] "GET /Merchant2/201/health_201_headmenu_r1_c11.jpg HTTP/1.0" 200 344 "http://www.merchant247.net/Merchant2/merchant.mv?Screen=CTGY&Store_Code=health&Category_Code=201" "Mozilla/4.76 [en] (Win98; U)"
162.33.176.201 - - [09/Feb/2003:16:00:29 -0800] "GET /Merchant2/201/health_201_headmenu_r3_c6.jpg HTTP/1.0" 200 2274 "http://www.merchant247.net/Merchant2/merchant.mv?Screen=CTGY&Store_Code=health&Category_Code=201" "Mozilla/4.76 [en] (Win98; U)"
162.33.176.201 - - [09/Feb/2003:16:00:29 -0800] "GET /Merchant2/201/health_201_headmenu_r4_c3.jpg HTTP/1.0" 200 665 "http://www.merchant247.net/Merchant2/merchant.mv?Screen=CTGY&Store_Code=health&Category_Code=201" "Mozilla/4.76 [en] (Win98; U)"
162.33.176.201 - - [09/Feb/2003:16:00:29 -0800] "GET /Merchant2/201/health_201_headmenu_r3_c6_f2.jpg HTTP/1.0" 200 2672 "http://www.merchant247.net/Merchant2/merchant.mv?Screen=CTGY&Store_Code=health&Category_Code=201" "Mozilla/4.76 [en] (Win98; U)"
162.33.176.201 - - [09/Feb/2003:16:00:30 -0800] "GET /Merchant2/201/free_shipping.jpg HTTP/1.0" 200 3033 "http://www.merchant247.net/Merchant2/merchant.mv?Screen=CTGY&Store_Code=health&Category_Code=201" "Mozilla/4.76 [en] (Win98; U)"
162.33.176.201 - - [09/Feb/2003:16:00:30 -0800] "GET /Merchant2/201/health_201_headmenu_r4_c2_f2.jpg HTTP/1.0" 200 770 "http://www.merchant247.net/Merchant2/merchant.mv?Screen=CTGY&Store_Code=health&Category_Code=201" "Mozilla/4.76 [en] (Win98; U)"
162.33.176.201 - - [09/Feb/2003:16:00:30 -0800] "GET /Merchant2/201/health_201_headmenu_r4_c4_f2.jpg HTTP/1.0" 200 784 "http://www.merchant247.net/Merchant2/merchant.mv?Screen=CTGY&Store_Code=health&Category_Code=201" "Mozilla/4.76 [en] (Win98; U)"
162.33.176.201 - - [09/Feb/2003:16:00:30 -0800] "GET /Merchant2/201/health_201_headmenu_r5_c8_f2.jpg HTTP/1.0" 200 971 "http://www.merchant247.net/Merchant2/merchant.mv?Screen=CTGY&Store_Code=health&Category_Code=201" "Mozilla/4.76 [en] (Win98; U)"
162.33.176.201 - - [09/Feb/2003:16:00:31 -0800] "GET /Merchant2/201/health_201_headmenu_r1_c12.jpg HTTP/1.0" 200 3079 "http://www.merchant247.net/Merchant2/merchant.mv?Screen=CTGY&Store_Code=health&Category_Code=201" "Mozilla/4.76 [en] (Win98; U)"
162.33.176.201 - - [09/Feb/2003:16:00:31 -0800] "GET /Merchant2/merchant.mv?Screen=CTGY&Store_Code=health&Category_Code=201 HTTP/1.0" 200 44715 "http://www.7-day-smoke-away.net/" "Mozilla/4.76 [en] (Win98; U)"
162.33.176.201 - - [09/Feb/2003:16:00:32 -0800] "GET /Merchant2/201/health_201_headmenu_r8_c4.jpg HTTP/1.0" 200 831 "http://www.merchant247.net/Merchant2/merchant.mv?Screen=CTGY&Store_Code=health&Category_Code=201" "Mozilla/4.76 [en] (Win98; U)"
162.33.176.201 - - [09/Feb/2003:16:00:32 -0800] "GET /Merchant2/201/health_201_headmenu_r4_c1.jpg HTTP/1.0" 200 426 "http://www.merchant247.net/Merchant2/merchant.mv?Screen=CTGY&Store_Code=health&Category_Code=201" "Mozilla/4.76 [en] (Win98; U)"
162.33.176.201 - - [09/Feb/2003:16:00:34 -0800] "GET /Merchant2/201/health_201_headmenu_r5_c10_f2.jpg HTTP/1.0" 200 1175 "http://www.merchant247.net/Merchant2/merchant.mv?Screen=CTGY&Store_Code=health&Category_Code=201" "Mozilla/4.76 [en] (Win98; U)"
65.56.148.53 - - [09/Feb/2003:16:00:46 -0800] "GET /Merchant2/201/spacer.gif HTTP/1.1" 200 43 "http://www.merchant247.net/Merchant2/merchant.mv?Screen=CTGY&Store_Code=health&Category_Code=201" "Mozilla/4.0 (compatible; MSIE 6.0; Windows NT 5.1; Hotbar 4.1.8.0)"
65.56.148.53 - - [09/Feb/2003:16:00:47 -0800] "GET /Merchant2/201/health_201_headmenu_r1_c11.jpg HTTP/1.1" 200 344 "http://www.merchant247.net/Merchant2/merchant.mv?Screen=CTGY&Store_Code=health&Category_Code=201" "Mozilla/4.0 (compatible; MSIE 6.0; Windows NT 5.1; Hotbar 4.1.8.0)"
65.56.148.53 - - [09/Feb/2003:16:00:48 -0800] "GET /Merchant2/merchant.mv?Screen=CTGY&Store_Code=health&Category_Code=201 HTTP/1.1" 200 44804 "http://www.7-day-smoke-away.net/" "Mozilla/4.0 (compatible; MSIE 6.0; Windows NT 5.1; Hotbar 4.1.8.0)"
65.56.148.53 - - [09/Feb/2003:16:00:49 -0800] "GET /Merchant2/201/logo_7_day.jpg HTTP/1.1" 200 5243 "http://www.merchant247.net/Merchant2/merchant.mv?Screen=CTGY&Store_Code=health&Category_Code=201" "Mozilla/4.0 (compatible; MSIE 6.0; Windows NT 5.1; Hotbar 4.1.8.0)"
65.56.148.53 - - [09/Feb/2003:16:00:53 -0800] "GET /Merchant2/201/health_201_headmenu_r1_c12.jpg HTTP/1.1" 200 3079 "http://www.merchant247.net/Merchant2/merchant.mv?Screen=CTGY&Store_Code=health&Category_Code=201" "Mozilla/4.0 (compatible; MSIE 6.0; Windows NT 5.1; Hotbar 4.1.8.0)"
65.56.148.53 - - [09/Feb/2003:16:00:53 -0800] "GET /Merchant2/201/health_201_headmenu_r1_c14.jpg HTTP/1.1" 200 5279 "http://www.merchant247.net/Merchant2/merchant.mv?Screen=CTGY&Store_Code=health&Category_Code=201" "Mozilla/4.0 (compatible; MSIE 6.0; Windows NT 5.1; Hotbar 4.1.8.0)"
162.33.176.201 - - [09/Feb/2003:16:00:53 -0800] "GET /Merchant2/201/health_201_headmenu_r4_c10_f2.jpg HTTP/1.0" 404 344 "http://www.merchant247.net/Merchant2/merchant.mv?Screen=CTGY&Store_Code=health&Category_Code=201" "Mozilla/4.76 [en] (Win98; U)"
65.56.148.53 - - [09/Feb/2003:16:00:55 -0800] "GET /Merchant2/201/health_201_headmenu_r2_c1.jpg HTTP/1.1" 200 4168 "http://www.merchant247.net/Merchant2/merchant.mv?Screen=CTGY&Store_Code=health&Category_Code=201" "Mozilla/4.0 (compatible; MSIE 6.0; Windows NT 5.1; Hotbar 4.1.8.0)"
65.56.148.53 - - [09/Feb/2003:16:00:58 -0800] "GET /Merchant2/201/health_201_headmenu_r2_c12.jpg HTTP/1.1" 200 3144 "http://www.merchant247.net/Merchant2/merchant.mv?Screen=CTGY&Store_Code=health&Category_Code=201" "Mozilla/4.0 (compatible; MSIE 6.0; Windows NT 5.1; Hotbar 4.1.8.0)"
205.188.209.46 - - [09/Feb/2003:16:00:59 -0800] "POST /Merchant2/merchant.mv? HTTP/1.0" 200 40654 "http://www.merchant247.net/Merchant2/merchant.mv?Screen=CTGY&Store_Code=health&Category_Code=203" "Mozilla/4.0 (compatible; MSIE 5.5; AOL 7.0; Windows 98; Compaq)"
65.56.148.53 - - [09/Feb/2003:16:01:00 -0800] "GET /Merchant2/201/health_201_headmenu_r3_c1.jpg HTTP/1.1" 200 430 "http://www.merchant247.net/Merchant2/merchant.mv?Screen=CTGY&Store_Code=health&Category_Code=201" "Mozilla/4.0 (compatible; MSIE 6.0; Windows NT 5.1; Hotbar 4.1.8.0)"
65.56.148.53 - - [09/Feb/2003:16:01:00 -0800] "GET /Merchant2/201/health_201_headmenu_r3_c6.jpg HTTP/1.1" 200 2274 "http://www.merchant247.net/Merchant2/merchant.mv?Screen=CTGY&Store_Code=health&Category_Code=201" "Mozilla/4.0 (compatible; MSIE 6.0; Windows NT 5.1; Hotbar 4.1.8.0)"
65.56.148.53 - - [09/Feb/2003:16:01:01 -0800] "GET /Merchant2/201/health_201_headmenu_r3_c7.jpg HTTP/1.1" 200 403 "http://www.merchant247.net/Merchant2/merchant.mv?Screen=CTGY&Store_Code=health&Category_Code=201" "Mozilla/4.0 (compatible; MSIE 6.0; Windows NT 5.1; Hotbar 4.1.8.0)"
65.56.148.53 - - [09/Feb/2003:16:01:01 -0800] "GET /Merchant2/201/health_201_headmenu_r4_c1.jpg HTTP/1.1" 200 426 "http://www.merchant247.net/Merchant2/merchant.mv?Screen=CTGY&Store_Code=health&Category_Code=201" "Mozilla/4.0 (compatible; MSIE 6.0; Windows NT 5.1; Hotbar 4.1.8.0)"
65.56.148.53 - - [09/Feb/2003:16:01:02 -0800] "GET /Merchant2/201/health_201_headmenu_r4_c2.jpg HTTP/1.1" 200 685 "http://www.merchant247.net/Merchant2/merchant.mv?Screen=CTGY&Store_Code=health&Category_Code=201" "Mozilla/4.0 (compatible; MSIE 6.0; Windows NT 5.1; Hotbar 4.1.8.0)"
65.56.148.53 - - [09/Feb/2003:16:01:02 -0800] "GET /Merchant2/201/health_201_headmenu_r4_c3.jpg HTTP/1.1" 200 665 "http://www.merchant247.net/Merchant2/merchant.mv?Screen=CTGY&Store_Code=health&Category_Code=201" "Mozilla/4.0 (compatible; MSIE 6.0; Windows NT 5.1; Hotbar 4.1.8.0)"
65.56.148.53 - - [09/Feb/2003:16:01:03 -0800] "GET /Merchant2/201/health_201_headmenu_r4_c4.jpg HTTP/1.1" 200 696 "http://www.merchant247.net/Merchant2/merchant.mv?Screen=CTGY&Store_Code=health&Category_Code=201" "Mozilla/4.0 (compatible; MSIE 6.0; Windows NT 5.1; Hotbar 4.1.8.0)"
65.56.148.53 - - [09/Feb/2003:16:01:03 -0800] "GET /Merchant2/201/health_201_headmenu_r4_c5.jpg HTTP/1.1" 200 753 "http://www.merchant247.net/Merchant2/merchant.mv?Screen=CTGY&Store_Code=health&Category_Code=201" "Mozilla/4.0 (compatible; MSIE 6.0; Windows NT 5.1; Hotbar 4.1.8.0)"
65.56.148.53 - - [09/Feb/2003:16:01:04 -0800] "GET /Merchant2/201/health_201_headmenu_r5_c7.jpg HTTP/1.1" 200 737 "http://www.merchant247.net/Merchant2/merchant.mv?Screen=CTGY&Store_Code=health&Category_Code=201" "Mozilla/4.0 (compatible; MSIE 6.0; Windows NT 5.1; Hotbar 4.1.8.0)"
65.56.148.53 - - [09/Feb/2003:16:01:04 -0800] "GET /Merchant2/201/health_201_headmenu_r5_c9.jpg HTTP/1.1" 200 660 "http://www.merchant247.net/Merchant2/merchant.mv?Screen=CTGY&Store_Code=health&Category_Code=201" "Mozilla/4.0 (compatible; MSIE 6.0; Windows NT 5.1; Hotbar 4.1.8.0)"
65.56.148.53 - - [09/Feb/2003:16:01:04 -0800] "GET /Merchant2/201/health_201_headmenu_r5_c8.jpg HTTP/1.1" 200 846 "http://www.merchant247.net/Merchant2/merchant.mv?Screen=CTGY&Store_Code=health&Category_Code=201" "Mozilla/4.0 (compatible; MSIE 6.0; Windows NT 5.1; Hotbar 4.1.8.0)"
65.56.148.53 - - [09/Feb/2003:16:01:05 -0800] "GET /Merchant2/201/health_201_headmenu_r5_c13.jpg HTTP/1.1" 200 4116 "http://www.merchant247.net/Merchant2/merchant.mv?Screen=CTGY&Store_Code=health&Category_Code=201" "Mozilla/4.0 (compatible; MSIE 6.0; Windows NT 5.1; Hotbar 4.1.8.0)"
65.56.148.53 - - [09/Feb/2003:16:01:06 -0800] "GET /Merchant2/201/health_201_headmenu_r5_c10.jpg HTTP/1.1" 200 1023 "http://www.merchant247.net/Merchant2/merchant.mv?Screen=CTGY&Store_Code=health&Category_Code=201" "Mozilla/4.0 (compatible; MSIE 6.0; Windows NT 5.1; Hotbar 4.1.8.0)"
65.56.148.53 - - [09/Feb/2003:16:01:07 -0800] "GET /Merchant2/201/health_201_headmenu_r6_c2.jpg HTTP/1.1" 200 541 "http://www.merchant247.net/Merchant2/merchant.mv?Screen=CTGY&Store_Code=health&Category_Code=201" "Mozilla/4.0 (compatible; MSIE 6.0; Windows NT 5.1; Hotbar 4.1.8.0)"
65.56.148.53 - - [09/Feb/2003:16:01:07 -0800] "GET /Merchant2/201/health_201_headmenu_r7_c8.jpg HTTP/1.1" 200 1017 "http://www.merchant247.net/Merchant2/merchant.mv?Screen=CTGY&Store_Code=health&Category_Code=201" "Mozilla/4.0 (compatible; MSIE 6.0; Windows NT 5.1; Hotbar 4.1.8.0)"
65.56.148.53 - - [09/Feb/2003:16:01:08 -0800] "GET /Merchant2/201/health_201_headmenu_r7_c10.jpg HTTP/1.1" 200 1382 "http://www.merchant247.net/Merchant2/merchant.mv?Screen=CTGY&Store_Code=health&Category_Code=201" "Mozilla/4.0 (compatible; MSIE 6.0; Windows NT 5.1; Hotbar 4.1.8.0)"
65.56.148.53 - - [09/Feb/2003:16:01:08 -0800] "GET /Merchant2/201/health_201_headmenu_r8_c4.jpg HTTP/1.1" 200 831 "http://www.merchant247.net/Merchant2/merchant.mv?Screen=CTGY&Store_Code=health&Category_Code=201" "Mozilla/4.0 (compatible; MSIE 6.0; Windows NT 5.1; Hotbar 4.1.8.0)"
65.56.148.53 - - [09/Feb/2003:16:01:09 -0800] "GET /Merchant2/201/health_201_headmenu_r9_c6.jpg HTTP/1.1" 200 1812 "http://www.merchant247.net/Merchant2/merchant.mv?Screen=CTGY&Store_Code=health&Category_Code=201" "Mozilla/4.0 (compatible; MSIE 6.0; Windows NT 5.1; Hotbar 4.1.8.0)"
65.56.148.53 - - [09/Feb/2003:16:01:09 -0800] "GET /Merchant2/201/health_201_headmenu_r4_c10.jpg HTTP/1.1" 404 353 "http://www.merchant247.net/Merchant2/merchant.mv?Screen=CTGY&Store_Code=health&Category_Code=201" "Mozilla/4.0 (compatible; MSIE 6.0; Windows NT 5.1; Hotbar 4.1.8.0)"
65.56.148.53 - - [09/Feb/2003:16:01:10 -0800] "GET /Merchant2/201/free_shipping.jpg HTTP/1.1" 200 3033 "http://www.merchant247.net/Merchant2/merchant.mv?Screen=CTGY&Store_Code=health&Category_Code=201" "Mozilla/4.0 (compatible; MSIE 6.0; Windows NT 5.1; Hotbar 4.1.8.0)"
65.56.148.53 - - [09/Feb/2003:16:01:12 -0800] "GET /Merchant2/201/health_201_headmenu_r3_c6_f2.jpg HTTP/1.1" 200 2672 "http://www.merchant247.net/Merchant2/merchant.mv?Screen=CTGY&Store_Code=health&Category_Code=201" "Mozilla/4.0 (compatible; MSIE 6.0; Windows NT 5.1; Hotbar 4.1.8.0)"
65.56.148.53 - - [09/Feb/2003:16:01:12 -0800] "GET /Merchant2/201/health_201_headmenu_r4_c2_f2.jpg HTTP/1.1" 200 770 "http://www.merchant247.net/Merchant2/merchant.mv?Screen=CTGY&Store_Code=health&Category_Code=201" "Mozilla/4.0 (compatible; MSIE 6.0; Windows NT 5.1; Hotbar 4.1.8.0)"
65.56.148.53 - - [09/Feb/2003:16:01:14 -0800] "GET /Merchant2/201/health_201_headmenu_r4_c4_f2.jpg HTTP/1.1" 200 784 "http://www.merchant247.net/Merchant2/merchant.mv?Screen=CTGY&Store_Code=health&Category_Code=201" "Mozilla/4.0 (compatible; MSIE 6.0; Windows NT 5.1; Hotbar 4.1.8.0)"
65.56.148.53 - - [09/Feb/2003:16:01:14 -0800] "GET /Merchant2/201/health_201_headmenu_r5_c8_f2.jpg HTTP/1.1" 200 971 "http://www.merchant247.net/Merchant2/merchant.mv?Screen=CTGY&Store_Code=health&Category_Code=201" "Mozilla/4.0 (compatible; MSIE 6.0; Windows NT 5.1; Hotbar 4.1.8.0)"
65.56.148.53 - - [09/Feb/2003:16:01:15 -0800] "GET /Merchant2/201/health_201_headmenu_r5_c10_f2.jpg HTTP/1.1" 200 1175 "http://www.merchant247.net/Merchant2/merchant.mv?Screen=CTGY&Store_Code=health&Category_Code=201" "Mozilla/4.0 (compatible; MSIE 6.0; Windows NT 5.1; Hotbar 4.1.8.0)"
162.33.176.201 - - [09/Feb/2003:16:01:35 -0800] "GET /Merchant2/201/health_201_headmenu_r4_c10_f2.jpg HTTP/1.0" 404 344 "http://www.merchant247.net/Merchant2/merchant.mv?Screen=CTGY&Store_Code=health&Category_Code=201" "Mozilla/4.76 [en] (Win98; U)"
162.33.176.201 - - [09/Feb/2003:16:02:19 -0800] "GET /Merchant2/201/health_201_headmenu_r4_c10_f2.jpg HTTP/1.0" 404 344 "http://www.merchant247.net/Merchant2/merchant.mv?Screen=CTGY&Store_Code=health&Category_Code=201" "Mozilla/4.76 [en] (Win98; U)"
24.91.85.162 - - [09/Feb/2003:16:02:29 -0800] "GET /Merchant2/graphics/en-US/admin/blank.gif HTTP/1.1" 200 43 "http://www.7-day-smoke-away.net/index.htm" "Mozilla/4.0 (compatible; MSIE 5.5; Windows 98; AT&T WNS5.0; H010818)"
65.56.148.53 - - [09/Feb/2003:16:03:50 -0800] "GET /Merchant2/merchant.mv?Screen=OINF&Store_Code=health HTTP/1.1" 200 11984 "http://www.merchant247.net/Merchant2/merchant.mv?Screen=CTGY&Store_Code=health&Category_Code=201" "Mozilla/4.0 (compatible; MSIE 6.0; Windows NT 5.1; Hotbar 4.1.8.0)"
206.176.202.188 - - [09/Feb/2003:16:03:58 -0800] "GET /Merchant2/graphics/en-US/admin/blank.gif HTTP/1.1" 200 43 "http://www.trimspa-diet-pills.com/" "Mozilla/4.0 (compatible; MSIE 6.0; Windows NT 5.1; YComp 5.0.2.6)"
162.33.176.201 - - [09/Feb/2003:16:04:52 -0800] "GET /Merchant2/merchant.mv?Screen=CTGY&Store_Code=health&Category_Code=201 HTTP/1.0" 200 44715 "http://www.7-day-smoke-away.net/" "Mozilla/4.76 [en] (Win98; U)"
216.123.251.21 - - [09/Feb/2003:16:05:07 -0800] "GET /Merchant2/graphics/en-US/admin/blank.gif HTTP/1.1" 200 43 "http://www.trimspa-diet-pills.com/" "Mozilla/4.0 (compatible; MSIE 6.0; Windows 98; MDMultimedia 1.5; YComp 5.0.2.4)"
162.33.176.201 - - [09/Feb/2003:16:05:09 -0800] "POST /Merchant2/merchant.mv? HTTP/1.0" 200 14035 "http://www.merchant247.net/Merchant2/merchant.mv?Screen=CTGY&Store_Code=health&Category_Code=201" "Mozilla/4.76 [en] (Win98; U)"
12.14.205.22 - - [09/Feb/2003:16:05:29 -0800] "GET /Merchant2/graphics/en-US/admin/blank.gif HTTP/1.1" 200 43 "http://www.breast-enlargement-natural.net/" "Mozilla/4.0 (compatible; MSIE 4.0; Windows 95)"
162.33.176.201 - - [09/Feb/2003:16:05:30 -0800] "POST /Merchant2/merchant.mv? HTTP/1.0" 200 11436 "http://www.merchant247.net/Merchant2/merchant.mv?" "Mozilla/4.76 [en] (Win98; U)"
65.56.148.53 - - [09/Feb/2003:16:05:35 -0800] "GET /Merchant2/201/health_201_headmenu_r4_c10.jpg HTTP/1.1" 404 353 "http://www.merchant247.net/Merchant2/merchant.mv?Screen=CTGY&Store_Code=health&Category_Code=201" "Mozilla/4.0 (compatible; MSIE 6.0; Windows NT 5.1; Hotbar 4.1.8.0)"
65.56.148.53 - - [09/Feb/2003:16:05:36 -0800] "GET /Merchant2/merchant.mv?Screen=CTGY&Store_Code=health&Category_Code=201 HTTP/1.1" 200 44805 "http://www.merchant247.net/Merchant2/merchant.mv?Screen=OINF&Store_Code=health" "Mozilla/4.0 (compatible; MSIE 6.0; Windows NT 5.1; Hotbar 4.1.8.0)"
162.33.176.201 - - [09/Feb/2003:16:05:55 -0800] "GET /Merchant2/201/health_201_headmenu_r4_c10_f2.jpg HTTP/1.0" 404 344 "http://www.merchant247.net/Merchant2/merchant.mv?Screen=CTGY&Store_Code=health&Category_Code=201" "Mozilla/4.76 [en] (Win98; U)"
65.56.148.53 - - [09/Feb/2003:16:07:02 -0800] "POST /Merchant2/merchant.mv? HTTP/1.1" 200 14075 "http://www.merchant247.net/Merchant2/merchant.mv?Screen=CTGY&Store_Code=health&Category_Code=201" "Mozilla/4.0 (compatible; MSIE 6.0; Windows NT 5.1; Hotbar 4.1.8.0)"
