62.30.0.2 - - [09/Feb/2003:16:24:47 -0800] "GET /Merchant2/37/health_37_headmenu_r7_c16_f3.jpg HTTP/1.1" 200 1218 "http://www.merchant247.net/Merchant2/merchant.mv?Screen=CTGY&Store_Code=health&Category_Code=37" "Mozilla/4.0 (compatible; MSIE 5.5; Windows 98; Supplied by blueyonder)"
216.175.20.115 - - [09/Feb/2003:16:24:48 -0800] "GET /Merchant2/203/health_203_headmenu_r2_c2.jpg HTTP/1.1" 200 1234 "http://www.merchant247.net/Merchant2/merchant.mv?Screen=CTGY&Store_Code=health&Category_Code=203" "Mozilla/4.0 (compatible; MSIE 6.0; Windows NT 5.1; .NET CLR 1.0.3705)"
149.99.124.110 - - [09/Feb/2003:16:24:49 -0800] "GET /Merchant2/301/health_301_headmenu_r1_c1.jpg HTTP/1.1" 200 4269 "http://www.merchant247.net/Merchant2/merchant.mv?Screen=CTGY&Store_Code=health&Category_Code=301" "Mozilla/4.0 (compatible; MSIE 6.0; Windows NT 5.1; MSN 6.1; MSNbMSFT; MSNmen-ca; MSNc00; v5m)"
149.99.124.110 - - [09/Feb/2003:16:24:49 -0800] "GET /Merchant2/301/health_301_headmenu_r1_c2.jpg HTTP/1.1" 200 8633 "http://www.merchant247.net/Merchant2/merchant.mv?Screen=CTGY&Store_Code=health&Category_Code=301" "Mozilla/4.0 (compatible; MSIE 6.0; Windows NT 5.1; MSN 6.1; MSNbMSFT; MSNmen-ca; MSNc00; v5m)"
216.175.20.115 - - [09/Feb/2003:16:24:52 -0800] "GET /Merchant2/203/health_203_headmenu_r2_c3.jpg HTTP/1.1" 200 337 "http://www.merchant247.net/Merchant2/merchant.mv?Screen=CTGY&Store_Code=health&Category_Code=203" "Mozilla/4.0 (compatible; MSIE 6.0; Windows NT 5.1; .NET CLR 1.0.3705)"
216.175.20.115 - - [09/Feb/2003:16:24:52 -0800] "GET /Merchant2/203/health_203_headmenu_r2_c4.jpg HTTP/1.1" 200 1118 "http://www.merchant247.net/Merchant2/merchant.mv?Screen=CTGY&Store_Code=health&Category_Code=203" "Mozilla/4.0 (compatible; MSIE 6.0; Windows NT 5.1; .NET CLR 1.0.3705)"
216.175.20.115 - - [09/Feb/2003:16:24:53 -0800] "GET /Merchant2/203/health_203_headmenu_r2_c5.jpg HTTP/1.1" 200 381 "http://www.merchant247.net/Merchant2/merchant.mv?Screen=CTGY&Store_Code=health&Category_Code=203" "Mozilla/4.0 (compatible; MSIE 6.0; Windows NT 5.1; .NET CLR 1.0.3705)"
216.175.20.115 - - [09/Feb/2003:16:24:54 -0800] "GET /Merchant2/203/health_203_headmenu_r2_c6.jpg HTTP/1.1" 200 1607 "http://www.merchant247.net/Merchant2/merchant.mv?Screen=CTGY&Store_Code=health&Category_Code=203" "Mozilla/4.0 (compatible; MSIE 6.0; Windows NT 5.1; .NET CLR 1.0.3705)"
68.106.53.132 - - [09/Feb/2003:16:24:54 -0800] "GET /Merchant2/merchant.mv?Screen=OINF&Store_Code=health HTTP/1.1" 200 9194 "http://www.merchant247.net/Merchant2/merchant.mv?Screen=CTGY&Store_Code=health&Category_Code=202" "Mozilla/4.0 (compatible; MSIE 5.5; MSN 2.6; Windows 98)"
216.175.20.115 - - [09/Feb/2003:16:24:55 -0800] "GET /Merchant2/203/health_203_headmenu_r2_c7.jpg HTTP/1.1" 200 748 "http://www.merchant247.net/Merchant2/merchant.mv?Screen=CTGY&Store_Code=health&Category_Code=203" "Mozilla/4.0 (compatible; MSIE 6.0; Windows NT 5.1; .NET CLR 1.0.3705)"
149.99.124.110 - - [09/Feb/2003:16:24:55 -0800] "GET /Merchant2/301/health_301_headmenu_r2_c2.jpg HTTP/1.1" 200 1953 "http://www.merchant247.net/Merchant2/merchant.mv?Screen=CTGY&Store_Code=health&Category_Code=301" "Mozilla/4.0 (compatible; MSIE 6.0; Windows NT 5.1; MSN 6.1; MSNbMSFT; MSNmen-ca; MSNc00; v5m)"
216.175.20.115 - - [09/Feb/2003:16:24:55 -0800] "GET /Merchant2/203/health_203_headmenu_r3_c2.jpg HTTP/1.1" 200 337 "http://www.merchant247.net/Merchant2/merchant.mv?Screen=CTGY&Store_Code=health&Category_Code=203" "Mozilla/4.0 (compatible; MSIE 6.0; Windows NT 5.1; .NET CLR 1.0.3705)"
149.99.124.110 - - [09/Feb/2003:16:24:55 -0800] "GET /Merchant2/301/health_301_headmenu_r2_c3.jpg HTTP/1.1" 200 418 "http://www.merchant247.net/Merchant2/merchant.mv?Screen=CTGY&Store_Code=health&Category_Code=301" "Mozilla/4.0 (compatible; MSIE 6.0; Windows NT 5.1; MSN 6.1; MSNbMSFT; MSNmen-ca; MSNc00; v5m)"
216.175.20.115 - - [09/Feb/2003:16:24:55 -0800] "GET /Merchant2/203/health_203_headmenu_r3_c4.jpg HTTP/1.1" 200 368 "http://www.merchant247.net/Merchant2/merchant.mv?Screen=CTGY&Store_Code=health&Category_Code=203" "Mozilla/4.0 (compatible; MSIE 6.0; Windows NT 5.1; .NET CLR 1.0.3705)"
216.175.20.115 - - [09/Feb/2003:16:24:56 -0800] "GET /Merchant2/203/health_203_headmenu_r3_c6.jpg HTTP/1.1" 200 393 "http://www.merchant247.net/Merchant2/merchant.mv?Screen=CTGY&Store_Code=health&Category_Code=203" "Mozilla/4.0 (compatible; MSIE 6.0; Windows NT 5.1; .NET CLR 1.0.3705)"
216.175.20.115 - - [09/Feb/2003:16:24:56 -0800] "GET /Merchant2/graphics/201/7-day-smoke-awayupdated.gif HTTP/1.1" 200 9886 "http://www.merchant247.net/Merchant2/merchant.mv?Screen=CTGY&Store_Code=health&Category_Code=203" "Mozilla/4.0 (compatible; MSIE 6.0; Windows NT 5.1; .NET CLR 1.0.3705)"
216.175.20.115 - - [09/Feb/2003:16:24:56 -0800] "GET /Merchant2/graphics/00000001/7day_maintenance.jpg HTTP/1.1" 200 2050 "http://www.merchant247.net/Merchant2/merchant.mv?Screen=CTGY&Store_Code=health&Category_Code=203" "Mozilla/4.0 (compatible; MSIE 6.0; Windows NT 5.1; .NET CLR 1.0.3705)"
149.99.124.110 - - [09/Feb/2003:16:24:57 -0800] "GET /Merchant2/301/health_301_headmenu_r2_c5.jpg HTTP/1.1" 200 420 "http://www.merchant247.net/Merchant2/merchant.mv?Screen=CTGY&Store_Code=health&Category_Code=301" "Mozilla/4.0 (compatible; MSIE 6.0; Windows NT 5.1; MSN 6.1; MSNbMSFT; MSNmen-ca; MSNc00; v5m)"
149.99.124.110 - - [09/Feb/2003:16:24:58 -0800] "GET /Merchant2/301/health_301_headmenu_r2_c7.jpg HTTP/1.1" 200 360 "http://www.merchant247.net/Merchant2/merchant.mv?Screen=CTGY&Store_Code=health&Category_Code=301" "Mozilla/4.0 (compatible; MSIE 6.0; Windows NT 5.1; MSN 6.1; MSNbMSFT; MSNmen-ca; MSNc00; v5m)"
216.175.20.115 - - [09/Feb/2003:16:25:00 -0800] "GET /Merchant2/graphics/authorize.gif HTTP/1.1" 200 5196 "http://www.merchant247.net/Merchant2/merchant.mv?Screen=CTGY&Store_Code=health&Category_Code=203" "Mozilla/4.0 (compatible; MSIE 6.0; Windows NT 5.1; .NET CLR 1.0.3705)"
216.175.20.115 - - [09/Feb/2003:16:25:02 -0800] "GET /Merchant2/graphics/00000001/lungsaver.jpg HTTP/1.1" 200 4033 "http://www.merchant247.net/Merchant2/merchant.mv?Screen=CTGY&Store_Code=health&Category_Code=203" "Mozilla/4.0 (compatible; MSIE 6.0; Windows NT 5.1; .NET CLR 1.0.3705)"
216.175.20.115 - - [09/Feb/2003:16:25:05 -0800] "GET /Merchant2/203/health_203_headmenu_r2_c2_f2.jpg HTTP/1.1" 200 1176 "http://www.merchant247.net/Merchant2/merchant.mv?Screen=CTGY&Store_Code=health&Category_Code=203" "Mozilla/4.0 (compatible; MSIE 6.0; Windows NT 5.1; .NET CLR 1.0.3705)"
216.175.20.115 - - [09/Feb/2003:16:25:05 -0800] "GET /Merchant2/203/health_203_headmenu_r2_c4_f2.jpg HTTP/1.1" 200 1059 "http://www.merchant247.net/Merchant2/merchant.mv?Screen=CTGY&Store_Code=health&Category_Code=203" "Mozilla/4.0 (compatible; MSIE 6.0; Windows NT 5.1; .NET CLR 1.0.3705)"
216.175.20.115 - - [09/Feb/2003:16:25:07 -0800] "GET /Merchant2/203/health_203_headmenu_r2_c6_f2.jpg HTTP/1.1" 200 1493 "http://www.merchant247.net/Merchant2/merchant.mv?Screen=CTGY&Store_Code=health&Category_Code=203" "Mozilla/4.0 (compatible; MSIE 6.0; Windows NT 5.1; .NET CLR 1.0.3705)"
172.153.229.122 - - [09/Feb/2003:16:25:31 -0800] "GET /Merchant2/graphics/en-US/admin/blank.gif HTTP/1.1" 200 43 "http://www.trimspa-diet-pills.com/" "Mozilla/4.0 (compatible; MSIE 5.0; Windows 95; DigExt; YComp 5.0.2.4; Hotbar 4.1.7.0)"
68.62.254.7 - - [09/Feb/2003:16:26:27 -0800] "GET /Merchant2/merchant.mv?Screen=CTGY&Store_Code=health&Category_Code=301 HTTP/1.1" 200 16550 "http://www.trimspa-diet-pills.com/ingredients.htm" "Mozilla/4.0 (compatible; MSIE 6.0; Windows 98; Win 9x 4.90)"
68.62.254.7 - - [09/Feb/2003:16:26:28 -0800] "GET /Merchant2/301/spacer.gif HTTP/1.1" 200 43 "http://www.merchant247.net/Merchant2/merchant.mv?Screen=CTGY&Store_Code=health&Category_Code=301" "Mozilla/4.0 (compatible; MSIE 6.0; Windows 98; Win 9x 4.90)"
68.62.254.7 - - [09/Feb/2003:16:26:28 -0800] "GET /Merchant2/301/health_301_headmenu_r1_c1.jpg HTTP/1.1" 200 4269 "http://www.merchant247.net/Merchant2/merchant.mv?Screen=CTGY&Store_Code=health&Category_Code=301" "Mozilla/4.0 (compatible; MSIE 6.0; Windows 98; Win 9x 4.90)"
68.62.254.7 - - [09/Feb/2003:16:26:28 -0800] "GET /Merchant2/301/health_301_headmenu_r1_c2.jpg HTTP/1.1" 200 8633 "http://www.merchant247.net/Merchant2/merchant.mv?Screen=CTGY&Store_Code=health&Category_Code=301" "Mozilla/4.0 (compatible; MSIE 6.0; Windows 98; Win 9x 4.90)"
68.62.254.7 - - [09/Feb/2003:16:26:28 -0800] "GET /Merchant2/301/health_301_headmenu_r2_c2.jpg HTTP/1.1" 200 1953 "http://www.merchant247.net/Merchant2/merchant.mv?Screen=CTGY&Store_Code=health&Category_Code=301" "Mozilla/4.0 (compatible; MSIE 6.0; Windows 98; Win 9x 4.90)"
68.62.254.7 - - [09/Feb/2003:16:26:28 -0800] "GET /Merchant2/301/health_301_headmenu_r2_c3.jpg HTTP/1.1" 200 418 "http://www.merchant247.net/Merchant2/merchant.mv?Screen=CTGY&Store_Code=health&Category_Code=301" "Mozilla/4.0 (compatible; MSIE 6.0; Windows 98; Win 9x 4.90)"
68.62.254.7 - - [09/Feb/2003:16:26:28 -0800] "GET /Merchant2/301/health_301_headmenu_r2_c4.jpg HTTP/1.1" 200 1795 "http://www.merchant247.net/Merchant2/merchant.mv?Screen=CTGY&Store_Code=health&Category_Code=301" "Mozilla/4.0 (compatible; MSIE 6.0; Windows 98; Win 9x 4.90)"
68.62.254.7 - - [09/Feb/2003:16:26:28 -0800] "GET /Merchant2/301/health_301_headmenu_r2_c5.jpg HTTP/1.1" 200 420 "http://www.merchant247.net/Merchant2/merchant.mv?Screen=CTGY&Store_Code=health&Category_Code=301" "Mozilla/4.0 (compatible; MSIE 6.0; Windows 98; Win 9x 4.90)"
68.62.254.7 - - [09/Feb/2003:16:26:29 -0800] "GET /Merchant2/301/health_301_headmenu_r2_c6.jpg HTTP/1.1" 200 1079 "http://www.merchant247.net/Merchant2/merchant.mv?Screen=CTGY&Store_Code=health&Category_Code=301" "Mozilla/4.0 (compatible; MSIE 6.0; Windows 98; Win 9x 4.90)"
68.62.254.7 - - [09/Feb/2003:16:26:29 -0800] "GET /Merchant2/301/health_301_headmenu_r2_c7.jpg HTTP/1.1" 200 360 "http://www.merchant247.net/Merchant2/merchant.mv?Screen=CTGY&Store_Code=health&Category_Code=301" "Mozilla/4.0 (compatible; MSIE 6.0; Windows 98; Win 9x 4.90)"
68.62.254.7 - - [09/Feb/2003:16:26:29 -0800] "GET /Merchant2/301/health_301_headmenu_r2_c8.jpg HTTP/1.1" 200 1427 "http://www.merchant247.net/Merchant2/merchant.mv?Screen=CTGY&Store_Code=health&Category_Code=301" "Mozilla/4.0 (compatible; MSIE 6.0; Windows 98; Win 9x 4.90)"
68.62.254.7 - - [09/Feb/2003:16:26:29 -0800] "GET /Merchant2/301/health_301_headmenu_r2_c9.jpg HTTP/1.1" 200 348 "http://www.merchant247.net/Merchant2/merchant.mv?Screen=CTGY&Store_Code=health&Category_Code=301" "Mozilla/4.0 (compatible; MSIE 6.0; Windows 98; Win 9x 4.90)"
68.62.254.7 - - [09/Feb/2003:16:26:29 -0800] "GET /Merchant2/301/health_301_headmenu_r3_c9.jpg HTTP/1.1" 200 346 "http://www.merchant247.net/Merchant2/merchant.mv?Screen=CTGY&Store_Code=health&Category_Code=301" "Mozilla/4.0 (compatible; MSIE 6.0; Windows 98; Win 9x 4.90)"
68.62.254.7 - - [09/Feb/2003:16:26:29 -0800] "GET /Merchant2/301/health_301_headmenu_r3_c10.jpg HTTP/1.1" 200 1611 "http://www.merchant247.net/Merchant2/merchant.mv?Screen=CTGY&Store_Code=health&Category_Code=301" "Mozilla/4.0 (compatible; MSIE 6.0; Windows 98; Win 9x 4.90)"
68.62.254.7 - - [09/Feb/2003:16:26:29 -0800] "GET /Merchant2/301/health_301_headmenu_r3_c12.jpg HTTP/1.1" 200 359 "http://www.merchant247.net/Merchant2/merchant.mv?Screen=CTGY&Store_Code=health&Category_Code=301" "Mozilla/4.0 (compatible; MSIE 6.0; Windows 98; Win 9x 4.90)"
68.62.254.7 - - [09/Feb/2003:16:26:30 -0800] "GET /Merchant2/301/health_301_headmenu_r4_c2.jpg HTTP/1.1" 200 1248 "http://www.merchant247.net/Merchant2/merchant.mv?Screen=CTGY&Store_Code=health&Category_Code=301" "Mozilla/4.0 (compatible; MSIE 6.0; Windows 98; Win 9x 4.90)"
68.62.254.7 - - [09/Feb/2003:16:26:30 -0800] "GET /Merchant2/301/health_301_headmenu_r4_c6.jpg HTTP/1.1" 200 789 "http://www.merchant247.net/Merchant2/merchant.mv?Screen=CTGY&Store_Code=health&Category_Code=301" "Mozilla/4.0 (compatible; MSIE 6.0; Windows 98; Win 9x 4.90)"
68.62.254.7 - - [09/Feb/2003:16:26:30 -0800] "GET /Merchant2/301/health_301_headmenu_r5_c4.jpg HTTP/1.1" 200 1204 "http://www.merchant247.net/Merchant2/merchant.mv?Screen=CTGY&Store_Code=health&Category_Code=301" "Mozilla/4.0 (compatible; MSIE 6.0; Windows 98; Win 9x 4.90)"
68.62.254.7 - - [09/Feb/2003:16:26:30 -0800] "GET /Merchant2/301/health_301_headmenu_r5_c8.jpg HTTP/1.1" 200 1002 "http://www.merchant247.net/Merchant2/merchant.mv?Screen=CTGY&Store_Code=health&Category_Code=301" "Mozilla/4.0 (compatible; MSIE 6.0; Windows 98; Win 9x 4.90)"
68.62.254.7 - - [09/Feb/2003:16:26:30 -0800] "GET /Merchant2/301/health_301_headmenu_r6_c10.jpg HTTP/1.1" 200 304 "http://www.merchant247.net/Merchant2/merchant.mv?Screen=CTGY&Store_Code=health&Category_Code=301" "Mozilla/4.0 (compatible; MSIE 6.0; Windows 98; Win 9x 4.90)"
68.62.254.7 - - [09/Feb/2003:16:26:30 -0800] "GET /Merchant2/301/health_301_headmenu_r7_c1.jpg HTTP/1.1" 200 419 "http://www.merchant247.net/Merchant2/merchant.mv?Screen=CTGY&Store_Code=health&Category_Code=301" "Mozilla/4.0 (compatible; MSIE 6.0; Windows 98; Win 9x 4.90)"
68.62.254.7 - - [09/Feb/2003:16:26:30 -0800] "GET /Merchant2/301/health_301_headmenu_r7_c10.jpg HTTP/1.1" 200 296 "http://www.merchant247.net/Merchant2/merchant.mv?Screen=CTGY&Store_Code=health&Category_Code=301" "Mozilla/4.0 (compatible; MSIE 6.0; Windows 98; Win 9x 4.90)"
68.62.254.7 - - [09/Feb/2003:16:26:30 -0800] "GET /Merchant2/301/health_301_headmenu_r7_c11.jpg HTTP/1.1" 200 377 "http://www.merchant247.net/Merchant2/merchant.mv?Screen=CTGY&Store_Code=health&Category_Code=301" "Mozilla/4.0 (compatible; MSIE 6.0; Windows 98; Win 9x 4.90)"
68.62.254.7 - - [09/Feb/2003:16:26:32 -0800] "GET /Merchant2/301/health_301_headmenu_r2_c2_f2.jpg HTTP/1.1" 200 2126 "http://www.merchant247.net/Merchant2/merchant.mv?Screen=CTGY&Store_Code=health&Category_Code=301" "Mozilla/4.0 (compatible; MSIE 6.0; Windows 98; Win 9x 4.90)"
68.62.254.7 - - [09/Feb/2003:16:26:32 -0800] "GET /Merchant2/301/health_301_headmenu_r2_c4_f2.jpg HTTP/1.1" 200 1942 "http://www.merchant247.net/Merchant2/merchant.mv?Screen=CTGY&Store_Code=health&Category_Code=301" "Mozilla/4.0 (compatible; MSIE 6.0; Windows 98; Win 9x 4.90)"
68.62.254.7 - - [09/Feb/2003:16:26:32 -0800] "GET /Merchant2/301/health_301_headmenu_r2_c6_f2.jpg HTTP/1.1" 200 1175 "http://www.merchant247.net/Merchant2/merchant.mv?Screen=CTGY&Store_Code=health&Category_Code=301" "Mozilla/4.0 (compatible; MSIE 6.0; Windows 98; Win 9x 4.90)"
68.62.254.7 - - [09/Feb/2003:16:26:32 -0800] "GET /Merchant2/301/health_301_headmenu_r3_c10_f2.jpg HTTP/1.1" 200 1622 "http://www.merchant247.net/Merchant2/merchant.mv?Screen=CTGY&Store_Code=health&Category_Code=301" "Mozilla/4.0 (compatible; MSIE 6.0; Windows 98; Win 9x 4.90)"
68.62.254.7 - - [09/Feb/2003:16:26:32 -0800] "GET /Merchant2/301/health_301_headmenu_r2_c8_f2.jpg HTTP/1.1" 200 1542 "http://www.merchant247.net/Merchant2/merchant.mv?Screen=CTGY&Store_Code=health&Category_Code=301" "Mozilla/4.0 (compatible; MSIE 6.0; Windows 98; Win 9x 4.90)"
172.153.229.122 - - [09/Feb/2003:16:26:33 -0800] "GET /Merchant2/graphics/en-US/admin/blank.gif HTTP/1.1" 200 43 "http://www.trimspa-diet-pills.com/testimonials.htm" "Mozilla/4.0 (compatible; MSIE 5.0; Windows 95; DigExt; YComp 5.0.2.4; Hotbar 4.1.7.0)"
172.153.229.122 - - [09/Feb/2003:16:27:35 -0800] "GET /Merchant2/graphics/en-US/admin/blank.gif HTTP/1.1" 200 43 "http://www.trimspa-diet-pills.com/faq.htm" "Mozilla/4.0 (compatible; MSIE 5.0; Windows 95; DigExt; YComp 5.0.2.4; Hotbar 4.1.7.0)"
152.163.195.208 - - [09/Feb/2003:16:27:51 -0800] "GET /Merchant2/merchant.mv?Screen=CTGY&Store_Code=health&Category_Code=37 HTTP/1.0" 200 26274 "-" "Mozilla/4.0 (compatible; MSIE 5.5; AOL 7.0; Windows 95)"
152.163.188.225 - - [09/Feb/2003:16:28:03 -0800] "GET /Merchant2/37/spacer.gif HTTP/1.0" 304 - "http://www.merchant247.net/Merchant2/merchant.mv?Screen=CTGY&Store_Code=health&Category_Code=37" "Mozilla/4.0 (compatible; MSIE 5.5; AOL 7.0; Windows 95)"
152.163.188.227 - - [09/Feb/2003:16:28:03 -0800] "GET /Merchant2/37/health_37_headmenu_r1_c1.jpg HTTP/1.0" 304 - "http://www.merchant247.net/Merchant2/merchant.mv?Screen=CTGY&Store_Code=health&Category_Code=37" "Mozilla/4.0 (compatible; MSIE 5.5; AOL 7.0; Windows 95)"
152.163.188.227 - - [09/Feb/2003:16:28:07 -0800] "GET /Merchant2/37/health_37_headmenu_r2_c2.jpg HTTP/1.0" 304 - "http://www.merchant247.net/Merchant2/merchant.mv?Screen=CTGY&Store_Code=health&Category_Code=37" "Mozilla/4.0 (compatible; MSIE 5.5; AOL 7.0; Windows 95)"
152.163.188.200 - - [09/Feb/2003:16:28:07 -0800] "GET /Merchant2/37/health_37_headmenu_r2_c4.jpg HTTP/1.0" 304 - "http://www.merchant247.net/Merchant2/merchant.mv?Screen=CTGY&Store_Code=health&Category_Code=37" "Mozilla/4.0 (compatible; MSIE 5.5; AOL 7.0; Windows 95)"
152.163.189.67 - - [09/Feb/2003:16:28:11 -0800] "GET /Merchant2/37/health_37_headmenu_r2_c1.jpg HTTP/1.0" 304 - "http://www.merchant247.net/Merchant2/merchant.mv?Screen=CTGY&Store_Code=health&Category_Code=37" "Mozilla/4.0 (compatible; MSIE 5.5; AOL 7.0; Windows 95)"
152.163.188.162 - - [09/Feb/2003:16:28:11 -0800] "GET /Merchant2/37/health_37_headmenu_r2_c5.jpg HTTP/1.0" 304 - "http://www.merchant247.net/Merchant2/merchant.mv?Screen=CTGY&Store_Code=health&Category_Code=37" "Mozilla/4.0 (compatible; MSIE 5.5; AOL 7.0; Windows 95)"
152.163.188.228 - - [09/Feb/2003:16:28:11 -0800] "GET /Merchant2/37/health_37_headmenu_r2_c9.jpg HTTP/1.0" 304 - "http://www.merchant247.net/Merchant2/merchant.mv?Screen=CTGY&Store_Code=health&Category_Code=37" "Mozilla/4.0 (compatible; MSIE 5.5; AOL 7.0; Windows 95)"
152.163.188.230 - - [09/Feb/2003:16:28:14 -0800] "GET /Merchant2/37/health_37_headmenu_r2_c10.jpg HTTP/1.0" 304 - "http://www.merchant247.net/Merchant2/merchant.mv?Screen=CTGY&Store_Code=health&Category_Code=37" "Mozilla/4.0 (compatible; MSIE 5.5; AOL 7.0; Windows 95)"
152.163.188.230 - - [09/Feb/2003:16:28:15 -0800] "GET /Merchant2/37/health_37_headmenu_r2_c14.jpg HTTP/1.1" 304 - "http://www.merchant247.net/Merchant2/merchant.mv?Screen=CTGY&Store_Code=health&Category_Code=37" "Mozilla/4.0 (compatible; MSIE 5.5; AOL 7.0; Windows 95)"
152.163.188.200 - - [09/Feb/2003:16:28:17 -0800] "GET /Merchant2/37/health_37_headmenu_r4_c2.jpg HTTP/1.0" 304 - "http://www.merchant247.net/Merchant2/merchant.mv?Screen=CTGY&Store_Code=health&Category_Code=37" "Mozilla/4.0 (compatible; MSIE 5.5; AOL 7.0; Windows 95)"
152.163.189.98 - - [09/Feb/2003:16:28:18 -0800] "GET /Merchant2/37/health_37_headmenu_r3_c5.jpg HTTP/1.0" 304 - "http://www.merchant247.net/Merchant2/merchant.mv?Screen=CTGY&Store_Code=health&Category_Code=37" "Mozilla/4.0 (compatible; MSIE 5.5; AOL 7.0; Windows 95)"
152.163.188.7 - - [09/Feb/2003:16:28:18 -0800] "GET /Merchant2/37/health_37_headmenu_r3_c10.jpg HTTP/1.0" 304 - "http://www.merchant247.net/Merchant2/merchant.mv?Screen=CTGY&Store_Code=health&Category_Code=37" "Mozilla/4.0 (compatible; MSIE 5.5; AOL 7.0; Windows 95)"
152.163.188.162 - - [09/Feb/2003:16:28:21 -0800] "GET /Merchant2/37/health_37_headmenu_r4_c3.jpg HTTP/1.0" 304 - "http://www.merchant247.net/Merchant2/merchant.mv?Screen=CTGY&Store_Code=health&Category_Code=37" "Mozilla/4.0 (compatible; MSIE 5.5; AOL 7.0; Windows 95)"
152.163.188.66 - - [09/Feb/2003:16:28:21 -0800] "GET /Merchant2/37/health_37_headmenu_r4_c13.jpg HTTP/1.0" 304 - "http://www.merchant247.net/Merchant2/merchant.mv?Screen=CTGY&Store_Code=health&Category_Code=37" "Mozilla/4.0 (compatible; MSIE 5.5; AOL 7.0; Windows 95)"
152.163.188.228 - - [09/Feb/2003:16:28:22 -0800] "GET /Merchant2/37/health_37_headmenu_r5_c7.jpg HTTP/1.1" 304 - "http://www.merchant247.net/Merchant2/merchant.mv?Screen=CTGY&Store_Code=health&Category_Code=37" "Mozilla/4.0 (compatible; MSIE 5.5; AOL 7.0; Windows 95)"
12.226.244.84 - - [09/Feb/2003:16:28:23 -0800] "GET /Merchant2/graphics/en-US/admin/blank.gif HTTP/1.1" 200 43 "http://www.7-day-smoke-away.net/index.htm" "Mozilla/4.0 (compatible; MSIE 6.0; Windows NT 5.1; MSOCD; Q312461; YComp 5.0.2.4)"
152.163.188.228 - - [09/Feb/2003:16:28:24 -0800] "GET /Merchant2/37/health_37_headmenu_r6_c3.jpg HTTP/1.1" 200 363 "http://www.merchant247.net/Merchant2/merchant.mv?Screen=CTGY&Store_Code=health&Category_Code=37" "Mozilla/4.0 (compatible; MSIE 5.5; AOL 7.0; Windows 95)"
152.163.188.34 - - [09/Feb/2003:16:28:24 -0800] "GET /Merchant2/37/health_37_headmenu_r7_c7.jpg HTTP/1.0" 304 - "http://www.merchant247.net/Merchant2/merchant.mv?Screen=CTGY&Store_Code=health&Category_Code=37" "Mozilla/4.0 (compatible; MSIE 5.5; AOL 7.0; Windows 95)"
152.163.189.169 - - [09/Feb/2003:16:28:25 -0800] "GET /Merchant2/37/health_37_headmenu_r7_c8.jpg HTTP/1.0" 304 - "http://www.merchant247.net/Merchant2/merchant.mv?Screen=CTGY&Store_Code=health&Category_Code=37" "Mozilla/4.0 (compatible; MSIE 5.5; AOL 7.0; Windows 95)"
152.163.188.228 - - [09/Feb/2003:16:28:27 -0800] "GET /Merchant2/37/health_37_headmenu_r4_c6.jpg HTTP/1.1" 304 - "http://www.merchant247.net/Merchant2/merchant.mv?Screen=CTGY&Store_Code=health&Category_Code=37" "Mozilla/4.0 (compatible; MSIE 5.5; AOL 7.0; Windows 95)"
152.163.188.226 - - [09/Feb/2003:16:28:28 -0800] "GET /Merchant2/37/health_37_headmenu_r7_c11.jpg HTTP/1.0" 304 - "http://www.merchant247.net/Merchant2/merchant.mv?Screen=CTGY&Store_Code=health&Category_Code=37" "Mozilla/4.0 (compatible; MSIE 5.5; AOL 7.0; Windows 95)"
152.163.188.228 - - [09/Feb/2003:16:28:29 -0800] "GET /Merchant2/37/health_37_headmenu_r4_c7.jpg HTTP/1.1" 304 - "http://www.merchant247.net/Merchant2/merchant.mv?Screen=CTGY&Store_Code=health&Category_Code=37" "Mozilla/4.0 (compatible; MSIE 5.5; AOL 7.0; Windows 95)"
152.163.188.231 - - [09/Feb/2003:16:28:31 -0800] "GET /Merchant2/37/health_37_headmenu_r7_c12.jpg HTTP/1.0" 304 - "http://www.merchant247.net/Merchant2/merchant.mv?Screen=CTGY&Store_Code=health&Category_Code=37" "Mozilla/4.0 (compatible; MSIE 5.5; AOL 7.0; Windows 95)"
152.163.188.231 - - [09/Feb/2003:16:28:31 -0800] "GET /Merchant2/37/health_37_headmenu_r7_c15.jpg HTTP/1.1" 304 - "http://www.merchant247.net/Merchant2/merchant.mv?Screen=CTGY&Store_Code=health&Category_Code=37" "Mozilla/4.0 (compatible; MSIE 5.5; AOL 7.0; Windows 95)"
152.163.188.231 - - [09/Feb/2003:16:28:32 -0800] "GET /Merchant2/37/health_37_headmenu_r7_c16.jpg HTTP/1.1" 304 - "http://www.merchant247.net/Merchant2/merchant.mv?Screen=CTGY&Store_Code=health&Category_Code=37" "Mozilla/4.0 (compatible; MSIE 5.5; AOL 7.0; Windows 95)"
152.163.188.166 - - [09/Feb/2003:16:28:34 -0800] "GET /Merchant2/37/health_37_headmenu_r7_c17.jpg HTTP/1.0" 304 - "http://www.merchant247.net/Merchant2/merchant.mv?Screen=CTGY&Store_Code=health&Category_Code=37" "Mozilla/4.0 (compatible; MSIE 5.5; AOL 7.0; Windows 95)"
152.163.188.166 - - [09/Feb/2003:16:28:35 -0800] "GET /Merchant2/37/health_37_headmenu_r8_c16.jpg HTTP/1.1" 304 - "http://www.merchant247.net/Merchant2/merchant.mv?Screen=CTGY&Store_Code=health&Category_Code=37" "Mozilla/4.0 (compatible; MSIE 5.5; AOL 7.0; Windows 95)"
152.163.188.36 - - [09/Feb/2003:16:28:36 -0800] "GET /Merchant2/37/health_37_headmenu_r8_c8.jpg HTTP/1.0" 304 - "http://www.merchant247.net/Merchant2/merchant.mv?Screen=CTGY&Store_Code=health&Category_Code=37" "Mozilla/4.0 (compatible; MSIE 5.5; AOL 7.0; Windows 95)"
152.163.188.231 - - [09/Feb/2003:16:28:38 -0800] "GET /Merchant2/37/health_37_headmenu_r9_c12.jpg HTTP/1.1" 304 - "http://www.merchant247.net/Merchant2/merchant.mv?Screen=CTGY&Store_Code=health&Category_Code=37" "Mozilla/4.0 (compatible; MSIE 5.5; AOL 7.0; Windows 95)"
172.153.229.122 - - [09/Feb/2003:16:28:39 -0800] "GET /Merchant2/merchant.mv?Screen=CTGY&Store_Code=health&Category_Code=301 HTTP/1.1" 200 16549 "http://www.trimspa-diet-pills.com/faq.htm" "Mozilla/4.0 (compatible; MSIE 5.0; Windows 95; DigExt; YComp 5.0.2.4; Hotbar 4.1.7.0)"
172.153.229.122 - - [09/Feb/2003:16:28:41 -0800] "GET /Merchant2/301/spacer.gif HTTP/1.1" 200 43 "http://www.merchant247.net/Merchant2/merchant.mv?Screen=CTGY&Store_Code=health&Category_Code=301" "Mozilla/4.0 (compatible; MSIE 5.0; Windows 95; DigExt; YComp 5.0.2.4; Hotbar 4.1.7.0)"
172.153.229.122 - - [09/Feb/2003:16:28:41 -0800] "GET /Merchant2/301/health_301_headmenu_r1_c1.jpg HTTP/1.1" 200 4269 "http://www.merchant247.net/Merchant2/merchant.mv?Screen=CTGY&Store_Code=health&Category_Code=301" "Mozilla/4.0 (compatible; MSIE 5.0; Windows 95; DigExt; YComp 5.0.2.4; Hotbar 4.1.7.0)"
152.163.188.40 - - [09/Feb/2003:16:28:42 -0800] "GET /Merchant2/37/health_37_headmenu_r2_c2_f4.jpg HTTP/1.0" 304 - "http://www.merchant247.net/Merchant2/merchant.mv?Screen=CTGY&Store_Code=health&Category_Code=37" "Mozilla/4.0 (compatible; MSIE 5.5; AOL 7.0; Windows 95)"
152.163.188.39 - - [09/Feb/2003:16:28:42 -0800] "GET /Merchant2/37/health_37_headmenu_r2_c2_f3.jpg HTTP/1.0" 304 - "http://www.merchant247.net/Merchant2/merchant.mv?Screen=CTGY&Store_Code=health&Category_Code=37" "Mozilla/4.0 (compatible; MSIE 5.5; AOL 7.0; Windows 95)"
152.163.189.101 - - [09/Feb/2003:16:28:42 -0800] "GET /Merchant2/37/health_37_headmenu_r2_c2_f2.jpg HTTP/1.0" 304 - "http://www.merchant247.net/Merchant2/merchant.mv?Screen=CTGY&Store_Code=health&Category_Code=37" "Mozilla/4.0 (compatible; MSIE 5.5; AOL 7.0; Windows 95)"
172.153.229.122 - - [09/Feb/2003:16:28:43 -0800] "GET /Merchant2/301/health_301_headmenu_r1_c2.jpg HTTP/1.1" 200 8633 "http://www.merchant247.net/Merchant2/merchant.mv?Screen=CTGY&Store_Code=health&Category_Code=301" "Mozilla/4.0 (compatible; MSIE 5.0; Windows 95; DigExt; YComp 5.0.2.4; Hotbar 4.1.7.0)"
152.163.188.198 - - [09/Feb/2003:16:28:44 -0800] "GET /Merchant2/37/health_37_headmenu_r2_c5_f2.jpg HTTP/1.0" 200 1638 "http://www.merchant247.net/Merchant2/merchant.mv?Screen=CTGY&Store_Code=health&Category_Code=37" "Mozilla/4.0 (compatible; MSIE 5.5; AOL 7.0; Windows 95)"
172.153.229.122 - - [09/Feb/2003:16:28:45 -0800] "GET /Merchant2/301/health_301_headmenu_r2_c4.jpg HTTP/1.1" 200 1795 "http://www.merchant247.net/Merchant2/merchant.mv?Screen=CTGY&Store_Code=health&Category_Code=301" "Mozilla/4.0 (compatible; MSIE 5.0; Windows 95; DigExt; YComp 5.0.2.4; Hotbar 4.1.7.0)"
152.163.189.98 - - [09/Feb/2003:16:28:45 -0800] "GET /Merchant2/37/health_37_headmenu_r2_c5_f4.jpg HTTP/1.1" 304 - "http://www.merchant247.net/Merchant2/merchant.mv?Screen=CTGY&Store_Code=health&Category_Code=37" "Mozilla/4.0 (compatible; MSIE 5.5; AOL 7.0; Windows 95)"
152.163.189.70 - - [09/Feb/2003:16:28:46 -0800] "GET /Merchant2/37/health_37_headmenu_r2_c5_f3.jpg HTTP/1.0" 304 - "http://www.merchant247.net/Merchant2/merchant.mv?Screen=CTGY&Store_Code=health&Category_Code=37" "Mozilla/4.0 (compatible; MSIE 5.5; AOL 7.0; Windows 95)"
172.153.229.122 - - [09/Feb/2003:16:28:48 -0800] "GET /Merchant2/301/health_301_headmenu_r2_c5.jpg HTTP/1.1" 200 420 "http://www.merchant247.net/Merchant2/merchant.mv?Screen=CTGY&Store_Code=health&Category_Code=301" "Mozilla/4.0 (compatible; MSIE 5.0; Windows 95; DigExt; YComp 5.0.2.4; Hotbar 4.1.7.0)"
152.163.189.101 - - [09/Feb/2003:16:28:48 -0800] "GET /Merchant2/37/health_37_headmenu_r2_c10_f2.jpg HTTP/1.1" 304 - "http://www.merchant247.net/Merchant2/merchant.mv?Screen=CTGY&Store_Code=health&Category_Code=37" "Mozilla/4.0 (compatible; MSIE 5.5; AOL 7.0; Windows 95)"
152.163.189.136 - - [09/Feb/2003:16:28:49 -0800] "GET /Merchant2/37/health_37_headmenu_r2_c10_f4.jpg HTTP/1.0" 304 - "http://www.merchant247.net/Merchant2/merchant.mv?Screen=CTGY&Store_Code=health&Category_Code=37" "Mozilla/4.0 (compatible; MSIE 5.5; AOL 7.0; Windows 95)"
172.153.229.122 - - [09/Feb/2003:16:28:49 -0800] "GET /Merchant2/301/health_301_headmenu_r2_c6.jpg HTTP/1.1" 200 1079 "http://www.merchant247.net/Merchant2/merchant.mv?Screen=CTGY&Store_Code=health&Category_Code=301" "Mozilla/4.0 (compatible; MSIE 5.0; Windows 95; DigExt; YComp 5.0.2.4; Hotbar 4.1.7.0)"
152.163.189.101 - - [09/Feb/2003:16:28:49 -0800] "GET /Merchant2/37/health_37_headmenu_r2_c10_f3.jpg HTTP/1.1" 304 - "http://www.merchant247.net/Merchant2/merchant.mv?Screen=CTGY&Store_Code=health&Category_Code=37" "Mozilla/4.0 (compatible; MSIE 5.5; AOL 7.0; Windows 95)"
172.153.229.122 - - [09/Feb/2003:16:28:50 -0800] "GET /Merchant2/301/health_301_headmenu_r2_c2.jpg HTTP/1.1" 200 1953 "http://www.merchant247.net/Merchant2/merchant.mv?Screen=CTGY&Store_Code=health&Category_Code=301" "Mozilla/4.0 (compatible; MSIE 5.0; Windows 95; DigExt; YComp 5.0.2.4; Hotbar 4.1.7.0)"
172.153.229.122 - - [09/Feb/2003:16:28:51 -0800] "GET /Merchant2/301/health_301_headmenu_r2_c3.jpg HTTP/1.1" 200 418 "http://www.merchant247.net/Merchant2/merchant.mv?Screen=CTGY&Store_Code=health&Category_Code=301" "Mozilla/4.0 (compatible; MSIE 5.0; Windows 95; DigExt; YComp 5.0.2.4; Hotbar 4.1.7.0)"
152.163.188.198 - - [09/Feb/2003:16:28:52 -0800] "GET /Merchant2/37/health_37_headmenu_r4_c3_f2.jpg HTTP/1.1" 304 - "http://www.merchant247.net/Merchant2/merchant.mv?Screen=CTGY&Store_Code=health&Category_Code=37" "Mozilla/4.0 (compatible; MSIE 5.5; AOL 7.0; Windows 95)"
172.153.229.122 - - [09/Feb/2003:16:28:52 -0800] "GET /Merchant2/301/health_301_headmenu_r2_c7.jpg HTTP/1.1" 200 360 "http://www.merchant247.net/Merchant2/merchant.mv?Screen=CTGY&Store_Code=health&Category_Code=301" "Mozilla/4.0 (compatible; MSIE 5.0; Windows 95; DigExt; YComp 5.0.2.4; Hotbar 4.1.7.0)"
172.153.229.122 - - [09/Feb/2003:16:28:53 -0800] "GET /Merchant2/301/health_301_headmenu_r2_c8.jpg HTTP/1.1" 200 1427 "http://www.merchant247.net/Merchant2/merchant.mv?Screen=CTGY&Store_Code=health&Category_Code=301" "Mozilla/4.0 (compatible; MSIE 5.0; Windows 95; DigExt; YComp 5.0.2.4; Hotbar 4.1.7.0)"
152.163.189.98 - - [09/Feb/2003:16:28:53 -0800] "GET /Merchant2/37/health_37_headmenu_r4_c3_f4.jpg HTTP/1.1" 304 - "http://www.merchant247.net/Merchant2/merchant.mv?Screen=CTGY&Store_Code=health&Category_Code=37" "Mozilla/4.0 (compatible; MSIE 5.5; AOL 7.0; Windows 95)"
152.163.189.70 - - [09/Feb/2003:16:28:53 -0800] "GET /Merchant2/37/health_37_headmenu_r4_c3_f3.jpg HTTP/1.1" 304 - "http://www.merchant247.net/Merchant2/merchant.mv?Screen=CTGY&Store_Code=health&Category_Code=37" "Mozilla/4.0 (compatible; MSIE 5.5; AOL 7.0; Windows 95)"
172.153.229.122 - - [09/Feb/2003:16:28:53 -0800] "GET /Merchant2/301/health_301_headmenu_r2_c9.jpg HTTP/1.1" 200 348 "http://www.merchant247.net/Merchant2/merchant.mv?Screen=CTGY&Store_Code=health&Category_Code=301" "Mozilla/4.0 (compatible; MSIE 5.0; Windows 95; DigExt; YComp 5.0.2.4; Hotbar 4.1.7.0)"
172.153.229.122 - - [09/Feb/2003:16:28:54 -0800] "GET /Merchant2/301/health_301_headmenu_r3_c9.jpg HTTP/1.1" 200 346 "http://www.merchant247.net/Merchant2/merchant.mv?Screen=CTGY&Store_Code=health&Category_Code=301" "Mozilla/4.0 (compatible; MSIE 5.0; Windows 95; DigExt; YComp 5.0.2.4; Hotbar 4.1.7.0)"
172.153.229.122 - - [09/Feb/2003:16:28:54 -0800] "GET /Merchant2/301/health_301_headmenu_r3_c10.jpg HTTP/1.1" 200 1611 "http://www.merchant247.net/Merchant2/merchant.mv?Screen=CTGY&Store_Code=health&Category_Code=301" "Mozilla/4.0 (compatible; MSIE 5.0; Windows 95; DigExt; YComp 5.0.2.4; Hotbar 4.1.7.0)"
172.153.229.122 - - [09/Feb/2003:16:28:55 -0800] "GET /Merchant2/301/health_301_headmenu_r3_c12.jpg HTTP/1.1" 200 359 "http://www.merchant247.net/Merchant2/merchant.mv?Screen=CTGY&Store_Code=health&Category_Code=301" "Mozilla/4.0 (compatible; MSIE 5.0; Windows 95; DigExt; YComp 5.0.2.4; Hotbar 4.1.7.0)"
152.163.189.98 - - [09/Feb/2003:16:28:56 -0800] "GET /Merchant2/37/health_37_headmenu_r4_c7_f2.jpg HTTP/1.1" 304 - "http://www.merchant247.net/Merchant2/merchant.mv?Screen=CTGY&Store_Code=health&Category_Code=37" "Mozilla/4.0 (compatible; MSIE 5.5; AOL 7.0; Windows 95)"
172.153.229.122 - - [09/Feb/2003:16:28:56 -0800] "GET /Merchant2/301/health_301_headmenu_r4_c2.jpg HTTP/1.1" 200 1248 "http://www.merchant247.net/Merchant2/merchant.mv?Screen=CTGY&Store_Code=health&Category_Code=301" "Mozilla/4.0 (compatible; MSIE 5.0; Windows 95; DigExt; YComp 5.0.2.4; Hotbar 4.1.7.0)"
172.153.229.122 - - [09/Feb/2003:16:28:57 -0800] "GET /Merchant2/301/health_301_headmenu_r4_c6.jpg HTTP/1.1" 200 789 "http://www.merchant247.net/Merchant2/merchant.mv?Screen=CTGY&Store_Code=health&Category_Code=301" "Mozilla/4.0 (compatible; MSIE 5.0; Windows 95; DigExt; YComp 5.0.2.4; Hotbar 4.1.7.0)"
152.163.189.99 - - [09/Feb/2003:16:28:57 -0800] "GET /Merchant2/37/health_37_headmenu_r4_c7_f4.jpg HTTP/1.0" 304 - "http://www.merchant247.net/Merchant2/merchant.mv?Screen=CTGY&Store_Code=health&Category_Code=37" "Mozilla/4.0 (compatible; MSIE 5.5; AOL 7.0; Windows 95)"
152.163.189.98 - - [09/Feb/2003:16:28:57 -0800] "GET /Merchant2/37/health_37_headmenu_r4_c7_f3.jpg HTTP/1.1" 304 - "http://www.merchant247.net/Merchant2/merchant.mv?Screen=CTGY&Store_Code=health&Category_Code=37" "Mozilla/4.0 (compatible; MSIE 5.5; AOL 7.0; Windows 95)"
172.153.229.122 - - [09/Feb/2003:16:28:57 -0800] "GET /Merchant2/301/health_301_headmenu_r5_c4.jpg HTTP/1.1" 200 1204 "http://www.merchant247.net/Merchant2/merchant.mv?Screen=CTGY&Store_Code=health&Category_Code=301" "Mozilla/4.0 (compatible; MSIE 5.0; Windows 95; DigExt; YComp 5.0.2.4; Hotbar 4.1.7.0)"
172.153.229.122 - - [09/Feb/2003:16:28:58 -0800] "GET /Merchant2/301/health_301_headmenu_r5_c8.jpg HTTP/1.1" 200 1002 "http://www.merchant247.net/Merchant2/merchant.mv?Screen=CTGY&Store_Code=health&Category_Code=301" "Mozilla/4.0 (compatible; MSIE 5.0; Windows 95; DigExt; YComp 5.0.2.4; Hotbar 4.1.7.0)"
172.153.229.122 - - [09/Feb/2003:16:28:59 -0800] "GET /Merchant2/301/health_301_headmenu_r6_c10.jpg HTTP/1.1" 200 304 "http://www.merchant247.net/Merchant2/merchant.mv?Screen=CTGY&Store_Code=health&Category_Code=301" "Mozilla/4.0 (compatible; MSIE 5.0; Windows 95; DigExt; YComp 5.0.2.4; Hotbar 4.1.7.0)"
172.153.229.122 - - [09/Feb/2003:16:29:00 -0800] "GET /Merchant2/301/health_301_headmenu_r7_c1.jpg HTTP/1.1" 200 419 "http://www.merchant247.net/Merchant2/merchant.mv?Screen=CTGY&Store_Code=health&Category_Code=301" "Mozilla/4.0 (compatible; MSIE 5.0; Windows 95; DigExt; YComp 5.0.2.4; Hotbar 4.1.7.0)"
152.163.188.228 - - [09/Feb/2003:16:29:00 -0800] "GET /Merchant2/37/health_37_headmenu_r7_c8_f2.jpg HTTP/1.1" 304 - "http://www.merchant247.net/Merchant2/merchant.mv?Screen=CTGY&Store_Code=health&Category_Code=37" "Mozilla/4.0 (compatible; MSIE 5.5; AOL 7.0; Windows 95)"
172.153.229.122 - - [09/Feb/2003:16:29:00 -0800] "GET /Merchant2/301/health_301_headmenu_r7_c10.jpg HTTP/1.1" 200 296 "http://www.merchant247.net/Merchant2/merchant.mv?Screen=CTGY&Store_Code=health&Category_Code=301" "Mozilla/4.0 (compatible; MSIE 5.0; Windows 95; DigExt; YComp 5.0.2.4; Hotbar 4.1.7.0)"
152.163.189.99 - - [09/Feb/2003:16:29:01 -0800] "GET /Merchant2/37/health_37_headmenu_r7_c8_f4.jpg HTTP/1.1" 304 - "http://www.merchant247.net/Merchant2/merchant.mv?Screen=CTGY&Store_Code=health&Category_Code=37" "Mozilla/4.0 (compatible; MSIE 5.5; AOL 7.0; Windows 95)"
172.153.229.122 - - [09/Feb/2003:16:29:01 -0800] "GET /Merchant2/301/health_301_headmenu_r7_c11.jpg HTTP/1.1" 200 377 "http://www.merchant247.net/Merchant2/merchant.mv?Screen=CTGY&Store_Code=health&Category_Code=301" "Mozilla/4.0 (compatible; MSIE 5.0; Windows 95; DigExt; YComp 5.0.2.4; Hotbar 4.1.7.0)"
152.163.189.99 - - [09/Feb/2003:16:29:01 -0800] "GET /Merchant2/37/health_37_headmenu_r7_c8_f3.jpg HTTP/1.1" 304 - "http://www.merchant247.net/Merchant2/merchant.mv?Screen=CTGY&Store_Code=health&Category_Code=37" "Mozilla/4.0 (compatible; MSIE 5.5; AOL 7.0; Windows 95)"
172.153.229.122 - - [09/Feb/2003:16:29:02 -0800] "GET /Merchant2/301/health_301_headmenu_r2_c2_f2.jpg HTTP/1.1" 200 2126 "http://www.merchant247.net/Merchant2/merchant.mv?Screen=CTGY&Store_Code=health&Category_Code=301" "Mozilla/4.0 (compatible; MSIE 5.0; Windows 95; DigExt; YComp 5.0.2.4; Hotbar 4.1.7.0)"
172.153.229.122 - - [09/Feb/2003:16:29:02 -0800] "GET /Merchant2/301/health_301_headmenu_r2_c4_f2.jpg HTTP/1.1" 200 1942 "http://www.merchant247.net/Merchant2/merchant.mv?Screen=CTGY&Store_Code=health&Category_Code=301" "Mozilla/4.0 (compatible; MSIE 5.0; Windows 95; DigExt; YComp 5.0.2.4; Hotbar 4.1.7.0)"
172.153.229.122 - - [09/Feb/2003:16:29:04 -0800] "GET /Merchant2/301/health_301_headmenu_r2_c6_f2.jpg HTTP/1.1" 200 1175 "http://www.merchant247.net/Merchant2/merchant.mv?Screen=CTGY&Store_Code=health&Category_Code=301" "Mozilla/4.0 (compatible; MSIE 5.0; Windows 95; DigExt; YComp 5.0.2.4; Hotbar 4.1.7.0)"
172.153.229.122 - - [09/Feb/2003:16:29:05 -0800] "GET /Merchant2/301/health_301_headmenu_r2_c8_f2.jpg HTTP/1.1" 200 1542 "http://www.merchant247.net/Merchant2/merchant.mv?Screen=CTGY&Store_Code=health&Category_Code=301" "Mozilla/4.0 (compatible; MSIE 5.0; Windows 95; DigExt; YComp 5.0.2.4; Hotbar 4.1.7.0)"
172.153.229.122 - - [09/Feb/2003:16:29:06 -0800] "GET /Merchant2/301/health_301_headmenu_r3_c10_f2.jpg HTTP/1.1" 200 1622 "http://www.merchant247.net/Merchant2/merchant.mv?Screen=CTGY&Store_Code=health&Category_Code=301" "Mozilla/4.0 (compatible; MSIE 5.0; Windows 95; DigExt; YComp 5.0.2.4; Hotbar 4.1.7.0)"
172.153.229.122 - - [09/Feb/2003:16:29:30 -0800] "GET /Merchant2/301/health_301_headmenu_r2_c4.jpg HTTP/1.1" 200 1795 "http://www.merchant247.net/Merchant2/merchant.mv?Screen=CTGY&Store_Code=health&Category_Code=301" "Mozilla/4.0 (compatible; MSIE 5.0; Windows 95; DigExt; YComp 5.0.2.4; Hotbar 4.1.7.0)"
172.153.229.122 - - [09/Feb/2003:16:30:14 -0800] "GET /Merchant2/301/health_301_headmenu_r2_c2.jpg HTTP/1.1" 200 1953 "http://www.merchant247.net/Merchant2/merchant.mv?Screen=CTGY&Store_Code=health&Category_Code=301" "Mozilla/4.0 (compatible; MSIE 5.0; Windows 95; DigExt; YComp 5.0.2.4; Hotbar 4.1.7.0)"
206.191.39.253 - - [09/Feb/2003:16:30:50 -0800] "GET /Merchant2/graphics/en-US/admin/blank.gif HTTP/1.1" 200 43 "http://www.7-day-smoke-away.net/" "Mozilla/4.0 (compatible; MSIE 6.0; Windows 98; YComp 5.0.2.6; (R1 1.3))"
152.163.195.208 - - [09/Feb/2003:16:30:55 -0800] "GET /Merchant2/merchant.mv?Screen=OINF&Store_Code=health&Action=ADPR&Product_Code=befib3&Attributes=Yes&Quantity=1%20 HTTP/1.0" 200 52017 "http://www.breast-enlargement-for-increased-bust.com/order_now.htm" "Mozilla/4.0 (compatible; MSIE 5.5; AOL 7.0; Windows 95)"
152.163.189.101 - - [09/Feb/2003:16:31:27 -0800] "GET /Merchant2/37/health_37_headmenu_r7_c12_f4.jpg HTTP/1.1" 304 - "http://www.merchant247.net/Merchant2/merchant.mv?Screen=OINF&Store_Code=health&Action=ADPR&Product_Code=befib3&Attributes=Yes&Quantity=1%20" "Mozilla/4.0 (compatible; MSIE 5.5; AOL 7.0; Windows 95)"
152.163.188.225 - - [09/Feb/2003:16:31:27 -0800] "GET /Merchant2/37/health_37_headmenu_r7_c12_f3.jpg HTTP/1.0" 304 - "http://www.merchant247.net/Merchant2/merchant.mv?Screen=OINF&Store_Code=health&Action=ADPR&Product_Code=befib3&Attributes=Yes&Quantity=1%20" "Mozilla/4.0 (compatible; MSIE 5.5; AOL 7.0; Windows 95)"
152.163.189.101 - - [09/Feb/2003:16:31:30 -0800] "GET /Merchant2/37/health_37_headmenu_r7_c16_f2.jpg HTTP/1.1" 304 - "http://www.merchant247.net/Merchant2/merchant.mv?Screen=OINF&Store_Code=health&Action=ADPR&Product_Code=befib3&Attributes=Yes&Quantity=1%20" "Mozilla/4.0 (compatible; MSIE 5.5; AOL 7.0; Windows 95)"
152.163.189.102 - - [09/Feb/2003:16:31:31 -0800] "GET /Merchant2/37/health_37_headmenu_r7_c16_f4.jpg HTTP/1.0" 304 - "http://www.merchant247.net/Merchant2/merchant.mv?Screen=OINF&Store_Code=health&Action=ADPR&Product_Code=befib3&Attributes=Yes&Quantity=1%20" "Mozilla/4.0 (compatible; MSIE 5.5; AOL 7.0; Windows 95)"
152.163.188.226 - - [09/Feb/2003:16:31:32 -0800] "GET /Merchant2/37/health_37_headmenu_r7_c16_f3.jpg HTTP/1.1" 304 - "http://www.merchant247.net/Merchant2/merchant.mv?Screen=OINF&Store_Code=health&Action=ADPR&Product_Code=befib3&Attributes=Yes&Quantity=1%20" "Mozilla/4.0 (compatible; MSIE 5.5; AOL 7.0; Windows 95)"
152.163.189.131 - - [09/Feb/2003:16:31:34 -0800] "GET /Merchant2/37/health_37_headmenu_r7_c12_f2.jpg HTTP/1.0" 304 - "http://www.merchant247.net/Merchant2/merchant.mv?Screen=OINF&Store_Code=health&Action=ADPR&Product_Code=befib3&Attributes=Yes&Quantity=1%20" "Mozilla/4.0 (compatible; MSIE 5.5; AOL 7.0; Windows 95)"
65.217.74.19 - - [09/Feb/2003:16:32:08 -0800] "GET /Merchant2/201/spacer.gif HTTP/1.1" 304 - "http://www.merchant247.net/Merchant2/merchant.mv?Screen=CTGY&Store_Code=health&Category_Code=201" "Mozilla/5.0 (Windows; U; Win98; en-US; rv:1.0.2) Gecko/20021120 Netscape/7.01"
65.217.74.19 - - [09/Feb/2003:16:32:09 -0800] "GET /Merchant2/201/logo_7_day.jpg HTTP/1.1" 304 - "http://www.merchant247.net/Merchant2/merchant.mv?Screen=CTGY&Store_Code=health&Category_Code=201" "Mozilla/5.0 (Windows; U; Win98; en-US; rv:1.0.2) Gecko/20021120 Netscape/7.01"
65.217.74.19 - - [09/Feb/2003:16:32:09 -0800] "GET /Merchant2/201/health_201_headmenu_r1_c11.jpg HTTP/1.1" 304 - "http://www.merchant247.net/Merchant2/merchant.mv?Screen=CTGY&Store_Code=health&Category_Code=201" "Mozilla/5.0 (Windows; U; Win98; en-US; rv:1.0.2) Gecko/20021120 Netscape/7.01"
65.217.74.19 - - [09/Feb/2003:16:32:10 -0800] "GET /Merchant2/merchant.mv?Screen=CTGY&Store_Code=health&Category_Code=201 HTTP/1.1" 200 44805 "-" "Mozilla/5.0 (Windows; U; Win98; en-US; rv:1.0.2) Gecko/20021120 Netscape/7.01"
65.217.74.19 - - [09/Feb/2003:16:32:11 -0800] "GET /Merchant2/201/health_201_headmenu_r1_c12.jpg HTTP/1.1" 304 - "http://www.merchant247.net/Merchant2/merchant.mv?Screen=CTGY&Store_Code=health&Category_Code=201" "Mozilla/5.0 (Windows; U; Win98; en-US; rv:1.0.2) Gecko/20021120 Netscape/7.01"
65.217.74.19 - - [09/Feb/2003:16:32:11 -0800] "GET /Merchant2/201/health_201_headmenu_r1_c14.jpg HTTP/1.1" 304 - "http://www.merchant247.net/Merchant2/merchant.mv?Screen=CTGY&Store_Code=health&Category_Code=201" "Mozilla/5.0 (Windows; U; Win98; en-US; rv:1.0.2) Gecko/20021120 Netscape/7.01"
65.217.74.19 - - [09/Feb/2003:16:32:12 -0800] "GET /Merchant2/201/health_201_headmenu_r2_c1.jpg HTTP/1.1" 304 - "http://www.merchant247.net/Merchant2/merchant.mv?Screen=CTGY&Store_Code=health&Category_Code=201" "Mozilla/5.0 (Windows; U; Win98; en-US; rv:1.0.2) Gecko/20021120 Netscape/7.01"
65.217.74.19 - - [09/Feb/2003:16:32:12 -0800] "GET /Merchant2/201/health_201_headmenu_r2_c12.jpg HTTP/1.1" 304 - "http://www.merchant247.net/Merchant2/merchant.mv?Screen=CTGY&Store_Code=health&Category_Code=201" "Mozilla/5.0 (Windows; U; Win98; en-US; rv:1.0.2) Gecko/20021120 Netscape/7.01"
65.217.74.19 - - [09/Feb/2003:16:32:12 -0800] "GET /Merchant2/201/health_201_headmenu_r3_c1.jpg HTTP/1.1" 304 - "http://www.merchant247.net/Merchant2/merchant.mv?Screen=CTGY&Store_Code=health&Category_Code=201" "Mozilla/5.0 (Windows; U; Win98; en-US; rv:1.0.2) Gecko/20021120 Netscape/7.01"
65.217.74.19 - - [09/Feb/2003:16:32:12 -0800] "GET /Merchant2/201/health_201_headmenu_r3_c6.jpg HTTP/1.1" 304 - "http://www.merchant247.net/Merchant2/merchant.mv?Screen=CTGY&Store_Code=health&Category_Code=201" "Mozilla/5.0 (Windows; U; Win98; en-US; rv:1.0.2) Gecko/20021120 Netscape/7.01"
65.217.74.19 - - [09/Feb/2003:16:32:13 -0800] "GET /Merchant2/201/health_201_headmenu_r3_c7.jpg HTTP/1.1" 304 - "http://www.merchant247.net/Merchant2/merchant.mv?Screen=CTGY&Store_Code=health&Category_Code=201" "Mozilla/5.0 (Windows; U; Win98; en-US; rv:1.0.2) Gecko/20021120 Netscape/7.01"
65.217.74.19 - - [09/Feb/2003:16:32:13 -0800] "GET /Merchant2/201/health_201_headmenu_r4_c1.jpg HTTP/1.1" 304 - "http://www.merchant247.net/Merchant2/merchant.mv?Screen=CTGY&Store_Code=health&Category_Code=201" "Mozilla/5.0 (Windows; U; Win98; en-US; rv:1.0.2) Gecko/20021120 Netscape/7.01"
65.217.74.19 - - [09/Feb/2003:16:32:14 -0800] "GET /Merchant2/201/health_201_headmenu_r4_c2.jpg HTTP/1.1" 304 - "http://www.merchant247.net/Merchant2/merchant.mv?Screen=CTGY&Store_Code=health&Category_Code=201" "Mozilla/5.0 (Windows; U; Win98; en-US; rv:1.0.2) Gecko/20021120 Netscape/7.01"
65.217.74.19 - - [09/Feb/2003:16:32:14 -0800] "GET /Merchant2/201/health_201_headmenu_r4_c3.jpg HTTP/1.1" 304 - "http://www.merchant247.net/Merchant2/merchant.mv?Screen=CTGY&Store_Code=health&Category_Code=201" "Mozilla/5.0 (Windows; U; Win98; en-US; rv:1.0.2) Gecko/20021120 Netscape/7.01"
65.217.74.19 - - [09/Feb/2003:16:32:14 -0800] "GET /Merchant2/201/health_201_headmenu_r4_c4.jpg HTTP/1.1" 304 - "http://www.merchant247.net/Merchant2/merchant.mv?Screen=CTGY&Store_Code=health&Category_Code=201" "Mozilla/5.0 (Windows; U; Win98; en-US; rv:1.0.2) Gecko/20021120 Netscape/7.01"
65.217.74.19 - - [09/Feb/2003:16:32:14 -0800] "GET /Merchant2/201/health_201_headmenu_r4_c5.jpg HTTP/1.1" 304 - "http://www.merchant247.net/Merchant2/merchant.mv?Screen=CTGY&Store_Code=health&Category_Code=201" "Mozilla/5.0 (Windows; U; Win98; en-US; rv:1.0.2) Gecko/20021120 Netscape/7.01"
65.217.74.19 - - [09/Feb/2003:16:32:15 -0800] "GET /Merchant2/201/health_201_headmenu_r5_c7.jpg HTTP/1.1" 304 - "http://www.merchant247.net/Merchant2/merchant.mv?Screen=CTGY&Store_Code=health&Category_Code=201" "Mozilla/5.0 (Windows; U; Win98; en-US; rv:1.0.2) Gecko/20021120 Netscape/7.01"
65.217.74.19 - - [09/Feb/2003:16:32:15 -0800] "GET /Merchant2/201/health_201_headmenu_r5_c8.jpg HTTP/1.1" 304 - "http://www.merchant247.net/Merchant2/merchant.mv?Screen=CTGY&Store_Code=health&Category_Code=201" "Mozilla/5.0 (Windows; U; Win98; en-US; rv:1.0.2) Gecko/20021120 Netscape/7.01"
12.234.8.71 - - [09/Feb/2003:16:32:15 -0800] "GET /Merchant2/merchant.mv?Screen=CTGY&Store_Code=health&Category_Code=99 HTTP/1.1" 200 19759 "http://www.miraclebust.com/" "Mozilla/4.0 (compatible; MSIE 6.0; Windows 98; Win 9x 4.90)"
12.234.8.71 - - [09/Feb/2003:16:32:15 -0800] "GET /Merchant2/99/spacer.gif HTTP/1.1" 200 43 "http://www.merchant247.net/Merchant2/merchant.mv?Screen=CTGY&Store_Code=health&Category_Code=99" "Mozilla/4.0 (compatible; MSIE 6.0; Windows 98; Win 9x 4.90)"
12.234.8.71 - - [09/Feb/2003:16:32:15 -0800] "GET /Merchant2/99/health_99_headmenu_r1_c1.jpg HTTP/1.1" 200 3101 "http://www.merchant247.net/Merchant2/merchant.mv?Screen=CTGY&Store_Code=health&Category_Code=99" "Mozilla/4.0 (compatible; MSIE 6.0; Windows 98; Win 9x 4.90)"
12.234.8.71 - - [09/Feb/2003:16:32:15 -0800] "GET /Merchant2/99/health_99_headmenu_r1_c3.jpg HTTP/1.1" 200 6253 "http://www.merchant247.net/Merchant2/merchant.mv?Screen=CTGY&Store_Code=health&Category_Code=99" "Mozilla/4.0 (compatible; MSIE 6.0; Windows 98; Win 9x 4.90)"
65.217.74.19 - - [09/Feb/2003:16:32:16 -0800] "GET /Merchant2/201/health_201_headmenu_r5_c9.jpg HTTP/1.1" 304 - "http://www.merchant247.net/Merchant2/merchant.mv?Screen=CTGY&Store_Code=health&Category_Code=201" "Mozilla/5.0 (Windows; U; Win98; en-US; rv:1.0.2) Gecko/20021120 Netscape/7.01"
12.234.8.71 - - [09/Feb/2003:16:32:16 -0800] "GET /Merchant2/99/health_99_headmenu_r1_c7.jpg HTTP/1.1" 200 5328 "http://www.merchant247.net/Merchant2/merchant.mv?Screen=CTGY&Store_Code=health&Category_Code=99" "Mozilla/4.0 (compatible; MSIE 6.0; Windows 98; Win 9x 4.90)"
12.234.8.71 - - [09/Feb/2003:16:32:16 -0800] "GET /Merchant2/99/health_99_headmenu_r1_c10.jpg HTTP/1.1" 200 4774 "http://www.merchant247.net/Merchant2/merchant.mv?Screen=CTGY&Store_Code=health&Category_Code=99" "Mozilla/4.0 (compatible; MSIE 6.0; Windows 98; Win 9x 4.90)"
12.234.8.71 - - [09/Feb/2003:16:32:16 -0800] "GET /Merchant2/99/health_99_headmenu_r1_c15.jpg HTTP/1.1" 200 1197 "http://www.merchant247.net/Merchant2/merchant.mv?Screen=CTGY&Store_Code=health&Category_Code=99" "Mozilla/4.0 (compatible; MSIE 6.0; Windows 98; Win 9x 4.90)"
12.234.8.71 - - [09/Feb/2003:16:32:16 -0800] "GET /Merchant2/99/health_99_headmenu_r2_c1.jpg HTTP/1.1" 200 1521 "http://www.merchant247.net/Merchant2/merchant.mv?Screen=CTGY&Store_Code=health&Category_Code=99" "Mozilla/4.0 (compatible; MSIE 6.0; Windows 98; Win 9x 4.90)"
65.217.74.19 - - [09/Feb/2003:16:32:16 -0800] "GET /Merchant2/201/health_201_headmenu_r5_c13.jpg HTTP/1.1" 304 - "http://www.merchant247.net/Merchant2/merchant.mv?Screen=CTGY&Store_Code=health&Category_Code=201" "Mozilla/5.0 (Windows; U; Win98; en-US; rv:1.0.2) Gecko/20021120 Netscape/7.01"
12.234.8.71 - - [09/Feb/2003:16:32:16 -0800] "GET /Merchant2/99/health_99_headmenu_r2_c2.jpg HTTP/1.1" 200 372 "http://www.merchant247.net/Merchant2/merchant.mv?Screen=CTGY&Store_Code=health&Category_Code=99" "Mozilla/4.0 (compatible; MSIE 6.0; Windows 98; Win 9x 4.90)"
12.234.8.71 - - [09/Feb/2003:16:32:16 -0800] "GET /Merchant2/99/health_99_headmenu_r2_c17.jpg HTTP/1.1" 200 321 "http://www.merchant247.net/Merchant2/merchant.mv?Screen=CTGY&Store_Code=health&Category_Code=99" "Mozilla/4.0 (compatible; MSIE 6.0; Windows 98; Win 9x 4.90)"
12.234.8.71 - - [09/Feb/2003:16:32:16 -0800] "GET /Merchant2/99/health_99_headmenu_r3_c2.jpg HTTP/1.1" 200 392 "http://www.merchant247.net/Merchant2/merchant.mv?Screen=CTGY&Store_Code=health&Category_Code=99" "Mozilla/4.0 (compatible; MSIE 6.0; Windows 98; Win 9x 4.90)"
12.234.8.71 - - [09/Feb/2003:16:32:16 -0800] "GET /Merchant2/99/health_99_headmenu_r3_c4.jpg HTTP/1.1" 200 782 "http://www.merchant247.net/Merchant2/merchant.mv?Screen=CTGY&Store_Code=health&Category_Code=99" "Mozilla/4.0 (compatible; MSIE 6.0; Windows 98; Win 9x 4.90)"
12.234.8.71 - - [09/Feb/2003:16:32:16 -0800] "GET /Merchant2/99/health_99_headmenu_r3_c5.jpg HTTP/1.1" 200 1532 "http://www.merchant247.net/Merchant2/merchant.mv?Screen=CTGY&Store_Code=health&Category_Code=99" "Mozilla/4.0 (compatible; MSIE 6.0; Windows 98; Win 9x 4.90)"
12.234.8.71 - - [09/Feb/2003:16:32:16 -0800] "GET /Merchant2/99/health_99_headmenu_r3_c8.jpg HTTP/1.1" 200 294 "http://www.merchant247.net/Merchant2/merchant.mv?Screen=CTGY&Store_Code=health&Category_Code=99" "Mozilla/4.0 (compatible; MSIE 6.0; Windows 98; Win 9x 4.90)"
12.234.8.71 - - [09/Feb/2003:16:32:16 -0800] "GET /Merchant2/99/health_99_headmenu_r3_c9.jpg HTTP/1.1" 200 1180 "http://www.merchant247.net/Merchant2/merchant.mv?Screen=CTGY&Store_Code=health&Category_Code=99" "Mozilla/4.0 (compatible; MSIE 6.0; Windows 98; Win 9x 4.90)"
12.234.8.71 - - [09/Feb/2003:16:32:16 -0800] "GET /Merchant2/99/health_99_headmenu_r3_c11.jpg HTTP/1.1" 200 768 "http://www.merchant247.net/Merchant2/merchant.mv?Screen=CTGY&Store_Code=health&Category_Code=99" "Mozilla/4.0 (compatible; MSIE 6.0; Windows 98; Win 9x 4.90)"
