209.63.229.13 - - [09/Feb/2003:08:58:26 -0800] "GET /Merchant2/201/health_201_headmenu_r7_c8.jpg HTTP/1.1" 200 1017 "http://www.merchant247.net/Merchant2/merchant.mv?Screen=CTGY&Store_Code=health&Category_Code=201" "Mozilla/4.0 (compatible; MSIE 6.0; Windows NT 5.1; Q312461; .NET CLR 1.0.3705)"
209.63.229.13 - - [09/Feb/2003:08:58:26 -0800] "GET /Merchant2/201/health_201_headmenu_r7_c10.jpg HTTP/1.1" 200 1382 "http://www.merchant247.net/Merchant2/merchant.mv?Screen=CTGY&Store_Code=health&Category_Code=201" "Mozilla/4.0 (compatible; MSIE 6.0; Windows NT 5.1; Q312461; .NET CLR 1.0.3705)"
12.84.12.174 - - [09/Feb/2003:08:58:27 -0800] "GET /Merchant2/graphics/en-US/admin/blank.gif HTTP/1.1" 200 43 "http://www.7-day-smoke-away.net/" "Mozilla/4.0 (compatible; MSIE 6.0; Windows 98; Win 9x 4.90; Compaq; AT&T CSM6.0; T312461; AT&T CSM7.0)"
209.63.229.13 - - [09/Feb/2003:08:58:27 -0800] "GET /Merchant2/201/health_201_headmenu_r8_c4.jpg HTTP/1.1" 200 831 "http://www.merchant247.net/Merchant2/merchant.mv?Screen=CTGY&Store_Code=health&Category_Code=201" "Mozilla/4.0 (compatible; MSIE 6.0; Windows NT 5.1; Q312461; .NET CLR 1.0.3705)"
209.63.229.13 - - [09/Feb/2003:08:58:27 -0800] "GET /Merchant2/201/health_201_headmenu_r9_c6.jpg HTTP/1.1" 200 1812 "http://www.merchant247.net/Merchant2/merchant.mv?Screen=CTGY&Store_Code=health&Category_Code=201" "Mozilla/4.0 (compatible; MSIE 6.0; Windows NT 5.1; Q312461; .NET CLR 1.0.3705)"
209.63.229.13 - - [09/Feb/2003:08:58:28 -0800] "GET /Merchant2/201/health_201_headmenu_r4_c10.jpg HTTP/1.1" 404 353 "http://www.merchant247.net/Merchant2/merchant.mv?Screen=CTGY&Store_Code=health&Category_Code=201" "Mozilla/4.0 (compatible; MSIE 6.0; Windows NT 5.1; Q312461; .NET CLR 1.0.3705)"
209.63.229.13 - - [09/Feb/2003:08:58:28 -0800] "GET /Merchant2/201/free_shipping.jpg HTTP/1.1" 200 3033 "http://www.merchant247.net/Merchant2/merchant.mv?Screen=CTGY&Store_Code=health&Category_Code=201" "Mozilla/4.0 (compatible; MSIE 6.0; Windows NT 5.1; Q312461; .NET CLR 1.0.3705)"
209.63.229.13 - - [09/Feb/2003:08:58:29 -0800] "GET /Merchant2/201/health_201_headmenu_r3_c6_f2.jpg HTTP/1.1" 200 2672 "http://www.merchant247.net/Merchant2/merchant.mv?Screen=CTGY&Store_Code=health&Category_Code=201" "Mozilla/4.0 (compatible; MSIE 6.0; Windows NT 5.1; Q312461; .NET CLR 1.0.3705)"
209.63.229.13 - - [09/Feb/2003:08:58:29 -0800] "GET /Merchant2/201/health_201_headmenu_r4_c2_f2.jpg HTTP/1.1" 200 770 "http://www.merchant247.net/Merchant2/merchant.mv?Screen=CTGY&Store_Code=health&Category_Code=201" "Mozilla/4.0 (compatible; MSIE 6.0; Windows NT 5.1; Q312461; .NET CLR 1.0.3705)"
209.63.229.13 - - [09/Feb/2003:08:58:30 -0800] "GET /Merchant2/201/health_201_headmenu_r5_c8_f2.jpg HTTP/1.1" 200 971 "http://www.merchant247.net/Merchant2/merchant.mv?Screen=CTGY&Store_Code=health&Category_Code=201" "Mozilla/4.0 (compatible; MSIE 6.0; Windows NT 5.1; Q312461; .NET CLR 1.0.3705)"
209.63.229.13 - - [09/Feb/2003:08:58:31 -0800] "GET /Merchant2/201/health_201_headmenu_r5_c10_f2.jpg HTTP/1.1" 200 1175 "http://www.merchant247.net/Merchant2/merchant.mv?Screen=CTGY&Store_Code=health&Category_Code=201" "Mozilla/4.0 (compatible; MSIE 6.0; Windows NT 5.1; Q312461; .NET CLR 1.0.3705)"
209.63.229.13 - - [09/Feb/2003:08:58:33 -0800] "GET /Merchant2/201/health_201_headmenu_r4_c4_f2.jpg HTTP/1.1" 200 784 "http://www.merchant247.net/Merchant2/merchant.mv?Screen=CTGY&Store_Code=health&Category_Code=201" "Mozilla/4.0 (compatible; MSIE 6.0; Windows NT 5.1; Q312461; .NET CLR 1.0.3705)"
67.66.93.146 - - [09/Feb/2003:08:58:40 -0800] "GET /Merchant2/graphics/en-US/admin/blank.gif HTTP/1.1" 200 43 "http://www.7-day-smoke-away.net/index.htm" "Mozilla/4.0 (compatible; MSIE 6.0; Windows NT 5.1; sbcydsl 3.12; YComp 5.0.0.0; yplus 3.01)"
68.118.195.146 - - [09/Feb/2003:08:58:53 -0800] "GET /Merchant2/graphics/en-US/admin/blank.gif HTTP/1.1" 200 43 "http://www.7-day-smoke-away.net/" "Mozilla/4.0 (compatible; MSIE 6.0; Windows 98)"
68.61.150.17 - - [09/Feb/2003:08:59:58 -0800] "GET /Merchant2/graphics/en-US/admin/blank.gif HTTP/1.1" 200 43 "http://www.breast-enhancement-alternatives.com/" "Mozilla/4.0 (compatible; MSIE 6.0; Windows NT 5.1)"
62.68.35.133 - - [09/Feb/2003:09:00:23 -0800] "GET /Merchant2/99/spacer.gif HTTP/1.1" 200 43 "http://www.merchant247.net/Merchant2/merchant.mv?Screen=CTGY&Store_Code=health&Category_Code=99" "Mozilla/4.0 (compatible; MSIE 6.0; Windows NT 5.1)"
62.68.35.133 - - [09/Feb/2003:09:00:28 -0800] "GET /Merchant2/merchant.mv?Screen=CTGY&Store_Code=health&Category_Code=99 HTTP/1.1" 200 19759 "http://www.miraclebust.com/" "Mozilla/4.0 (compatible; MSIE 6.0; Windows NT 5.1)"
62.68.35.133 - - [09/Feb/2003:09:00:34 -0800] "GET /Merchant2/99/health_99_headmenu_r1_c3.jpg HTTP/1.1" 200 6253 "http://www.merchant247.net/Merchant2/merchant.mv?Screen=CTGY&Store_Code=health&Category_Code=99" "Mozilla/4.0 (compatible; MSIE 6.0; Windows NT 5.1)"
62.68.35.133 - - [09/Feb/2003:09:00:35 -0800] "GET /Merchant2/99/health_99_headmenu_r1_c1.jpg HTTP/1.1" 200 3101 "http://www.merchant247.net/Merchant2/merchant.mv?Screen=CTGY&Store_Code=health&Category_Code=99" "Mozilla/4.0 (compatible; MSIE 6.0; Windows NT 5.1)"
62.68.35.133 - - [09/Feb/2003:09:00:38 -0800] "GET /Merchant2/99/health_99_headmenu_r1_c7.jpg HTTP/1.1" 200 5328 "http://www.merchant247.net/Merchant2/merchant.mv?Screen=CTGY&Store_Code=health&Category_Code=99" "Mozilla/4.0 (compatible; MSIE 6.0; Windows NT 5.1)"
62.68.35.133 - - [09/Feb/2003:09:00:39 -0800] "GET /Merchant2/99/health_99_headmenu_r1_c10.jpg HTTP/1.1" 200 4774 "http://www.merchant247.net/Merchant2/merchant.mv?Screen=CTGY&Store_Code=health&Category_Code=99" "Mozilla/4.0 (compatible; MSIE 6.0; Windows NT 5.1)"
62.68.35.133 - - [09/Feb/2003:09:00:42 -0800] "GET /Merchant2/99/health_99_headmenu_r1_c15.jpg HTTP/1.1" 200 1197 "http://www.merchant247.net/Merchant2/merchant.mv?Screen=CTGY&Store_Code=health&Category_Code=99" "Mozilla/4.0 (compatible; MSIE 6.0; Windows NT 5.1)"
62.68.35.133 - - [09/Feb/2003:09:00:43 -0800] "GET /Merchant2/99/health_99_headmenu_r2_c1.jpg HTTP/1.1" 200 1521 "http://www.merchant247.net/Merchant2/merchant.mv?Screen=CTGY&Store_Code=health&Category_Code=99" "Mozilla/4.0 (compatible; MSIE 6.0; Windows NT 5.1)"
62.68.35.133 - - [09/Feb/2003:09:00:44 -0800] "GET /Merchant2/99/health_99_headmenu_r2_c2.jpg HTTP/1.1" 200 372 "http://www.merchant247.net/Merchant2/merchant.mv?Screen=CTGY&Store_Code=health&Category_Code=99" "Mozilla/4.0 (compatible; MSIE 6.0; Windows NT 5.1)"
62.68.35.133 - - [09/Feb/2003:09:00:45 -0800] "GET /Merchant2/99/health_99_headmenu_r2_c17.jpg HTTP/1.1" 200 321 "http://www.merchant247.net/Merchant2/merchant.mv?Screen=CTGY&Store_Code=health&Category_Code=99" "Mozilla/4.0 (compatible; MSIE 6.0; Windows NT 5.1)"
62.68.35.133 - - [09/Feb/2003:09:00:45 -0800] "GET /Merchant2/99/health_99_headmenu_r3_c2.jpg HTTP/1.1" 200 392 "http://www.merchant247.net/Merchant2/merchant.mv?Screen=CTGY&Store_Code=health&Category_Code=99" "Mozilla/4.0 (compatible; MSIE 6.0; Windows NT 5.1)"
62.68.35.133 - - [09/Feb/2003:09:00:46 -0800] "GET /Merchant2/99/health_99_headmenu_r3_c4.jpg HTTP/1.1" 200 782 "http://www.merchant247.net/Merchant2/merchant.mv?Screen=CTGY&Store_Code=health&Category_Code=99" "Mozilla/4.0 (compatible; MSIE 6.0; Windows NT 5.1)"
62.68.35.133 - - [09/Feb/2003:09:00:46 -0800] "GET /Merchant2/99/health_99_headmenu_r3_c5.jpg HTTP/1.1" 200 1532 "http://www.merchant247.net/Merchant2/merchant.mv?Screen=CTGY&Store_Code=health&Category_Code=99" "Mozilla/4.0 (compatible; MSIE 6.0; Windows NT 5.1)"
62.68.35.133 - - [09/Feb/2003:09:00:48 -0800] "GET /Merchant2/99/health_99_headmenu_r3_c8.jpg HTTP/1.1" 200 294 "http://www.merchant247.net/Merchant2/merchant.mv?Screen=CTGY&Store_Code=health&Category_Code=99" "Mozilla/4.0 (compatible; MSIE 6.0; Windows NT 5.1)"
62.68.35.133 - - [09/Feb/2003:09:00:48 -0800] "GET /Merchant2/99/health_99_headmenu_r3_c9.jpg HTTP/1.1" 200 1180 "http://www.merchant247.net/Merchant2/merchant.mv?Screen=CTGY&Store_Code=health&Category_Code=99" "Mozilla/4.0 (compatible; MSIE 6.0; Windows NT 5.1)"
62.68.35.133 - - [09/Feb/2003:09:00:49 -0800] "GET /Merchant2/99/health_99_headmenu_r3_c11.jpg HTTP/1.1" 200 768 "http://www.merchant247.net/Merchant2/merchant.mv?Screen=CTGY&Store_Code=health&Category_Code=99" "Mozilla/4.0 (compatible; MSIE 6.0; Windows NT 5.1)"
62.68.35.133 - - [09/Feb/2003:09:00:50 -0800] "GET /Merchant2/99/health_99_headmenu_r3_c14.jpg HTTP/1.1" 200 770 "http://www.merchant247.net/Merchant2/merchant.mv?Screen=CTGY&Store_Code=health&Category_Code=99" "Mozilla/4.0 (compatible; MSIE 6.0; Windows NT 5.1)"
62.68.35.133 - - [09/Feb/2003:09:00:51 -0800] "GET /Merchant2/99/health_99_headmenu_r3_c16.jpg HTTP/1.1" 200 298 "http://www.merchant247.net/Merchant2/merchant.mv?Screen=CTGY&Store_Code=health&Category_Code=99" "Mozilla/4.0 (compatible; MSIE 6.0; Windows NT 5.1)"
62.68.35.133 - - [09/Feb/2003:09:00:52 -0800] "GET /Merchant2/99/health_99_headmenu_r4_c4.jpg HTTP/1.1" 200 325 "http://www.merchant247.net/Merchant2/merchant.mv?Screen=CTGY&Store_Code=health&Category_Code=99" "Mozilla/4.0 (compatible; MSIE 6.0; Windows NT 5.1)"
62.68.35.133 - - [09/Feb/2003:09:00:52 -0800] "GET /Merchant2/99/health_99_headmenu_r4_c9.jpg HTTP/1.1" 200 339 "http://www.merchant247.net/Merchant2/merchant.mv?Screen=CTGY&Store_Code=health&Category_Code=99" "Mozilla/4.0 (compatible; MSIE 6.0; Windows NT 5.1)"
62.68.35.133 - - [09/Feb/2003:09:00:54 -0800] "GET /Merchant2/99/left/spacer.gif HTTP/1.1" 200 43 "http://www.merchant247.net/Merchant2/merchant.mv?Screen=CTGY&Store_Code=health&Category_Code=99" "Mozilla/4.0 (compatible; MSIE 6.0; Windows NT 5.1)"
62.68.35.133 - - [09/Feb/2003:09:00:56 -0800] "GET /Merchant2/99/left/health_99_leftmenu_r1_c1.jpg HTTP/1.1" 200 1665 "http://www.merchant247.net/Merchant2/merchant.mv?Screen=CTGY&Store_Code=health&Category_Code=99" "Mozilla/4.0 (compatible; MSIE 6.0; Windows NT 5.1)"
62.68.35.133 - - [09/Feb/2003:09:00:59 -0800] "GET /Merchant2/99/left/health_99_leftmenu_r1_c4.jpg HTTP/1.1" 200 475 "http://www.merchant247.net/Merchant2/merchant.mv?Screen=CTGY&Store_Code=health&Category_Code=99" "Mozilla/4.0 (compatible; MSIE 6.0; Windows NT 5.1)"
62.68.35.133 - - [09/Feb/2003:09:01:00 -0800] "GET /Merchant2/99/left/health_99_leftmenu_r2_c1.jpg HTTP/1.1" 200 2881 "http://www.merchant247.net/Merchant2/merchant.mv?Screen=CTGY&Store_Code=health&Category_Code=99" "Mozilla/4.0 (compatible; MSIE 6.0; Windows NT 5.1)"
62.68.35.133 - - [09/Feb/2003:09:01:03 -0800] "GET /Merchant2/99/left/health_99_leftmenu_r3_c1.jpg HTTP/1.1" 200 3178 "http://www.merchant247.net/Merchant2/merchant.mv?Screen=CTGY&Store_Code=health&Category_Code=99" "Mozilla/4.0 (compatible; MSIE 6.0; Windows NT 5.1)"
66.233.171.59 - - [09/Feb/2003:09:01:08 -0800] "GET /Merchant2/graphics/en-US/admin/blank.gif HTTP/1.1" 200 43 "http://www.7-day-smoke-away.net/index.htm" "Mozilla/4.0 (compatible; MSIE 6.0; Windows NT 5.1; YComp 5.0.0.0)"
62.68.35.133 - - [09/Feb/2003:09:01:08 -0800] "GET /Merchant2/99/left/health_99_leftmenu_r6_c1.jpg HTTP/1.1" 200 298 "http://www.merchant247.net/Merchant2/merchant.mv?Screen=CTGY&Store_Code=health&Category_Code=99" "Mozilla/4.0 (compatible; MSIE 6.0; Windows NT 5.1)"
62.68.35.133 - - [09/Feb/2003:09:01:10 -0800] "GET /Merchant2/99/left/health_99_leftmenu_r5_c1.jpg HTTP/1.1" 200 325 "http://www.merchant247.net/Merchant2/merchant.mv?Screen=CTGY&Store_Code=health&Category_Code=99" "Mozilla/4.0 (compatible; MSIE 6.0; Windows NT 5.1)"
62.68.35.133 - - [09/Feb/2003:09:01:12 -0800] "GET /Merchant2/99/left/health_99_leftmenu_r4_c1.jpg HTTP/1.1" 200 3191 "http://www.merchant247.net/Merchant2/merchant.mv?Screen=CTGY&Store_Code=health&Category_Code=99" "Mozilla/4.0 (compatible; MSIE 6.0; Windows NT 5.1)"
62.68.35.133 - - [09/Feb/2003:09:01:13 -0800] "GET /Merchant2/99/left/health_99_leftmenu_r6_c2.jpg HTTP/1.1" 200 1114 "http://www.merchant247.net/Merchant2/merchant.mv?Screen=CTGY&Store_Code=health&Category_Code=99" "Mozilla/4.0 (compatible; MSIE 6.0; Windows NT 5.1)"
62.68.35.133 - - [09/Feb/2003:09:01:15 -0800] "GET /Merchant2/99/left/health_99_leftmenu_r6_c3.jpg HTTP/1.1" 200 294 "http://www.merchant247.net/Merchant2/merchant.mv?Screen=CTGY&Store_Code=health&Category_Code=99" "Mozilla/4.0 (compatible; MSIE 6.0; Windows NT 5.1)"
62.68.35.133 - - [09/Feb/2003:09:01:15 -0800] "GET /Merchant2/99/left/health_99_leftmenu_r7_c2.jpg HTTP/1.1" 200 306 "http://www.merchant247.net/Merchant2/merchant.mv?Screen=CTGY&Store_Code=health&Category_Code=99" "Mozilla/4.0 (compatible; MSIE 6.0; Windows NT 5.1)"
62.68.35.133 - - [09/Feb/2003:09:01:16 -0800] "GET /Merchant2/99/left/health_99_leftmenu_r8_c1.jpg HTTP/1.1" 200 312 "http://www.merchant247.net/Merchant2/merchant.mv?Screen=CTGY&Store_Code=health&Category_Code=99" "Mozilla/4.0 (compatible; MSIE 6.0; Windows NT 5.1)"
67.66.93.146 - - [09/Feb/2003:09:01:16 -0800] "GET /Merchant2/201/spacer.gif HTTP/1.1" 200 43 "http://www.merchant247.net/Merchant2/merchant.mv?Screen=CTGY&Store_Code=health&Category_Code=201" "Mozilla/4.0 (compatible; MSIE 6.0; Windows NT 5.1; sbcydsl 3.12; YComp 5.0.0.0; yplus 3.01)"
67.66.93.146 - - [09/Feb/2003:09:01:16 -0800] "GET /Merchant2/201/health_201_headmenu_r1_c11.jpg HTTP/1.1" 200 344 "http://www.merchant247.net/Merchant2/merchant.mv?Screen=CTGY&Store_Code=health&Category_Code=201" "Mozilla/4.0 (compatible; MSIE 6.0; Windows NT 5.1; sbcydsl 3.12; YComp 5.0.0.0; yplus 3.01)"
67.66.93.146 - - [09/Feb/2003:09:01:16 -0800] "GET /Merchant2/merchant.mv?Screen=CTGY&Store_Code=health&Category_Code=201 HTTP/1.1" 200 44805 "http://www.7-day-smoke-away.net/index.htm" "Mozilla/4.0 (compatible; MSIE 6.0; Windows NT 5.1; sbcydsl 3.12; YComp 5.0.0.0; yplus 3.01)"
67.66.93.146 - - [09/Feb/2003:09:01:16 -0800] "GET /Merchant2/201/logo_7_day.jpg HTTP/1.1" 200 5243 "http://www.merchant247.net/Merchant2/merchant.mv?Screen=CTGY&Store_Code=health&Category_Code=201" "Mozilla/4.0 (compatible; MSIE 6.0; Windows NT 5.1; sbcydsl 3.12; YComp 5.0.0.0; yplus 3.01)"
67.66.93.146 - - [09/Feb/2003:09:01:17 -0800] "GET /Merchant2/201/health_201_headmenu_r1_c12.jpg HTTP/1.1" 200 3079 "http://www.merchant247.net/Merchant2/merchant.mv?Screen=CTGY&Store_Code=health&Category_Code=201" "Mozilla/4.0 (compatible; MSIE 6.0; Windows NT 5.1; sbcydsl 3.12; YComp 5.0.0.0; yplus 3.01)"
67.66.93.146 - - [09/Feb/2003:09:01:17 -0800] "GET /Merchant2/201/health_201_headmenu_r1_c14.jpg HTTP/1.1" 200 5279 "http://www.merchant247.net/Merchant2/merchant.mv?Screen=CTGY&Store_Code=health&Category_Code=201" "Mozilla/4.0 (compatible; MSIE 6.0; Windows NT 5.1; sbcydsl 3.12; YComp 5.0.0.0; yplus 3.01)"
67.66.93.146 - - [09/Feb/2003:09:01:17 -0800] "GET /Merchant2/201/health_201_headmenu_r2_c1.jpg HTTP/1.1" 200 4168 "http://www.merchant247.net/Merchant2/merchant.mv?Screen=CTGY&Store_Code=health&Category_Code=201" "Mozilla/4.0 (compatible; MSIE 6.0; Windows NT 5.1; sbcydsl 3.12; YComp 5.0.0.0; yplus 3.01)"
67.66.93.146 - - [09/Feb/2003:09:01:17 -0800] "GET /Merchant2/201/health_201_headmenu_r2_c12.jpg HTTP/1.1" 200 3144 "http://www.merchant247.net/Merchant2/merchant.mv?Screen=CTGY&Store_Code=health&Category_Code=201" "Mozilla/4.0 (compatible; MSIE 6.0; Windows NT 5.1; sbcydsl 3.12; YComp 5.0.0.0; yplus 3.01)"
67.66.93.146 - - [09/Feb/2003:09:01:17 -0800] "GET /Merchant2/201/health_201_headmenu_r3_c1.jpg HTTP/1.1" 200 430 "http://www.merchant247.net/Merchant2/merchant.mv?Screen=CTGY&Store_Code=health&Category_Code=201" "Mozilla/4.0 (compatible; MSIE 6.0; Windows NT 5.1; sbcydsl 3.12; YComp 5.0.0.0; yplus 3.01)"
67.66.93.146 - - [09/Feb/2003:09:01:17 -0800] "GET /Merchant2/201/health_201_headmenu_r3_c6.jpg HTTP/1.1" 200 2274 "http://www.merchant247.net/Merchant2/merchant.mv?Screen=CTGY&Store_Code=health&Category_Code=201" "Mozilla/4.0 (compatible; MSIE 6.0; Windows NT 5.1; sbcydsl 3.12; YComp 5.0.0.0; yplus 3.01)"
67.66.93.146 - - [09/Feb/2003:09:01:17 -0800] "GET /Merchant2/201/health_201_headmenu_r3_c7.jpg HTTP/1.1" 200 403 "http://www.merchant247.net/Merchant2/merchant.mv?Screen=CTGY&Store_Code=health&Category_Code=201" "Mozilla/4.0 (compatible; MSIE 6.0; Windows NT 5.1; sbcydsl 3.12; YComp 5.0.0.0; yplus 3.01)"
62.68.35.133 - - [09/Feb/2003:09:01:17 -0800] "GET /Merchant2/99/health_99_headmenu_r3_c5_f2.jpg HTTP/1.1" 200 1562 "http://www.merchant247.net/Merchant2/merchant.mv?Screen=CTGY&Store_Code=health&Category_Code=99" "Mozilla/4.0 (compatible; MSIE 6.0; Windows NT 5.1)"
62.68.35.133 - - [09/Feb/2003:09:01:17 -0800] "GET /Merchant2/99/health_99_headmenu_r3_c4_f2.jpg HTTP/1.1" 200 806 "http://www.merchant247.net/Merchant2/merchant.mv?Screen=CTGY&Store_Code=health&Category_Code=99" "Mozilla/4.0 (compatible; MSIE 6.0; Windows NT 5.1)"
67.66.93.146 - - [09/Feb/2003:09:01:18 -0800] "GET /Merchant2/201/health_201_headmenu_r4_c2.jpg HTTP/1.1" 200 685 "http://www.merchant247.net/Merchant2/merchant.mv?Screen=CTGY&Store_Code=health&Category_Code=201" "Mozilla/4.0 (compatible; MSIE 6.0; Windows NT 5.1; sbcydsl 3.12; YComp 5.0.0.0; yplus 3.01)"
67.66.93.146 - - [09/Feb/2003:09:01:18 -0800] "GET /Merchant2/201/health_201_headmenu_r4_c1.jpg HTTP/1.1" 200 426 "http://www.merchant247.net/Merchant2/merchant.mv?Screen=CTGY&Store_Code=health&Category_Code=201" "Mozilla/4.0 (compatible; MSIE 6.0; Windows NT 5.1; sbcydsl 3.12; YComp 5.0.0.0; yplus 3.01)"
67.66.93.146 - - [09/Feb/2003:09:01:18 -0800] "GET /Merchant2/201/health_201_headmenu_r4_c3.jpg HTTP/1.1" 200 665 "http://www.merchant247.net/Merchant2/merchant.mv?Screen=CTGY&Store_Code=health&Category_Code=201" "Mozilla/4.0 (compatible; MSIE 6.0; Windows NT 5.1; sbcydsl 3.12; YComp 5.0.0.0; yplus 3.01)"
67.66.93.146 - - [09/Feb/2003:09:01:18 -0800] "GET /Merchant2/201/health_201_headmenu_r4_c4.jpg HTTP/1.1" 200 696 "http://www.merchant247.net/Merchant2/merchant.mv?Screen=CTGY&Store_Code=health&Category_Code=201" "Mozilla/4.0 (compatible; MSIE 6.0; Windows NT 5.1; sbcydsl 3.12; YComp 5.0.0.0; yplus 3.01)"
67.66.93.146 - - [09/Feb/2003:09:01:18 -0800] "GET /Merchant2/201/health_201_headmenu_r4_c5.jpg HTTP/1.1" 200 753 "http://www.merchant247.net/Merchant2/merchant.mv?Screen=CTGY&Store_Code=health&Category_Code=201" "Mozilla/4.0 (compatible; MSIE 6.0; Windows NT 5.1; sbcydsl 3.12; YComp 5.0.0.0; yplus 3.01)"
67.66.93.146 - - [09/Feb/2003:09:01:18 -0800] "GET /Merchant2/201/health_201_headmenu_r5_c7.jpg HTTP/1.1" 200 737 "http://www.merchant247.net/Merchant2/merchant.mv?Screen=CTGY&Store_Code=health&Category_Code=201" "Mozilla/4.0 (compatible; MSIE 6.0; Windows NT 5.1; sbcydsl 3.12; YComp 5.0.0.0; yplus 3.01)"
67.66.93.146 - - [09/Feb/2003:09:01:18 -0800] "GET /Merchant2/201/health_201_headmenu_r5_c9.jpg HTTP/1.1" 200 660 "http://www.merchant247.net/Merchant2/merchant.mv?Screen=CTGY&Store_Code=health&Category_Code=201" "Mozilla/4.0 (compatible; MSIE 6.0; Windows NT 5.1; sbcydsl 3.12; YComp 5.0.0.0; yplus 3.01)"
67.66.93.146 - - [09/Feb/2003:09:01:18 -0800] "GET /Merchant2/201/health_201_headmenu_r5_c8.jpg HTTP/1.1" 200 846 "http://www.merchant247.net/Merchant2/merchant.mv?Screen=CTGY&Store_Code=health&Category_Code=201" "Mozilla/4.0 (compatible; MSIE 6.0; Windows NT 5.1; sbcydsl 3.12; YComp 5.0.0.0; yplus 3.01)"
67.66.93.146 - - [09/Feb/2003:09:01:18 -0800] "GET /Merchant2/201/health_201_headmenu_r5_c10.jpg HTTP/1.1" 200 1023 "http://www.merchant247.net/Merchant2/merchant.mv?Screen=CTGY&Store_Code=health&Category_Code=201" "Mozilla/4.0 (compatible; MSIE 6.0; Windows NT 5.1; sbcydsl 3.12; YComp 5.0.0.0; yplus 3.01)"
67.66.93.146 - - [09/Feb/2003:09:01:19 -0800] "GET /Merchant2/201/health_201_headmenu_r5_c13.jpg HTTP/1.1" 200 4116 "http://www.merchant247.net/Merchant2/merchant.mv?Screen=CTGY&Store_Code=health&Category_Code=201" "Mozilla/4.0 (compatible; MSIE 6.0; Windows NT 5.1; sbcydsl 3.12; YComp 5.0.0.0; yplus 3.01)"
62.68.35.133 - - [09/Feb/2003:09:01:19 -0800] "GET /Merchant2/99/health_99_headmenu_r3_c9_f2.jpg HTTP/1.1" 200 1237 "http://www.merchant247.net/Merchant2/merchant.mv?Screen=CTGY&Store_Code=health&Category_Code=99" "Mozilla/4.0 (compatible; MSIE 6.0; Windows NT 5.1)"
67.66.93.146 - - [09/Feb/2003:09:01:19 -0800] "GET /Merchant2/201/health_201_headmenu_r6_c2.jpg HTTP/1.1" 200 541 "http://www.merchant247.net/Merchant2/merchant.mv?Screen=CTGY&Store_Code=health&Category_Code=201" "Mozilla/4.0 (compatible; MSIE 6.0; Windows NT 5.1; sbcydsl 3.12; YComp 5.0.0.0; yplus 3.01)"
67.66.93.146 - - [09/Feb/2003:09:01:19 -0800] "GET /Merchant2/201/health_201_headmenu_r7_c8.jpg HTTP/1.1" 200 1017 "http://www.merchant247.net/Merchant2/merchant.mv?Screen=CTGY&Store_Code=health&Category_Code=201" "Mozilla/4.0 (compatible; MSIE 6.0; Windows NT 5.1; sbcydsl 3.12; YComp 5.0.0.0; yplus 3.01)"
67.66.93.146 - - [09/Feb/2003:09:01:19 -0800] "GET /Merchant2/201/health_201_headmenu_r7_c10.jpg HTTP/1.1" 200 1382 "http://www.merchant247.net/Merchant2/merchant.mv?Screen=CTGY&Store_Code=health&Category_Code=201" "Mozilla/4.0 (compatible; MSIE 6.0; Windows NT 5.1; sbcydsl 3.12; YComp 5.0.0.0; yplus 3.01)"
62.68.35.133 - - [09/Feb/2003:09:01:19 -0800] "GET /Merchant2/99/health_99_headmenu_r3_c11_f2.jpg HTTP/1.1" 200 818 "http://www.merchant247.net/Merchant2/merchant.mv?Screen=CTGY&Store_Code=health&Category_Code=99" "Mozilla/4.0 (compatible; MSIE 6.0; Windows NT 5.1)"
67.66.93.146 - - [09/Feb/2003:09:01:19 -0800] "GET /Merchant2/201/health_201_headmenu_r8_c4.jpg HTTP/1.1" 200 831 "http://www.merchant247.net/Merchant2/merchant.mv?Screen=CTGY&Store_Code=health&Category_Code=201" "Mozilla/4.0 (compatible; MSIE 6.0; Windows NT 5.1; sbcydsl 3.12; YComp 5.0.0.0; yplus 3.01)"
67.66.93.146 - - [09/Feb/2003:09:01:19 -0800] "GET /Merchant2/201/health_201_headmenu_r9_c6.jpg HTTP/1.1" 200 1812 "http://www.merchant247.net/Merchant2/merchant.mv?Screen=CTGY&Store_Code=health&Category_Code=201" "Mozilla/4.0 (compatible; MSIE 6.0; Windows NT 5.1; sbcydsl 3.12; YComp 5.0.0.0; yplus 3.01)"
67.66.93.146 - - [09/Feb/2003:09:01:19 -0800] "GET /Merchant2/201/health_201_headmenu_r4_c10.jpg HTTP/1.1" 404 353 "http://www.merchant247.net/Merchant2/merchant.mv?Screen=CTGY&Store_Code=health&Category_Code=201" "Mozilla/4.0 (compatible; MSIE 6.0; Windows NT 5.1; sbcydsl 3.12; YComp 5.0.0.0; yplus 3.01)"
67.66.93.146 - - [09/Feb/2003:09:01:19 -0800] "GET /Merchant2/201/free_shipping.jpg HTTP/1.1" 200 3033 "http://www.merchant247.net/Merchant2/merchant.mv?Screen=CTGY&Store_Code=health&Category_Code=201" "Mozilla/4.0 (compatible; MSIE 6.0; Windows NT 5.1; sbcydsl 3.12; YComp 5.0.0.0; yplus 3.01)"
67.66.93.146 - - [09/Feb/2003:09:01:20 -0800] "GET /Merchant2/201/health_201_headmenu_r3_c6_f2.jpg HTTP/1.1" 200 2672 "http://www.merchant247.net/Merchant2/merchant.mv?Screen=CTGY&Store_Code=health&Category_Code=201" "Mozilla/4.0 (compatible; MSIE 6.0; Windows NT 5.1; sbcydsl 3.12; YComp 5.0.0.0; yplus 3.01)"
67.66.93.146 - - [09/Feb/2003:09:01:20 -0800] "GET /Merchant2/201/health_201_headmenu_r4_c2_f2.jpg HTTP/1.1" 200 770 "http://www.merchant247.net/Merchant2/merchant.mv?Screen=CTGY&Store_Code=health&Category_Code=201" "Mozilla/4.0 (compatible; MSIE 6.0; Windows NT 5.1; sbcydsl 3.12; YComp 5.0.0.0; yplus 3.01)"
67.66.93.146 - - [09/Feb/2003:09:01:20 -0800] "GET /Merchant2/201/health_201_headmenu_r4_c4_f2.jpg HTTP/1.1" 200 784 "http://www.merchant247.net/Merchant2/merchant.mv?Screen=CTGY&Store_Code=health&Category_Code=201" "Mozilla/4.0 (compatible; MSIE 6.0; Windows NT 5.1; sbcydsl 3.12; YComp 5.0.0.0; yplus 3.01)"
67.66.93.146 - - [09/Feb/2003:09:01:20 -0800] "GET /Merchant2/201/health_201_headmenu_r5_c8_f2.jpg HTTP/1.1" 200 971 "http://www.merchant247.net/Merchant2/merchant.mv?Screen=CTGY&Store_Code=health&Category_Code=201" "Mozilla/4.0 (compatible; MSIE 6.0; Windows NT 5.1; sbcydsl 3.12; YComp 5.0.0.0; yplus 3.01)"
67.66.93.146 - - [09/Feb/2003:09:01:20 -0800] "GET /Merchant2/201/health_201_headmenu_r5_c10_f2.jpg HTTP/1.1" 200 1175 "http://www.merchant247.net/Merchant2/merchant.mv?Screen=CTGY&Store_Code=health&Category_Code=201" "Mozilla/4.0 (compatible; MSIE 6.0; Windows NT 5.1; sbcydsl 3.12; YComp 5.0.0.0; yplus 3.01)"
62.68.35.133 - - [09/Feb/2003:09:01:20 -0800] "GET /Merchant2/99/health_99_headmenu_r3_c14_f2.jpg HTTP/1.1" 200 816 "http://www.merchant247.net/Merchant2/merchant.mv?Screen=CTGY&Store_Code=health&Category_Code=99" "Mozilla/4.0 (compatible; MSIE 6.0; Windows NT 5.1)"
12.84.12.174 - - [09/Feb/2003:09:01:59 -0800] "GET /Merchant2/merchant.mv?Screen=OINF&Store_Code=health HTTP/1.1" 200 2658 "http://www.smoke-away.us/" "Mozilla/4.0 (compatible; MSIE 6.0; Windows 98; Win 9x 4.90; Compaq; AT&T CSM6.0; T312461; AT&T CSM7.0)"
209.63.229.13 - - [09/Feb/2003:09:02:08 -0800] "GET /Merchant2/201/health_201_headmenu_r4_c10.jpg HTTP/1.1" 404 353 "http://www.merchant247.net/Merchant2/merchant.mv?Screen=CTGY&Store_Code=health&Category_Code=201" "Mozilla/4.0 (compatible; MSIE 6.0; Windows NT 5.1; Q312461; .NET CLR 1.0.3705)"
12.84.12.174 - - [09/Feb/2003:09:02:09 -0800] "GET /Merchant2/merchant.mv?Screen=BASK&Store_Code=health HTTP/1.1" 200 2125 "http://www.merchant247.net/Merchant2/merchant.mv?Screen=OINF&Store_Code=health" "Mozilla/4.0 (compatible; MSIE 6.0; Windows 98; Win 9x 4.90; Compaq; AT&T CSM6.0; T312461; AT&T CSM7.0)"
209.63.229.13 - - [09/Feb/2003:09:02:11 -0800] "GET /Merchant2/merchant.mv?Screen=CTGY&Store_Code=health&Category_Code=201 HTTP/1.1" 200 44805 "http://www.7-day-smoke-away.net/index.htm" "Mozilla/4.0 (compatible; MSIE 6.0; Windows NT 5.1; Q312461; .NET CLR 1.0.3705)"
12.84.12.174 - - [09/Feb/2003:09:02:20 -0800] "GET /Merchant2/202/spacer.gif HTTP/1.1" 200 43 "http://www.merchant247.net/Merchant2/merchant.mv?Screen=CTGY&Store_Code=health&Category_Code=202" "Mozilla/4.0 (compatible; MSIE 6.0; Windows 98; Win 9x 4.90; Compaq; AT&T CSM6.0; T312461; AT&T CSM7.0)"
12.84.12.174 - - [09/Feb/2003:09:02:21 -0800] "GET /Merchant2/merchant.mv?Screen=CTGY&Store_Code=health&Category_Code=202 HTTP/1.1" 200 20104 "http://www.smoke-away.us/" "Mozilla/4.0 (compatible; MSIE 6.0; Windows 98; Win 9x 4.90; Compaq; AT&T CSM6.0; T312461; AT&T CSM7.0)"
12.84.12.174 - - [09/Feb/2003:09:02:22 -0800] "GET /Merchant2/202/health_202_headmenu_r2_c1.jpg HTTP/1.1" 200 1687 "http://www.merchant247.net/Merchant2/merchant.mv?Screen=CTGY&Store_Code=health&Category_Code=202" "Mozilla/4.0 (compatible; MSIE 6.0; Windows 98; Win 9x 4.90; Compaq; AT&T CSM6.0; T312461; AT&T CSM7.0)"
12.84.12.174 - - [09/Feb/2003:09:02:26 -0800] "GET /Merchant2/202/health_202_headmenu_r1_c1.jpg HTTP/1.1" 200 17218 "http://www.merchant247.net/Merchant2/merchant.mv?Screen=CTGY&Store_Code=health&Category_Code=202" "Mozilla/4.0 (compatible; MSIE 6.0; Windows 98; Win 9x 4.90; Compaq; AT&T CSM6.0; T312461; AT&T CSM7.0)"
12.84.12.174 - - [09/Feb/2003:09:02:26 -0800] "GET /Merchant2/202/health_202_headmenu_r2_c2.jpg HTTP/1.1" 200 999 "http://www.merchant247.net/Merchant2/merchant.mv?Screen=CTGY&Store_Code=health&Category_Code=202" "Mozilla/4.0 (compatible; MSIE 6.0; Windows 98; Win 9x 4.90; Compaq; AT&T CSM6.0; T312461; AT&T CSM7.0)"
12.84.12.174 - - [09/Feb/2003:09:02:29 -0800] "GET /Merchant2/202/health_202_headmenu_r2_c4.jpg HTTP/1.1" 200 769 "http://www.merchant247.net/Merchant2/merchant.mv?Screen=CTGY&Store_Code=health&Category_Code=202" "Mozilla/4.0 (compatible; MSIE 6.0; Windows 98; Win 9x 4.90; Compaq; AT&T CSM6.0; T312461; AT&T CSM7.0)"
12.84.12.174 - - [09/Feb/2003:09:02:29 -0800] "GET /Merchant2/202/health_202_headmenu_r2_c5.jpg HTTP/1.1" 200 1267 "http://www.merchant247.net/Merchant2/merchant.mv?Screen=CTGY&Store_Code=health&Category_Code=202" "Mozilla/4.0 (compatible; MSIE 6.0; Windows 98; Win 9x 4.90; Compaq; AT&T CSM6.0; T312461; AT&T CSM7.0)"
12.84.12.174 - - [09/Feb/2003:09:02:30 -0800] "GET /Merchant2/202/health_202_headmenu_r2_c9.jpg HTTP/1.1" 200 1076 "http://www.merchant247.net/Merchant2/merchant.mv?Screen=CTGY&Store_Code=health&Category_Code=202" "Mozilla/4.0 (compatible; MSIE 6.0; Windows 98; Win 9x 4.90; Compaq; AT&T CSM6.0; T312461; AT&T CSM7.0)"
12.84.12.174 - - [09/Feb/2003:09:02:31 -0800] "GET /Merchant2/202/health_202_headmenu_r2_c11.jpg HTTP/1.1" 200 375 "http://www.merchant247.net/Merchant2/merchant.mv?Screen=CTGY&Store_Code=health&Category_Code=202" "Mozilla/4.0 (compatible; MSIE 6.0; Windows 98; Win 9x 4.90; Compaq; AT&T CSM6.0; T312461; AT&T CSM7.0)"
12.84.12.174 - - [09/Feb/2003:09:02:31 -0800] "GET /Merchant2/202/health_202_headmenu_r3_c2.jpg HTTP/1.1" 200 1332 "http://www.merchant247.net/Merchant2/merchant.mv?Screen=CTGY&Store_Code=health&Category_Code=202" "Mozilla/4.0 (compatible; MSIE 6.0; Windows 98; Win 9x 4.90; Compaq; AT&T CSM6.0; T312461; AT&T CSM7.0)"
12.84.12.174 - - [09/Feb/2003:09:02:32 -0800] "GET /Merchant2/202/health_202_headmenu_r2_c8_f2.jpg HTTP/1.1" 200 994 "http://www.merchant247.net/Merchant2/merchant.mv?Screen=CTGY&Store_Code=health&Category_Code=202" "Mozilla/4.0 (compatible; MSIE 6.0; Windows 98; Win 9x 4.90; Compaq; AT&T CSM6.0; T312461; AT&T CSM7.0)"
12.84.12.174 - - [09/Feb/2003:09:02:33 -0800] "GET /Merchant2/202/health_202_headmenu_r2_c8.jpg HTTP/1.1" 200 841 "http://www.merchant247.net/Merchant2/merchant.mv?Screen=CTGY&Store_Code=health&Category_Code=202" "Mozilla/4.0 (compatible; MSIE 6.0; Windows 98; Win 9x 4.90; Compaq; AT&T CSM6.0; T312461; AT&T CSM7.0)"
68.14.168.212 - - [09/Feb/2003:09:02:33 -0800] "GET /Merchant2/merchant.mv?Screen=CTGY&Store_Code=health&Category_Code=203 HTTP/1.1" 200 25476 "-" "Mozilla/4.0 (compatible; MSIE 5.5; Windows NT 5.0)"
12.84.12.174 - - [09/Feb/2003:09:02:33 -0800] "GET /Merchant2/202/health_202_headmenu_r2_c2_f2.jpg HTTP/1.1" 200 1121 "http://www.merchant247.net/Merchant2/merchant.mv?Screen=CTGY&Store_Code=health&Category_Code=202" "Mozilla/4.0 (compatible; MSIE 6.0; Windows 98; Win 9x 4.90; Compaq; AT&T CSM6.0; T312461; AT&T CSM7.0)"
12.84.12.174 - - [09/Feb/2003:09:02:34 -0800] "GET /Merchant2/202/health_202_headmenu_r2_c4_f2.jpg HTTP/1.1" 200 890 "http://www.merchant247.net/Merchant2/merchant.mv?Screen=CTGY&Store_Code=health&Category_Code=202" "Mozilla/4.0 (compatible; MSIE 6.0; Windows 98; Win 9x 4.90; Compaq; AT&T CSM6.0; T312461; AT&T CSM7.0)"
68.14.168.212 - - [09/Feb/2003:09:02:34 -0800] "GET /Merchant2/203/spacer.gif HTTP/1.1" 200 43 "-" "Mozilla/4.0 (compatible; MSIE 5.5; Windows NT 5.0)"
68.14.168.212 - - [09/Feb/2003:09:02:34 -0800] "GET /Merchant2/203/health_203_headmenu_r1_c1.jpg HTTP/1.1" 200 21366 "-" "Mozilla/4.0 (compatible; MSIE 5.5; Windows NT 5.0)"
68.14.168.212 - - [09/Feb/2003:09:02:34 -0800] "GET /Merchant2/203/health_203_headmenu_r2_c2.jpg HTTP/1.1" 200 1234 "-" "Mozilla/4.0 (compatible; MSIE 5.5; Windows NT 5.0)"
68.14.168.212 - - [09/Feb/2003:09:02:34 -0800] "GET /Merchant2/203/health_203_headmenu_r2_c1.jpg HTTP/1.1" 200 1478 "-" "Mozilla/4.0 (compatible; MSIE 5.5; Windows NT 5.0)"
12.84.12.174 - - [09/Feb/2003:09:02:34 -0800] "GET /Merchant2/202/health_202_headmenu_r2_c5_f2.jpg HTTP/1.1" 200 1519 "http://www.merchant247.net/Merchant2/merchant.mv?Screen=CTGY&Store_Code=health&Category_Code=202" "Mozilla/4.0 (compatible; MSIE 6.0; Windows 98; Win 9x 4.90; Compaq; AT&T CSM6.0; T312461; AT&T CSM7.0)"
68.14.168.212 - - [09/Feb/2003:09:02:35 -0800] "GET /Merchant2/203/health_203_headmenu_r2_c3.jpg HTTP/1.1" 200 337 "-" "Mozilla/4.0 (compatible; MSIE 5.5; Windows NT 5.0)"
12.84.12.174 - - [09/Feb/2003:09:02:35 -0800] "GET /Merchant2/202/health_202_headmenu_r2_c8_f2.jpg HTTP/1.1" 200 994 "http://www.merchant247.net/Merchant2/merchant.mv?Screen=CTGY&Store_Code=health&Category_Code=202" "Mozilla/4.0 (compatible; MSIE 6.0; Windows 98; Win 9x 4.90; Compaq; AT&T CSM6.0; T312461; AT&T CSM7.0)"
68.14.168.212 - - [09/Feb/2003:09:02:35 -0800] "GET /Merchant2/203/health_203_headmenu_r2_c4.jpg HTTP/1.1" 200 1118 "-" "Mozilla/4.0 (compatible; MSIE 5.5; Windows NT 5.0)"
68.14.168.212 - - [09/Feb/2003:09:02:35 -0800] "GET /Merchant2/203/health_203_headmenu_r2_c5.jpg HTTP/1.1" 200 381 "-" "Mozilla/4.0 (compatible; MSIE 5.5; Windows NT 5.0)"
68.14.168.212 - - [09/Feb/2003:09:02:35 -0800] "GET /Merchant2/203/health_203_headmenu_r2_c7.jpg HTTP/1.1" 200 748 "-" "Mozilla/4.0 (compatible; MSIE 5.5; Windows NT 5.0)"
68.14.168.212 - - [09/Feb/2003:09:02:36 -0800] "GET /Merchant2/203/health_203_headmenu_r2_c6.jpg HTTP/1.1" 200 1607 "-" "Mozilla/4.0 (compatible; MSIE 5.5; Windows NT 5.0)"
12.84.12.174 - - [09/Feb/2003:09:02:36 -0800] "GET /Merchant2/202/health_202_headmenu_r2_c9_f2.jpg HTTP/1.1" 200 1275 "http://www.merchant247.net/Merchant2/merchant.mv?Screen=CTGY&Store_Code=health&Category_Code=202" "Mozilla/4.0 (compatible; MSIE 6.0; Windows 98; Win 9x 4.90; Compaq; AT&T CSM6.0; T312461; AT&T CSM7.0)"
68.14.168.212 - - [09/Feb/2003:09:02:36 -0800] "GET /Merchant2/203/health_203_headmenu_r3_c2.jpg HTTP/1.1" 200 337 "-" "Mozilla/4.0 (compatible; MSIE 5.5; Windows NT 5.0)"
68.14.168.212 - - [09/Feb/2003:09:02:36 -0800] "GET /Merchant2/203/health_203_headmenu_r3_c4.jpg HTTP/1.1" 200 368 "-" "Mozilla/4.0 (compatible; MSIE 5.5; Windows NT 5.0)"
68.14.168.212 - - [09/Feb/2003:09:02:36 -0800] "GET /Merchant2/203/health_203_headmenu_r3_c6.jpg HTTP/1.1" 200 393 "-" "Mozilla/4.0 (compatible; MSIE 5.5; Windows NT 5.0)"
68.14.168.212 - - [09/Feb/2003:09:02:37 -0800] "GET /Merchant2/graphics/201/7-day-smoke-awayupdated.gif HTTP/1.1" 200 9886 "-" "Mozilla/4.0 (compatible; MSIE 5.5; Windows NT 5.0)"
68.14.168.212 - - [09/Feb/2003:09:02:37 -0800] "GET /Merchant2/graphics/00000001/7day_maintenance.jpg HTTP/1.1" 200 2050 "-" "Mozilla/4.0 (compatible; MSIE 5.5; Windows NT 5.0)"
68.14.168.212 - - [09/Feb/2003:09:02:37 -0800] "GET /Merchant2/graphics/authorize.gif HTTP/1.1" 200 5196 "-" "Mozilla/4.0 (compatible; MSIE 5.5; Windows NT 5.0)"
68.14.168.212 - - [09/Feb/2003:09:02:38 -0800] "GET /Merchant2/graphics/00000001/lungsaver.jpg HTTP/1.1" 200 4033 "-" "Mozilla/4.0 (compatible; MSIE 5.5; Windows NT 5.0)"
68.14.168.212 - - [09/Feb/2003:09:02:38 -0800] "GET /Merchant2/203/health_203_headmenu_r2_c2_f2.jpg HTTP/1.1" 200 1176 "-" "Mozilla/4.0 (compatible; MSIE 5.5; Windows NT 5.0)"
68.14.168.212 - - [09/Feb/2003:09:02:38 -0800] "GET /Merchant2/203/health_203_headmenu_r2_c6_f2.jpg HTTP/1.1" 200 1493 "-" "Mozilla/4.0 (compatible; MSIE 5.5; Windows NT 5.0)"
68.14.168.212 - - [09/Feb/2003:09:02:39 -0800] "GET /Merchant2/203/health_203_headmenu_r2_c4_f2.jpg HTTP/1.1" 200 1059 "-" "Mozilla/4.0 (compatible; MSIE 5.5; Windows NT 5.0)"
62.68.35.133 - - [09/Feb/2003:09:03:43 -0800] "POST /Merchant2/merchant.mv? HTTP/1.1" 200 43096 "http://www.merchant247.net/Merchant2/merchant.mv?Screen=CTGY&Store_Code=health&Category_Code=99" "Mozilla/4.0 (compatible; MSIE 6.0; Windows NT 5.1)"
66.157.107.72 - - [09/Feb/2003:09:05:50 -0800] "GET /Merchant2/graphics/en-US/admin/blank.gif HTTP/1.1" 200 43 "http://www.trimspa-diet-pills.com/" "Mozilla/4.0 (compatible; MSIE 5.5; Windows 98; YComp 5.0.0.0)"
64.175.249.89 - - [09/Feb/2003:09:07:25 -0800] "GET /Merchant2/graphics/en-US/admin/blank.gif HTTP/1.1" 200 43 "http://www.trimspa-diet-pills.com/faq.htm" "Mozilla/4.0 (compatible; MSIE 6.0; Windows NT 5.1)"
205.188.208.42 - - [09/Feb/2003:09:08:16 -0800] "GET /Merchant2/merchant.mv?Screen=CTGY&Store_Code=health&Category_Code=201 HTTP/1.0" 200 44715 "http://www.7-day-smoke-away.net/ingredients_and_directions.htm" "Mozilla/4.0 (compatible; MSIE 6.0; AOL 8.0; Windows NT 5.1; .NET CLR 1.0.3705)"
205.188.209.136 - - [09/Feb/2003:09:08:22 -0800] "GET /Merchant2/201/health_201_headmenu_r5_c7.jpg HTTP/1.1" 304 - "http://www.merchant247.net/Merchant2/merchant.mv?Screen=CTGY&Store_Code=health&Category_Code=201" "Mozilla/4.0 (compatible; MSIE 6.0; AOL 8.0; Windows NT 5.1; .NET CLR 1.0.3705)"
205.188.209.20 - - [09/Feb/2003:09:08:24 -0800] "GET /Merchant2/201/health_201_headmenu_r4_c10.jpg HTTP/1.1" 404 353 "http://www.merchant247.net/Merchant2/merchant.mv?Screen=CTGY&Store_Code=health&Category_Code=201" "Mozilla/4.0 (compatible; MSIE 6.0; AOL 8.0; Windows NT 5.1; .NET CLR 1.0.3705)"
63.69.224.76 - - [09/Feb/2003:09:08:55 -0800] "GET /Merchant2/graphics/en-US/admin/blank.gif HTTP/1.1" 200 43 "http://www.trimspa-diet-pills.com/" "Mozilla/4.0 (compatible; MSIE 5.5; Windows 98; Win 9x 4.90)"
216.76.209.123 - - [09/Feb/2003:09:09:55 -0800] "GET /Merchant2/graphics/en-US/admin/blank.gif HTTP/1.0" 200 43 "http://www.7-day-smoke-away.net/" "Mozilla/4.75 [en] (Win98; U)"
63.196.245.88 - - [09/Feb/2003:09:11:15 -0800] "GET /Merchant2/graphics/en-US/admin/blank.gif HTTP/1.1" 200 43 "http://www.7-day-smoke-away.net/index.htm" "Mozilla/4.0 (compatible; MSIE 6.0; Windows 98; YComp 5.0.2.6)"
205.188.209.46 - - [09/Feb/2003:09:12:06 -0800] "POST /Merchant2/merchant.mv? HTTP/1.1" 200 14078 "http://www.merchant247.net/Merchant2/merchant.mv?Screen=CTGY&Store_Code=health&Category_Code=201" "Mozilla/4.0 (compatible; MSIE 6.0; AOL 8.0; Windows NT 5.1; .NET CLR 1.0.3705)"
205.188.208.69 - - [09/Feb/2003:09:12:42 -0800] "GET /Merchant2/merchant.mv?Screen=OINF&Store_Code=health HTTP/1.1" 200 45123 "http://www.merchant247.net/Merchant2/merchant.mv?" "Mozilla/4.0 (compatible; MSIE 6.0; AOL 8.0; Windows NT 5.1; .NET CLR 1.0.3705)"
205.152.230.151 - - [09/Feb/2003:09:13:31 -0800] "GET /Merchant2/graphics/en-US/admin/blank.gif HTTP/1.1" 200 43 "http://www.trimspa-diet-pills.com/" "Mozilla/4.0 (compatible; MSIE 6.0; Windows NT 5.0; T312461)"
24.90.235.238 - - [09/Feb/2003:09:13:41 -0800] "GET /Merchant2/graphics/en-US/admin/blank.gif HTTP/1.1" 200 43 "http://www.trimspa-diet-pills.com/" "Mozilla/4.0 (compatible; MSIE 6.0; Windows NT 5.1; Roadrunner; .NET CLR 1.0.3705)"
68.101.134.98 - - [09/Feb/2003:09:14:11 -0800] "GET /Merchant2/graphics/en-US/admin/blank.gif HTTP/1.1" 200 43 "http://www.7-day-smoke-away.net/index.htm" "Mozilla/4.0 (compatible; MSIE 6.0; Windows NT 5.1)"
65.234.210.228 - - [09/Feb/2003:09:14:17 -0800] "GET /Merchant2/graphics/en-US/admin/blank.gif HTTP/1.1" 200 43 "http://www.7-day-smoke-away.net/" "Mozilla/4.0 (compatible; MSIE 6.0; Windows NT 5.1; MSN 6.1; MSNbMSFT; MSNmen-us; MSNc11; MSNc11)"
68.49.45.112 - - [09/Feb/2003:09:15:28 -0800] "GET /Merchant2/graphics/en-US/admin/blank.gif HTTP/1.1" 200 43 "http://www.breast-enlargement-pill.net/" "Mozilla/4.0 (compatible; MSIE 5.0; Windows 98)::ELNSB50::000081100320025803170195000000000505000b00000000"
205.152.230.151 - - [09/Feb/2003:09:15:31 -0800] "GET /Merchant2/301/spacer.gif HTTP/1.1" 200 43 "http://www.merchant247.net/Merchant2/merchant.mv?Screen=CTGY&Store_Code=health&Category_Code=301" "Mozilla/4.0 (compatible; MSIE 6.0; Windows NT 5.0; T312461)"
205.152.230.151 - - [09/Feb/2003:09:15:31 -0800] "GET /Merchant2/merchant.mv?Screen=CTGY&Store_Code=health&Category_Code=301 HTTP/1.1" 200 16550 "http://www.trimspa-diet-pills.com/ingredients.htm" "Mozilla/4.0 (compatible; MSIE 6.0; Windows NT 5.0; T312461)"
205.152.230.151 - - [09/Feb/2003:09:15:31 -0800] "GET /Merchant2/301/health_301_headmenu_r1_c1.jpg HTTP/1.1" 200 4269 "http://www.merchant247.net/Merchant2/merchant.mv?Screen=CTGY&Store_Code=health&Category_Code=301" "Mozilla/4.0 (compatible; MSIE 6.0; Windows NT 5.0; T312461)"
205.152.230.151 - - [09/Feb/2003:09:15:32 -0800] "GET /Merchant2/301/health_301_headmenu_r1_c2.jpg HTTP/1.1" 200 8633 "http://www.merchant247.net/Merchant2/merchant.mv?Screen=CTGY&Store_Code=health&Category_Code=301" "Mozilla/4.0 (compatible; MSIE 6.0; Windows NT 5.0; T312461)"
205.152.230.151 - - [09/Feb/2003:09:15:32 -0800] "GET /Merchant2/301/health_301_headmenu_r2_c2.jpg HTTP/1.1" 200 1953 "http://www.merchant247.net/Merchant2/merchant.mv?Screen=CTGY&Store_Code=health&Category_Code=301" "Mozilla/4.0 (compatible; MSIE 6.0; Windows NT 5.0; T312461)"
205.152.230.151 - - [09/Feb/2003:09:15:32 -0800] "GET /Merchant2/301/health_301_headmenu_r2_c3.jpg HTTP/1.1" 200 418 "http://www.merchant247.net/Merchant2/merchant.mv?Screen=CTGY&Store_Code=health&Category_Code=301" "Mozilla/4.0 (compatible; MSIE 6.0; Windows NT 5.0; T312461)"
205.152.230.151 - - [09/Feb/2003:09:15:32 -0800] "GET /Merchant2/301/health_301_headmenu_r2_c4.jpg HTTP/1.1" 200 1795 "http://www.merchant247.net/Merchant2/merchant.mv?Screen=CTGY&Store_Code=health&Category_Code=301" "Mozilla/4.0 (compatible; MSIE 6.0; Windows NT 5.0; T312461)"
205.152.230.151 - - [09/Feb/2003:09:15:32 -0800] "GET /Merchant2/301/health_301_headmenu_r2_c5.jpg HTTP/1.1" 200 420 "http://www.merchant247.net/Merchant2/merchant.mv?Screen=CTGY&Store_Code=health&Category_Code=301" "Mozilla/4.0 (compatible; MSIE 6.0; Windows NT 5.0; T312461)"
205.152.230.151 - - [09/Feb/2003:09:15:32 -0800] "GET /Merchant2/301/health_301_headmenu_r2_c7.jpg HTTP/1.1" 200 360 "http://www.merchant247.net/Merchant2/merchant.mv?Screen=CTGY&Store_Code=health&Category_Code=301" "Mozilla/4.0 (compatible; MSIE 6.0; Windows NT 5.0; T312461)"
205.152.230.151 - - [09/Feb/2003:09:15:32 -0800] "GET /Merchant2/301/health_301_headmenu_r2_c6.jpg HTTP/1.1" 200 1079 "http://www.merchant247.net/Merchant2/merchant.mv?Screen=CTGY&Store_Code=health&Category_Code=301" "Mozilla/4.0 (compatible; MSIE 6.0; Windows NT 5.0; T312461)"
205.152.230.151 - - [09/Feb/2003:09:15:32 -0800] "GET /Merchant2/301/health_301_headmenu_r2_c8.jpg HTTP/1.1" 200 1427 "http://www.merchant247.net/Merchant2/merchant.mv?Screen=CTGY&Store_Code=health&Category_Code=301" "Mozilla/4.0 (compatible; MSIE 6.0; Windows NT 5.0; T312461)"
205.152.230.151 - - [09/Feb/2003:09:15:33 -0800] "GET /Merchant2/301/health_301_headmenu_r2_c9.jpg HTTP/1.1" 200 348 "http://www.merchant247.net/Merchant2/merchant.mv?Screen=CTGY&Store_Code=health&Category_Code=301" "Mozilla/4.0 (compatible; MSIE 6.0; Windows NT 5.0; T312461)"
205.152.230.151 - - [09/Feb/2003:09:15:33 -0800] "GET /Merchant2/301/health_301_headmenu_r3_c9.jpg HTTP/1.1" 200 346 "http://www.merchant247.net/Merchant2/merchant.mv?Screen=CTGY&Store_Code=health&Category_Code=301" "Mozilla/4.0 (compatible; MSIE 6.0; Windows NT 5.0; T312461)"
205.152.230.151 - - [09/Feb/2003:09:15:33 -0800] "GET /Merchant2/301/health_301_headmenu_r3_c10.jpg HTTP/1.1" 200 1611 "http://www.merchant247.net/Merchant2/merchant.mv?Screen=CTGY&Store_Code=health&Category_Code=301" "Mozilla/4.0 (compatible; MSIE 6.0; Windows NT 5.0; T312461)"
205.152.230.151 - - [09/Feb/2003:09:15:33 -0800] "GET /Merchant2/301/health_301_headmenu_r3_c12.jpg HTTP/1.1" 200 359 "http://www.merchant247.net/Merchant2/merchant.mv?Screen=CTGY&Store_Code=health&Category_Code=301" "Mozilla/4.0 (compatible; MSIE 6.0; Windows NT 5.0; T312461)"
205.152.230.151 - - [09/Feb/2003:09:15:33 -0800] "GET /Merchant2/301/health_301_headmenu_r4_c2.jpg HTTP/1.1" 200 1248 "http://www.merchant247.net/Merchant2/merchant.mv?Screen=CTGY&Store_Code=health&Category_Code=301" "Mozilla/4.0 (compatible; MSIE 6.0; Windows NT 5.0; T312461)"
205.152.230.151 - - [09/Feb/2003:09:15:33 -0800] "GET /Merchant2/301/health_301_headmenu_r4_c6.jpg HTTP/1.1" 200 789 "http://www.merchant247.net/Merchant2/merchant.mv?Screen=CTGY&Store_Code=health&Category_Code=301" "Mozilla/4.0 (compatible; MSIE 6.0; Windows NT 5.0; T312461)"
205.152.230.151 - - [09/Feb/2003:09:15:33 -0800] "GET /Merchant2/301/health_301_headmenu_r5_c4.jpg HTTP/1.1" 200 1204 "http://www.merchant247.net/Merchant2/merchant.mv?Screen=CTGY&Store_Code=health&Category_Code=301" "Mozilla/4.0 (compatible; MSIE 6.0; Windows NT 5.0; T312461)"
205.152.230.151 - - [09/Feb/2003:09:15:33 -0800] "GET /Merchant2/301/health_301_headmenu_r5_c8.jpg HTTP/1.1" 200 1002 "http://www.merchant247.net/Merchant2/merchant.mv?Screen=CTGY&Store_Code=health&Category_Code=301" "Mozilla/4.0 (compatible; MSIE 6.0; Windows NT 5.0; T312461)"
205.152.230.151 - - [09/Feb/2003:09:15:33 -0800] "GET /Merchant2/301/health_301_headmenu_r6_c10.jpg HTTP/1.1" 200 304 "http://www.merchant247.net/Merchant2/merchant.mv?Screen=CTGY&Store_Code=health&Category_Code=301" "Mozilla/4.0 (compatible; MSIE 6.0; Windows NT 5.0; T312461)"
205.152.230.151 - - [09/Feb/2003:09:15:33 -0800] "GET /Merchant2/301/health_301_headmenu_r7_c1.jpg HTTP/1.1" 200 419 "http://www.merchant247.net/Merchant2/merchant.mv?Screen=CTGY&Store_Code=health&Category_Code=301" "Mozilla/4.0 (compatible; MSIE 6.0; Windows NT 5.0; T312461)"
205.152.230.151 - - [09/Feb/2003:09:15:34 -0800] "GET /Merchant2/301/health_301_headmenu_r7_c10.jpg HTTP/1.1" 200 296 "http://www.merchant247.net/Merchant2/merchant.mv?Screen=CTGY&Store_Code=health&Category_Code=301" "Mozilla/4.0 (compatible; MSIE 6.0; Windows NT 5.0; T312461)"
205.152.230.151 - - [09/Feb/2003:09:15:34 -0800] "GET /Merchant2/301/health_301_headmenu_r7_c11.jpg HTTP/1.1" 200 377 "http://www.merchant247.net/Merchant2/merchant.mv?Screen=CTGY&Store_Code=health&Category_Code=301" "Mozilla/4.0 (compatible; MSIE 6.0; Windows NT 5.0; T312461)"
205.152.230.151 - - [09/Feb/2003:09:15:34 -0800] "GET /Merchant2/301/health_301_headmenu_r2_c2_f2.jpg HTTP/1.1" 200 2126 "http://www.merchant247.net/Merchant2/merchant.mv?Screen=CTGY&Store_Code=health&Category_Code=301" "Mozilla/4.0 (compatible; MSIE 6.0; Windows NT 5.0; T312461)"
205.152.230.151 - - [09/Feb/2003:09:15:34 -0800] "GET /Merchant2/301/health_301_headmenu_r2_c4_f2.jpg HTTP/1.1" 200 1942 "http://www.merchant247.net/Merchant2/merchant.mv?Screen=CTGY&Store_Code=health&Category_Code=301" "Mozilla/4.0 (compatible; MSIE 6.0; Windows NT 5.0; T312461)"
205.152.230.151 - - [09/Feb/2003:09:15:34 -0800] "GET /Merchant2/301/health_301_headmenu_r2_c6_f2.jpg HTTP/1.1" 200 1175 "http://www.merchant247.net/Merchant2/merchant.mv?Screen=CTGY&Store_Code=health&Category_Code=301" "Mozilla/4.0 (compatible; MSIE 6.0; Windows NT 5.0; T312461)"
205.152.230.151 - - [09/Feb/2003:09:15:34 -0800] "GET /Merchant2/301/health_301_headmenu_r2_c8_f2.jpg HTTP/1.1" 200 1542 "http://www.merchant247.net/Merchant2/merchant.mv?Screen=CTGY&Store_Code=health&Category_Code=301" "Mozilla/4.0 (compatible; MSIE 6.0; Windows NT 5.0; T312461)"
205.152.230.151 - - [09/Feb/2003:09:15:34 -0800] "GET /Merchant2/301/health_301_headmenu_r3_c10_f2.jpg HTTP/1.1" 200 1622 "http://www.merchant247.net/Merchant2/merchant.mv?Screen=CTGY&Store_Code=health&Category_Code=301" "Mozilla/4.0 (compatible; MSIE 6.0; Windows NT 5.0; T312461)"
65.164.88.137 - - [09/Feb/2003:09:16:12 -0800] "GET /Merchant2/graphics/en-US/admin/blank.gif HTTP/1.1" 200 43 "http://www.7-day-smoke-away.net/index.htm" "Mozilla/4.0 (compatible; MSIE 6.0; Windows 98; Win 9x 4.90; YComp 5.0.2.6)"
68.101.134.98 - - [09/Feb/2003:09:17:55 -0800] "GET /Merchant2/201/spacer.gif HTTP/1.1" 200 43 "http://www.merchant247.net/Merchant2/merchant.mv?Screen=CTGY&Store_Code=health&Category_Code=201" "Mozilla/4.0 (compatible; MSIE 6.0; Windows NT 5.1)"
68.101.134.98 - - [09/Feb/2003:09:17:55 -0800] "GET /Merchant2/201/logo_7_day.jpg HTTP/1.1" 200 5243 "http://www.merchant247.net/Merchant2/merchant.mv?Screen=CTGY&Store_Code=health&Category_Code=201" "Mozilla/4.0 (compatible; MSIE 6.0; Windows NT 5.1)"
68.101.134.98 - - [09/Feb/2003:09:17:55 -0800] "GET /Merchant2/201/health_201_headmenu_r1_c11.jpg HTTP/1.1" 200 344 "http://www.merchant247.net/Merchant2/merchant.mv?Screen=CTGY&Store_Code=health&Category_Code=201" "Mozilla/4.0 (compatible; MSIE 6.0; Windows NT 5.1)"
68.101.134.98 - - [09/Feb/2003:09:17:55 -0800] "GET /Merchant2/merchant.mv?Screen=CTGY&Store_Code=health&Category_Code=201 HTTP/1.1" 200 44805 "http://www.7-day-smoke-away.net/index.htm" "Mozilla/4.0 (compatible; MSIE 6.0; Windows NT 5.1)"
68.101.134.98 - - [09/Feb/2003:09:17:55 -0800] "GET /Merchant2/201/health_201_headmenu_r1_c12.jpg HTTP/1.1" 200 3079 "http://www.merchant247.net/Merchant2/merchant.mv?Screen=CTGY&Store_Code=health&Category_Code=201" "Mozilla/4.0 (compatible; MSIE 6.0; Windows NT 5.1)"
68.101.134.98 - - [09/Feb/2003:09:17:56 -0800] "GET /Merchant2/201/health_201_headmenu_r1_c14.jpg HTTP/1.1" 200 5279 "http://www.merchant247.net/Merchant2/merchant.mv?Screen=CTGY&Store_Code=health&Category_Code=201" "Mozilla/4.0 (compatible; MSIE 6.0; Windows NT 5.1)"
68.101.134.98 - - [09/Feb/2003:09:17:56 -0800] "GET /Merchant2/201/health_201_headmenu_r2_c1.jpg HTTP/1.1" 200 4168 "http://www.merchant247.net/Merchant2/merchant.mv?Screen=CTGY&Store_Code=health&Category_Code=201" "Mozilla/4.0 (compatible; MSIE 6.0; Windows NT 5.1)"
68.101.134.98 - - [09/Feb/2003:09:17:56 -0800] "GET /Merchant2/201/health_201_headmenu_r2_c12.jpg HTTP/1.1" 200 3144 "http://www.merchant247.net/Merchant2/merchant.mv?Screen=CTGY&Store_Code=health&Category_Code=201" "Mozilla/4.0 (compatible; MSIE 6.0; Windows NT 5.1)"
68.101.134.98 - - [09/Feb/2003:09:17:56 -0800] "GET /Merchant2/201/health_201_headmenu_r3_c1.jpg HTTP/1.1" 200 430 "http://www.merchant247.net/Merchant2/merchant.mv?Screen=CTGY&Store_Code=health&Category_Code=201" "Mozilla/4.0 (compatible; MSIE 6.0; Windows NT 5.1)"
68.101.134.98 - - [09/Feb/2003:09:17:56 -0800] "GET /Merchant2/201/health_201_headmenu_r3_c6.jpg HTTP/1.1" 200 2274 "http://www.merchant247.net/Merchant2/merchant.mv?Screen=CTGY&Store_Code=health&Category_Code=201" "Mozilla/4.0 (compatible; MSIE 6.0; Windows NT 5.1)"
68.101.134.98 - - [09/Feb/2003:09:17:56 -0800] "GET /Merchant2/201/health_201_headmenu_r3_c7.jpg HTTP/1.1" 200 403 "http://www.merchant247.net/Merchant2/merchant.mv?Screen=CTGY&Store_Code=health&Category_Code=201" "Mozilla/4.0 (compatible; MSIE 6.0; Windows NT 5.1)"
68.101.134.98 - - [09/Feb/2003:09:17:56 -0800] "GET /Merchant2/201/health_201_headmenu_r4_c1.jpg HTTP/1.1" 200 426 "http://www.merchant247.net/Merchant2/merchant.mv?Screen=CTGY&Store_Code=health&Category_Code=201" "Mozilla/4.0 (compatible; MSIE 6.0; Windows NT 5.1)"
68.101.134.98 - - [09/Feb/2003:09:17:56 -0800] "GET /Merchant2/201/health_201_headmenu_r4_c2.jpg HTTP/1.1" 200 685 "http://www.merchant247.net/Merchant2/merchant.mv?Screen=CTGY&Store_Code=health&Category_Code=201" "Mozilla/4.0 (compatible; MSIE 6.0; Windows NT 5.1)"
68.101.134.98 - - [09/Feb/2003:09:17:56 -0800] "GET /Merchant2/201/health_201_headmenu_r4_c3.jpg HTTP/1.1" 200 665 "http://www.merchant247.net/Merchant2/merchant.mv?Screen=CTGY&Store_Code=health&Category_Code=201" "Mozilla/4.0 (compatible; MSIE 6.0; Windows NT 5.1)"
