68.34.149.91 - - [09/Feb/2003:11:04:40 -0800] "GET /Merchant2/graphics/en-US/admin/blank.gif HTTP/1.1" 200 43 "http://www.7-day-smoke-away.net/index.htm" "Mozilla/4.0 (compatible; MSIE 5.5; Windows 98; Win 9x 4.90)"
24.223.17.139 - - [09/Feb/2003:11:04:43 -0800] "GET /Merchant2/merchant.mv?Screen=OINF&Store_Code=health HTTP/1.1" 200 45122 "http://www.merchant247.net/Merchant2/merchant.mv?" "Mozilla/4.0 (compatible; MSIE 5.5; Windows 98)"
67.24.16.246 - - [09/Feb/2003:11:05:14 -0800] "GET /Merchant2/graphics/en-US/admin/blank.gif HTTP/1.1" 200 43 "http://www.7-day-smoke-away.net/" "Mozilla/4.0 (compatible; MSIE 6.0; Windows NT 5.1; Hotbar 4.1.7.0; MSN 8.0; MSNbMSNI; MSNmen-us; MSNcIA)"
209.181.61.74 - - [09/Feb/2003:11:05:19 -0800] "GET /Merchant2/merchant.mv?Screen=CTGY&Store_Code=health&Category_Code=202 HTTP/1.1" 200 20105 "http://www.smoke-away.us/" "Mozilla/4.0 (compatible; MSIE 6.0; Windows NT 5.0)"
209.181.61.74 - - [09/Feb/2003:11:05:20 -0800] "GET /Merchant2/202/spacer.gif HTTP/1.1" 200 43 "http://www.merchant247.net/Merchant2/merchant.mv?Screen=CTGY&Store_Code=health&Category_Code=202" "Mozilla/4.0 (compatible; MSIE 6.0; Windows NT 5.0)"
209.181.61.74 - - [09/Feb/2003:11:05:20 -0800] "GET /Merchant2/202/health_202_headmenu_r2_c1.jpg HTTP/1.1" 200 1687 "http://www.merchant247.net/Merchant2/merchant.mv?Screen=CTGY&Store_Code=health&Category_Code=202" "Mozilla/4.0 (compatible; MSIE 6.0; Windows NT 5.0)"
209.181.61.74 - - [09/Feb/2003:11:05:20 -0800] "GET /Merchant2/202/health_202_headmenu_r1_c1.jpg HTTP/1.1" 200 17218 "http://www.merchant247.net/Merchant2/merchant.mv?Screen=CTGY&Store_Code=health&Category_Code=202" "Mozilla/4.0 (compatible; MSIE 6.0; Windows NT 5.0)"
209.181.61.74 - - [09/Feb/2003:11:05:20 -0800] "GET /Merchant2/202/health_202_headmenu_r2_c2.jpg HTTP/1.1" 200 999 "http://www.merchant247.net/Merchant2/merchant.mv?Screen=CTGY&Store_Code=health&Category_Code=202" "Mozilla/4.0 (compatible; MSIE 6.0; Windows NT 5.0)"
209.181.61.74 - - [09/Feb/2003:11:05:20 -0800] "GET /Merchant2/202/health_202_headmenu_r2_c4.jpg HTTP/1.1" 200 769 "http://www.merchant247.net/Merchant2/merchant.mv?Screen=CTGY&Store_Code=health&Category_Code=202" "Mozilla/4.0 (compatible; MSIE 6.0; Windows NT 5.0)"
209.181.61.74 - - [09/Feb/2003:11:05:20 -0800] "GET /Merchant2/202/health_202_headmenu_r2_c5.jpg HTTP/1.1" 200 1267 "http://www.merchant247.net/Merchant2/merchant.mv?Screen=CTGY&Store_Code=health&Category_Code=202" "Mozilla/4.0 (compatible; MSIE 6.0; Windows NT 5.0)"
209.181.61.74 - - [09/Feb/2003:11:05:20 -0800] "GET /Merchant2/202/health_202_headmenu_r2_c9.jpg HTTP/1.1" 200 1076 "http://www.merchant247.net/Merchant2/merchant.mv?Screen=CTGY&Store_Code=health&Category_Code=202" "Mozilla/4.0 (compatible; MSIE 6.0; Windows NT 5.0)"
209.181.61.74 - - [09/Feb/2003:11:05:20 -0800] "GET /Merchant2/202/health_202_headmenu_r2_c11.jpg HTTP/1.1" 200 375 "http://www.merchant247.net/Merchant2/merchant.mv?Screen=CTGY&Store_Code=health&Category_Code=202" "Mozilla/4.0 (compatible; MSIE 6.0; Windows NT 5.0)"
209.181.61.74 - - [09/Feb/2003:11:05:21 -0800] "GET /Merchant2/202/health_202_headmenu_r3_c2.jpg HTTP/1.1" 200 1332 "http://www.merchant247.net/Merchant2/merchant.mv?Screen=CTGY&Store_Code=health&Category_Code=202" "Mozilla/4.0 (compatible; MSIE 6.0; Windows NT 5.0)"
209.181.61.74 - - [09/Feb/2003:11:05:21 -0800] "GET /Merchant2/202/health_202_headmenu_r2_c8.jpg HTTP/1.1" 200 841 "http://www.merchant247.net/Merchant2/merchant.mv?Screen=CTGY&Store_Code=health&Category_Code=202" "Mozilla/4.0 (compatible; MSIE 6.0; Windows NT 5.0)"
209.181.61.74 - - [09/Feb/2003:11:05:21 -0800] "GET /Merchant2/202/health_202_headmenu_r2_c2_f2.jpg HTTP/1.1" 200 1121 "http://www.merchant247.net/Merchant2/merchant.mv?Screen=CTGY&Store_Code=health&Category_Code=202" "Mozilla/4.0 (compatible; MSIE 6.0; Windows NT 5.0)"
209.181.61.74 - - [09/Feb/2003:11:05:21 -0800] "GET /Merchant2/202/health_202_headmenu_r2_c4_f2.jpg HTTP/1.1" 200 890 "http://www.merchant247.net/Merchant2/merchant.mv?Screen=CTGY&Store_Code=health&Category_Code=202" "Mozilla/4.0 (compatible; MSIE 6.0; Windows NT 5.0)"
209.181.61.74 - - [09/Feb/2003:11:05:21 -0800] "GET /Merchant2/202/health_202_headmenu_r2_c5_f2.jpg HTTP/1.1" 200 1519 "http://www.merchant247.net/Merchant2/merchant.mv?Screen=CTGY&Store_Code=health&Category_Code=202" "Mozilla/4.0 (compatible; MSIE 6.0; Windows NT 5.0)"
209.181.61.74 - - [09/Feb/2003:11:05:21 -0800] "GET /Merchant2/202/health_202_headmenu_r2_c8_f2.jpg HTTP/1.1" 200 994 "http://www.merchant247.net/Merchant2/merchant.mv?Screen=CTGY&Store_Code=health&Category_Code=202" "Mozilla/4.0 (compatible; MSIE 6.0; Windows NT 5.0)"
209.181.61.74 - - [09/Feb/2003:11:05:21 -0800] "GET /Merchant2/202/health_202_headmenu_r2_c9_f2.jpg HTTP/1.1" 200 1275 "http://www.merchant247.net/Merchant2/merchant.mv?Screen=CTGY&Store_Code=health&Category_Code=202" "Mozilla/4.0 (compatible; MSIE 6.0; Windows NT 5.0)"
24.184.108.16 - - [09/Feb/2003:11:05:26 -0800] "GET /Merchant2/graphics/en-US/admin/blank.gif HTTP/1.1" 200 43 "http://www.7-day-smoke-away.net/index.htm" "Mozilla/4.0 (compatible; MSIE 6.0; Windows NT 5.1; T312461; yie6; .NET CLR 1.0.3705)"
64.169.89.180 - - [09/Feb/2003:11:06:04 -0800] "GET /Merchant2/graphics/en-US/admin/blank.gif HTTP/1.1" 200 43 "-" "Mozilla/4.0 (compatible; MSIE 5.01; Windows NT 5.0)"
67.24.16.246 - - [09/Feb/2003:11:06:51 -0800] "GET /Merchant2/201/spacer.gif HTTP/1.1" 200 43 "http://www.merchant247.net/Merchant2/merchant.mv?Screen=CTGY&Store_Code=health&Category_Code=201" "Mozilla/4.0 (compatible; MSIE 6.0; Windows NT 5.1; Hotbar 4.1.7.0; MSN 8.0; MSNbMSNI; MSNmen-us; MSNcIA)"
67.24.16.246 - - [09/Feb/2003:11:06:52 -0800] "GET /Merchant2/201/logo_7_day.jpg HTTP/1.1" 200 5243 "http://www.merchant247.net/Merchant2/merchant.mv?Screen=CTGY&Store_Code=health&Category_Code=201" "Mozilla/4.0 (compatible; MSIE 6.0; Windows NT 5.1; Hotbar 4.1.7.0; MSN 8.0; MSNbMSNI; MSNmen-us; MSNcIA)"
67.24.16.246 - - [09/Feb/2003:11:06:53 -0800] "GET /Merchant2/merchant.mv?Screen=CTGY&Store_Code=health&Category_Code=201 HTTP/1.1" 200 44804 "http://www.7-day-smoke-away.net/" "Mozilla/4.0 (compatible; MSIE 6.0; Windows NT 5.1; Hotbar 4.1.7.0; MSN 8.0; MSNbMSNI; MSNmen-us; MSNcIA)"
67.24.16.246 - - [09/Feb/2003:11:06:55 -0800] "GET /Merchant2/201/health_201_headmenu_r1_c11.jpg HTTP/1.1" 200 344 "http://www.merchant247.net/Merchant2/merchant.mv?Screen=CTGY&Store_Code=health&Category_Code=201" "Mozilla/4.0 (compatible; MSIE 6.0; Windows NT 5.1; Hotbar 4.1.7.0; MSN 8.0; MSNbMSNI; MSNmen-us; MSNcIA)"
67.24.16.246 - - [09/Feb/2003:11:06:56 -0800] "GET /Merchant2/201/health_201_headmenu_r1_c12.jpg HTTP/1.1" 200 3079 "http://www.merchant247.net/Merchant2/merchant.mv?Screen=CTGY&Store_Code=health&Category_Code=201" "Mozilla/4.0 (compatible; MSIE 6.0; Windows NT 5.1; Hotbar 4.1.7.0; MSN 8.0; MSNbMSNI; MSNmen-us; MSNcIA)"
67.24.16.246 - - [09/Feb/2003:11:06:57 -0800] "GET /Merchant2/201/health_201_headmenu_r1_c14.jpg HTTP/1.1" 200 5279 "http://www.merchant247.net/Merchant2/merchant.mv?Screen=CTGY&Store_Code=health&Category_Code=201" "Mozilla/4.0 (compatible; MSIE 6.0; Windows NT 5.1; Hotbar 4.1.7.0; MSN 8.0; MSNbMSNI; MSNmen-us; MSNcIA)"
67.24.16.246 - - [09/Feb/2003:11:06:57 -0800] "GET /Merchant2/201/health_201_headmenu_r2_c1.jpg HTTP/1.1" 200 4168 "http://www.merchant247.net/Merchant2/merchant.mv?Screen=CTGY&Store_Code=health&Category_Code=201" "Mozilla/4.0 (compatible; MSIE 6.0; Windows NT 5.1; Hotbar 4.1.7.0; MSN 8.0; MSNbMSNI; MSNmen-us; MSNcIA)"
67.24.16.246 - - [09/Feb/2003:11:06:59 -0800] "GET /Merchant2/201/health_201_headmenu_r2_c12.jpg HTTP/1.1" 200 3144 "http://www.merchant247.net/Merchant2/merchant.mv?Screen=CTGY&Store_Code=health&Category_Code=201" "Mozilla/4.0 (compatible; MSIE 6.0; Windows NT 5.1; Hotbar 4.1.7.0; MSN 8.0; MSNbMSNI; MSNmen-us; MSNcIA)"
67.24.16.246 - - [09/Feb/2003:11:06:59 -0800] "GET /Merchant2/201/health_201_headmenu_r3_c1.jpg HTTP/1.1" 200 430 "http://www.merchant247.net/Merchant2/merchant.mv?Screen=CTGY&Store_Code=health&Category_Code=201" "Mozilla/4.0 (compatible; MSIE 6.0; Windows NT 5.1; Hotbar 4.1.7.0; MSN 8.0; MSNbMSNI; MSNmen-us; MSNcIA)"
67.24.16.246 - - [09/Feb/2003:11:07:00 -0800] "GET /Merchant2/201/health_201_headmenu_r3_c6.jpg HTTP/1.1" 200 2274 "http://www.merchant247.net/Merchant2/merchant.mv?Screen=CTGY&Store_Code=health&Category_Code=201" "Mozilla/4.0 (compatible; MSIE 6.0; Windows NT 5.1; Hotbar 4.1.7.0; MSN 8.0; MSNbMSNI; MSNmen-us; MSNcIA)"
67.24.16.246 - - [09/Feb/2003:11:07:00 -0800] "GET /Merchant2/201/health_201_headmenu_r3_c7.jpg HTTP/1.1" 200 403 "http://www.merchant247.net/Merchant2/merchant.mv?Screen=CTGY&Store_Code=health&Category_Code=201" "Mozilla/4.0 (compatible; MSIE 6.0; Windows NT 5.1; Hotbar 4.1.7.0; MSN 8.0; MSNbMSNI; MSNmen-us; MSNcIA)"
67.24.16.246 - - [09/Feb/2003:11:07:01 -0800] "GET /Merchant2/201/health_201_headmenu_r4_c1.jpg HTTP/1.1" 200 426 "http://www.merchant247.net/Merchant2/merchant.mv?Screen=CTGY&Store_Code=health&Category_Code=201" "Mozilla/4.0 (compatible; MSIE 6.0; Windows NT 5.1; Hotbar 4.1.7.0; MSN 8.0; MSNbMSNI; MSNmen-us; MSNcIA)"
67.24.16.246 - - [09/Feb/2003:11:07:01 -0800] "GET /Merchant2/201/health_201_headmenu_r4_c2.jpg HTTP/1.1" 200 685 "http://www.merchant247.net/Merchant2/merchant.mv?Screen=CTGY&Store_Code=health&Category_Code=201" "Mozilla/4.0 (compatible; MSIE 6.0; Windows NT 5.1; Hotbar 4.1.7.0; MSN 8.0; MSNbMSNI; MSNmen-us; MSNcIA)"
67.24.16.246 - - [09/Feb/2003:11:07:02 -0800] "GET /Merchant2/201/health_201_headmenu_r4_c3.jpg HTTP/1.1" 200 665 "http://www.merchant247.net/Merchant2/merchant.mv?Screen=CTGY&Store_Code=health&Category_Code=201" "Mozilla/4.0 (compatible; MSIE 6.0; Windows NT 5.1; Hotbar 4.1.7.0; MSN 8.0; MSNbMSNI; MSNmen-us; MSNcIA)"
67.24.16.246 - - [09/Feb/2003:11:07:02 -0800] "GET /Merchant2/201/health_201_headmenu_r4_c5.jpg HTTP/1.1" 200 753 "http://www.merchant247.net/Merchant2/merchant.mv?Screen=CTGY&Store_Code=health&Category_Code=201" "Mozilla/4.0 (compatible; MSIE 6.0; Windows NT 5.1; Hotbar 4.1.7.0; MSN 8.0; MSNbMSNI; MSNmen-us; MSNcIA)"
67.24.16.246 - - [09/Feb/2003:11:07:03 -0800] "GET /Merchant2/201/health_201_headmenu_r4_c4.jpg HTTP/1.1" 200 696 "http://www.merchant247.net/Merchant2/merchant.mv?Screen=CTGY&Store_Code=health&Category_Code=201" "Mozilla/4.0 (compatible; MSIE 6.0; Windows NT 5.1; Hotbar 4.1.7.0; MSN 8.0; MSNbMSNI; MSNmen-us; MSNcIA)"
67.24.16.246 - - [09/Feb/2003:11:07:03 -0800] "GET /Merchant2/201/health_201_headmenu_r5_c7.jpg HTTP/1.1" 200 737 "http://www.merchant247.net/Merchant2/merchant.mv?Screen=CTGY&Store_Code=health&Category_Code=201" "Mozilla/4.0 (compatible; MSIE 6.0; Windows NT 5.1; Hotbar 4.1.7.0; MSN 8.0; MSNbMSNI; MSNmen-us; MSNcIA)"
67.24.16.246 - - [09/Feb/2003:11:07:03 -0800] "GET /Merchant2/201/health_201_headmenu_r5_c8.jpg HTTP/1.1" 200 846 "http://www.merchant247.net/Merchant2/merchant.mv?Screen=CTGY&Store_Code=health&Category_Code=201" "Mozilla/4.0 (compatible; MSIE 6.0; Windows NT 5.1; Hotbar 4.1.7.0; MSN 8.0; MSNbMSNI; MSNmen-us; MSNcIA)"
67.24.16.246 - - [09/Feb/2003:11:07:04 -0800] "GET /Merchant2/201/health_201_headmenu_r5_c9.jpg HTTP/1.1" 200 660 "http://www.merchant247.net/Merchant2/merchant.mv?Screen=CTGY&Store_Code=health&Category_Code=201" "Mozilla/4.0 (compatible; MSIE 6.0; Windows NT 5.1; Hotbar 4.1.7.0; MSN 8.0; MSNbMSNI; MSNmen-us; MSNcIA)"
67.24.16.246 - - [09/Feb/2003:11:07:04 -0800] "GET /Merchant2/201/health_201_headmenu_r5_c10.jpg HTTP/1.1" 200 1023 "http://www.merchant247.net/Merchant2/merchant.mv?Screen=CTGY&Store_Code=health&Category_Code=201" "Mozilla/4.0 (compatible; MSIE 6.0; Windows NT 5.1; Hotbar 4.1.7.0; MSN 8.0; MSNbMSNI; MSNmen-us; MSNcIA)"
67.24.16.246 - - [09/Feb/2003:11:07:04 -0800] "GET /Merchant2/201/health_201_headmenu_r5_c13.jpg HTTP/1.1" 200 4116 "http://www.merchant247.net/Merchant2/merchant.mv?Screen=CTGY&Store_Code=health&Category_Code=201" "Mozilla/4.0 (compatible; MSIE 6.0; Windows NT 5.1; Hotbar 4.1.7.0; MSN 8.0; MSNbMSNI; MSNmen-us; MSNcIA)"
67.24.16.246 - - [09/Feb/2003:11:07:05 -0800] "GET /Merchant2/201/health_201_headmenu_r6_c2.jpg HTTP/1.1" 200 541 "http://www.merchant247.net/Merchant2/merchant.mv?Screen=CTGY&Store_Code=health&Category_Code=201" "Mozilla/4.0 (compatible; MSIE 6.0; Windows NT 5.1; Hotbar 4.1.7.0; MSN 8.0; MSNbMSNI; MSNmen-us; MSNcIA)"
67.24.16.246 - - [09/Feb/2003:11:07:06 -0800] "GET /Merchant2/201/health_201_headmenu_r7_c8.jpg HTTP/1.1" 200 1017 "http://www.merchant247.net/Merchant2/merchant.mv?Screen=CTGY&Store_Code=health&Category_Code=201" "Mozilla/4.0 (compatible; MSIE 6.0; Windows NT 5.1; Hotbar 4.1.7.0; MSN 8.0; MSNbMSNI; MSNmen-us; MSNcIA)"
67.24.16.246 - - [09/Feb/2003:11:07:06 -0800] "GET /Merchant2/201/health_201_headmenu_r7_c10.jpg HTTP/1.1" 200 1382 "http://www.merchant247.net/Merchant2/merchant.mv?Screen=CTGY&Store_Code=health&Category_Code=201" "Mozilla/4.0 (compatible; MSIE 6.0; Windows NT 5.1; Hotbar 4.1.7.0; MSN 8.0; MSNbMSNI; MSNmen-us; MSNcIA)"
67.24.16.246 - - [09/Feb/2003:11:07:07 -0800] "GET /Merchant2/201/health_201_headmenu_r8_c4.jpg HTTP/1.1" 200 831 "http://www.merchant247.net/Merchant2/merchant.mv?Screen=CTGY&Store_Code=health&Category_Code=201" "Mozilla/4.0 (compatible; MSIE 6.0; Windows NT 5.1; Hotbar 4.1.7.0; MSN 8.0; MSNbMSNI; MSNmen-us; MSNcIA)"
67.24.16.246 - - [09/Feb/2003:11:07:07 -0800] "GET /Merchant2/201/health_201_headmenu_r9_c6.jpg HTTP/1.1" 200 1812 "http://www.merchant247.net/Merchant2/merchant.mv?Screen=CTGY&Store_Code=health&Category_Code=201" "Mozilla/4.0 (compatible; MSIE 6.0; Windows NT 5.1; Hotbar 4.1.7.0; MSN 8.0; MSNbMSNI; MSNmen-us; MSNcIA)"
67.24.16.246 - - [09/Feb/2003:11:07:07 -0800] "GET /Merchant2/201/health_201_headmenu_r4_c10.jpg HTTP/1.1" 404 353 "http://www.merchant247.net/Merchant2/merchant.mv?Screen=CTGY&Store_Code=health&Category_Code=201" "Mozilla/4.0 (compatible; MSIE 6.0; Windows NT 5.1; Hotbar 4.1.7.0; MSN 8.0; MSNbMSNI; MSNmen-us; MSNcIA)"
67.24.16.246 - - [09/Feb/2003:11:07:08 -0800] "GET /Merchant2/201/free_shipping.jpg HTTP/1.1" 200 3033 "http://www.merchant247.net/Merchant2/merchant.mv?Screen=CTGY&Store_Code=health&Category_Code=201" "Mozilla/4.0 (compatible; MSIE 6.0; Windows NT 5.1; Hotbar 4.1.7.0; MSN 8.0; MSNbMSNI; MSNmen-us; MSNcIA)"
67.24.16.246 - - [09/Feb/2003:11:07:09 -0800] "GET /Merchant2/201/health_201_headmenu_r4_c2_f2.jpg HTTP/1.1" 200 770 "http://www.merchant247.net/Merchant2/merchant.mv?Screen=CTGY&Store_Code=health&Category_Code=201" "Mozilla/4.0 (compatible; MSIE 6.0; Windows NT 5.1; Hotbar 4.1.7.0; MSN 8.0; MSNbMSNI; MSNmen-us; MSNcIA)"
67.24.16.246 - - [09/Feb/2003:11:07:09 -0800] "GET /Merchant2/201/health_201_headmenu_r3_c6_f2.jpg HTTP/1.1" 200 2672 "http://www.merchant247.net/Merchant2/merchant.mv?Screen=CTGY&Store_Code=health&Category_Code=201" "Mozilla/4.0 (compatible; MSIE 6.0; Windows NT 5.1; Hotbar 4.1.7.0; MSN 8.0; MSNbMSNI; MSNmen-us; MSNcIA)"
67.24.16.246 - - [09/Feb/2003:11:07:10 -0800] "GET /Merchant2/201/health_201_headmenu_r4_c4_f2.jpg HTTP/1.1" 200 784 "http://www.merchant247.net/Merchant2/merchant.mv?Screen=CTGY&Store_Code=health&Category_Code=201" "Mozilla/4.0 (compatible; MSIE 6.0; Windows NT 5.1; Hotbar 4.1.7.0; MSN 8.0; MSNbMSNI; MSNmen-us; MSNcIA)"
67.24.16.246 - - [09/Feb/2003:11:07:10 -0800] "GET /Merchant2/201/health_201_headmenu_r5_c8_f2.jpg HTTP/1.1" 200 971 "http://www.merchant247.net/Merchant2/merchant.mv?Screen=CTGY&Store_Code=health&Category_Code=201" "Mozilla/4.0 (compatible; MSIE 6.0; Windows NT 5.1; Hotbar 4.1.7.0; MSN 8.0; MSNbMSNI; MSNmen-us; MSNcIA)"
67.24.16.246 - - [09/Feb/2003:11:07:11 -0800] "GET /Merchant2/201/health_201_headmenu_r5_c10_f2.jpg HTTP/1.1" 200 1175 "http://www.merchant247.net/Merchant2/merchant.mv?Screen=CTGY&Store_Code=health&Category_Code=201" "Mozilla/4.0 (compatible; MSIE 6.0; Windows NT 5.1; Hotbar 4.1.7.0; MSN 8.0; MSNbMSNI; MSNmen-us; MSNcIA)"
68.51.217.34 - - [09/Feb/2003:11:08:31 -0800] "GET /Merchant2/202/spacer.gif HTTP/1.1" 200 43 "http://www.merchant247.net/Merchant2/merchant.mv?Screen=CTGY&Store_Code=health&Category_Code=202" "Mozilla/4.0 (compatible; MSIE 6.0; Windows NT 5.1; Q312461; YComp 5.0.2.5)"
68.51.217.34 - - [09/Feb/2003:11:08:31 -0800] "GET /Merchant2/merchant.mv?Screen=CTGY&Store_Code=health&Category_Code=202 HTTP/1.1" 200 20104 "http://www.smoke-away.us/index.htm" "Mozilla/4.0 (compatible; MSIE 6.0; Windows NT 5.1; Q312461; YComp 5.0.2.5)"
68.51.217.34 - - [09/Feb/2003:11:08:31 -0800] "GET /Merchant2/202/health_202_headmenu_r2_c1.jpg HTTP/1.1" 200 1687 "http://www.merchant247.net/Merchant2/merchant.mv?Screen=CTGY&Store_Code=health&Category_Code=202" "Mozilla/4.0 (compatible; MSIE 6.0; Windows NT 5.1; Q312461; YComp 5.0.2.5)"
68.51.217.34 - - [09/Feb/2003:11:08:31 -0800] "GET /Merchant2/202/health_202_headmenu_r2_c2.jpg HTTP/1.1" 200 999 "http://www.merchant247.net/Merchant2/merchant.mv?Screen=CTGY&Store_Code=health&Category_Code=202" "Mozilla/4.0 (compatible; MSIE 6.0; Windows NT 5.1; Q312461; YComp 5.0.2.5)"
68.51.217.34 - - [09/Feb/2003:11:08:31 -0800] "GET /Merchant2/202/health_202_headmenu_r2_c4.jpg HTTP/1.1" 200 769 "http://www.merchant247.net/Merchant2/merchant.mv?Screen=CTGY&Store_Code=health&Category_Code=202" "Mozilla/4.0 (compatible; MSIE 6.0; Windows NT 5.1; Q312461; YComp 5.0.2.5)"
68.51.217.34 - - [09/Feb/2003:11:08:31 -0800] "GET /Merchant2/202/health_202_headmenu_r1_c1.jpg HTTP/1.1" 200 17218 "http://www.merchant247.net/Merchant2/merchant.mv?Screen=CTGY&Store_Code=health&Category_Code=202" "Mozilla/4.0 (compatible; MSIE 6.0; Windows NT 5.1; Q312461; YComp 5.0.2.5)"
68.51.217.34 - - [09/Feb/2003:11:08:32 -0800] "GET /Merchant2/202/health_202_headmenu_r2_c5.jpg HTTP/1.1" 200 1267 "http://www.merchant247.net/Merchant2/merchant.mv?Screen=CTGY&Store_Code=health&Category_Code=202" "Mozilla/4.0 (compatible; MSIE 6.0; Windows NT 5.1; Q312461; YComp 5.0.2.5)"
68.51.217.34 - - [09/Feb/2003:11:08:32 -0800] "GET /Merchant2/202/health_202_headmenu_r2_c8.jpg HTTP/1.1" 200 841 "http://www.merchant247.net/Merchant2/merchant.mv?Screen=CTGY&Store_Code=health&Category_Code=202" "Mozilla/4.0 (compatible; MSIE 6.0; Windows NT 5.1; Q312461; YComp 5.0.2.5)"
68.51.217.34 - - [09/Feb/2003:11:08:32 -0800] "GET /Merchant2/202/health_202_headmenu_r2_c9.jpg HTTP/1.1" 200 1076 "http://www.merchant247.net/Merchant2/merchant.mv?Screen=CTGY&Store_Code=health&Category_Code=202" "Mozilla/4.0 (compatible; MSIE 6.0; Windows NT 5.1; Q312461; YComp 5.0.2.5)"
68.51.217.34 - - [09/Feb/2003:11:08:32 -0800] "GET /Merchant2/202/health_202_headmenu_r2_c11.jpg HTTP/1.1" 200 375 "http://www.merchant247.net/Merchant2/merchant.mv?Screen=CTGY&Store_Code=health&Category_Code=202" "Mozilla/4.0 (compatible; MSIE 6.0; Windows NT 5.1; Q312461; YComp 5.0.2.5)"
68.51.217.34 - - [09/Feb/2003:11:08:32 -0800] "GET /Merchant2/202/health_202_headmenu_r3_c2.jpg HTTP/1.1" 200 1332 "http://www.merchant247.net/Merchant2/merchant.mv?Screen=CTGY&Store_Code=health&Category_Code=202" "Mozilla/4.0 (compatible; MSIE 6.0; Windows NT 5.1; Q312461; YComp 5.0.2.5)"
68.51.217.34 - - [09/Feb/2003:11:08:32 -0800] "GET /Merchant2/202/health_202_headmenu_r2_c2_f2.jpg HTTP/1.1" 200 1121 "http://www.merchant247.net/Merchant2/merchant.mv?Screen=CTGY&Store_Code=health&Category_Code=202" "Mozilla/4.0 (compatible; MSIE 6.0; Windows NT 5.1; Q312461; YComp 5.0.2.5)"
68.51.217.34 - - [09/Feb/2003:11:08:32 -0800] "GET /Merchant2/202/health_202_headmenu_r2_c4_f2.jpg HTTP/1.1" 200 890 "http://www.merchant247.net/Merchant2/merchant.mv?Screen=CTGY&Store_Code=health&Category_Code=202" "Mozilla/4.0 (compatible; MSIE 6.0; Windows NT 5.1; Q312461; YComp 5.0.2.5)"
68.51.217.34 - - [09/Feb/2003:11:08:32 -0800] "GET /Merchant2/202/health_202_headmenu_r2_c5_f2.jpg HTTP/1.1" 200 1519 "http://www.merchant247.net/Merchant2/merchant.mv?Screen=CTGY&Store_Code=health&Category_Code=202" "Mozilla/4.0 (compatible; MSIE 6.0; Windows NT 5.1; Q312461; YComp 5.0.2.5)"
68.51.217.34 - - [09/Feb/2003:11:08:33 -0800] "GET /Merchant2/202/health_202_headmenu_r2_c8_f2.jpg HTTP/1.1" 200 994 "http://www.merchant247.net/Merchant2/merchant.mv?Screen=CTGY&Store_Code=health&Category_Code=202" "Mozilla/4.0 (compatible; MSIE 6.0; Windows NT 5.1; Q312461; YComp 5.0.2.5)"
68.51.217.34 - - [09/Feb/2003:11:08:33 -0800] "GET /Merchant2/202/health_202_headmenu_r2_c9_f2.jpg HTTP/1.1" 200 1275 "http://www.merchant247.net/Merchant2/merchant.mv?Screen=CTGY&Store_Code=health&Category_Code=202" "Mozilla/4.0 (compatible; MSIE 6.0; Windows NT 5.1; Q312461; YComp 5.0.2.5)"
66.167.221.105 - - [09/Feb/2003:11:08:42 -0800] "GET /Merchant2/merchant.mv?Screen=CTGY&Store_Code=health&Category_Code=96 HTTP/1.1" 200 23824 "http://www.miraclebust-natural-breast-enlargement.com/ingredients.htm" "Mozilla/4.0 (compatible; MSIE 6.0; Windows NT 5.1)"
66.167.221.105 - - [09/Feb/2003:11:08:42 -0800] "GET /Merchant2/96/header/spacer.gif HTTP/1.1" 200 43 "http://www.merchant247.net/Merchant2/merchant.mv?Screen=CTGY&Store_Code=health&Category_Code=96" "Mozilla/4.0 (compatible; MSIE 6.0; Windows NT 5.1)"
66.167.221.105 - - [09/Feb/2003:11:08:42 -0800] "GET /Merchant2/96/header/health_96_r1_c1.jpg HTTP/1.1" 200 10423 "http://www.merchant247.net/Merchant2/merchant.mv?Screen=CTGY&Store_Code=health&Category_Code=96" "Mozilla/4.0 (compatible; MSIE 6.0; Windows NT 5.1)"
66.167.221.105 - - [09/Feb/2003:11:08:42 -0800] "GET /Merchant2/96/header/health_96_r2_c1.jpg HTTP/1.1" 200 1224 "http://www.merchant247.net/Merchant2/merchant.mv?Screen=CTGY&Store_Code=health&Category_Code=96" "Mozilla/4.0 (compatible; MSIE 6.0; Windows NT 5.1)"
66.167.221.105 - - [09/Feb/2003:11:08:42 -0800] "GET /Merchant2/96/header/health_96_r2_c2.jpg HTTP/1.1" 200 1376 "http://www.merchant247.net/Merchant2/merchant.mv?Screen=CTGY&Store_Code=health&Category_Code=96" "Mozilla/4.0 (compatible; MSIE 6.0; Windows NT 5.1)"
66.167.221.105 - - [09/Feb/2003:11:08:43 -0800] "GET /Merchant2/96/header/health_96_r2_c3.jpg HTTP/1.1" 200 351 "http://www.merchant247.net/Merchant2/merchant.mv?Screen=CTGY&Store_Code=health&Category_Code=96" "Mozilla/4.0 (compatible; MSIE 6.0; Windows NT 5.1)"
66.167.221.105 - - [09/Feb/2003:11:08:43 -0800] "GET /Merchant2/96/header/health_96_r2_c4.jpg HTTP/1.1" 200 1085 "http://www.merchant247.net/Merchant2/merchant.mv?Screen=CTGY&Store_Code=health&Category_Code=96" "Mozilla/4.0 (compatible; MSIE 6.0; Windows NT 5.1)"
66.167.221.105 - - [09/Feb/2003:11:08:43 -0800] "GET /Merchant2/96/header/health_96_r2_c5.jpg HTTP/1.1" 200 446 "http://www.merchant247.net/Merchant2/merchant.mv?Screen=CTGY&Store_Code=health&Category_Code=96" "Mozilla/4.0 (compatible; MSIE 6.0; Windows NT 5.1)"
66.167.221.105 - - [09/Feb/2003:11:08:43 -0800] "GET /Merchant2/96/header/health_96_r3_c2.jpg HTTP/1.1" 200 406 "http://www.merchant247.net/Merchant2/merchant.mv?Screen=CTGY&Store_Code=health&Category_Code=96" "Mozilla/4.0 (compatible; MSIE 6.0; Windows NT 5.1)"
66.167.221.105 - - [09/Feb/2003:11:08:43 -0800] "GET /Merchant2/96/header/health_96_r3_c4.jpg HTTP/1.1" 200 381 "http://www.merchant247.net/Merchant2/merchant.mv?Screen=CTGY&Store_Code=health&Category_Code=96" "Mozilla/4.0 (compatible; MSIE 6.0; Windows NT 5.1)"
66.167.221.105 - - [09/Feb/2003:11:08:43 -0800] "GET /Merchant2/96/spacer.gif HTTP/1.1" 200 43 "http://www.merchant247.net/Merchant2/merchant.mv?Screen=CTGY&Store_Code=health&Category_Code=96" "Mozilla/4.0 (compatible; MSIE 6.0; Windows NT 5.1)"
66.167.221.105 - - [09/Feb/2003:11:08:43 -0800] "GET /Merchant2/96/health_96_r1_c1.jpg HTTP/1.1" 200 649 "http://www.merchant247.net/Merchant2/merchant.mv?Screen=CTGY&Store_Code=health&Category_Code=96" "Mozilla/4.0 (compatible; MSIE 6.0; Windows NT 5.1)"
66.167.221.105 - - [09/Feb/2003:11:08:44 -0800] "GET /Merchant2/96/health_96_r2_c1.jpg HTTP/1.1" 200 731 "http://www.merchant247.net/Merchant2/merchant.mv?Screen=CTGY&Store_Code=health&Category_Code=96" "Mozilla/4.0 (compatible; MSIE 6.0; Windows NT 5.1)"
66.167.221.105 - - [09/Feb/2003:11:08:44 -0800] "GET /Merchant2/96/health_96_r2_c2_f3.jpg HTTP/1.1" 200 1050 "http://www.merchant247.net/Merchant2/merchant.mv?Screen=CTGY&Store_Code=health&Category_Code=96" "Mozilla/4.0 (compatible; MSIE 6.0; Windows NT 5.1)"
66.167.221.105 - - [09/Feb/2003:11:08:44 -0800] "GET /Merchant2/96/health_96_r2_c3.jpg HTTP/1.1" 200 1387 "http://www.merchant247.net/Merchant2/merchant.mv?Screen=CTGY&Store_Code=health&Category_Code=96" "Mozilla/4.0 (compatible; MSIE 6.0; Windows NT 5.1)"
66.167.221.105 - - [09/Feb/2003:11:08:44 -0800] "GET /Merchant2/96/health_96_r3_c2.jpg HTTP/1.1" 200 668 "http://www.merchant247.net/Merchant2/merchant.mv?Screen=CTGY&Store_Code=health&Category_Code=96" "Mozilla/4.0 (compatible; MSIE 6.0; Windows NT 5.1)"
66.167.221.105 - - [09/Feb/2003:11:08:44 -0800] "GET /Merchant2/96/health_96_r4_c2.jpg HTTP/1.1" 200 1423 "http://www.merchant247.net/Merchant2/merchant.mv?Screen=CTGY&Store_Code=health&Category_Code=96" "Mozilla/4.0 (compatible; MSIE 6.0; Windows NT 5.1)"
66.167.221.105 - - [09/Feb/2003:11:08:44 -0800] "GET /Merchant2/96/health_96_r5_c2.jpg HTTP/1.1" 200 553 "http://www.merchant247.net/Merchant2/merchant.mv?Screen=CTGY&Store_Code=health&Category_Code=96" "Mozilla/4.0 (compatible; MSIE 6.0; Windows NT 5.1)"
66.167.221.105 - - [09/Feb/2003:11:08:44 -0800] "GET /Merchant2/96/health_96_r6_c2.jpg HTTP/1.1" 200 880 "http://www.merchant247.net/Merchant2/merchant.mv?Screen=CTGY&Store_Code=health&Category_Code=96" "Mozilla/4.0 (compatible; MSIE 6.0; Windows NT 5.1)"
66.167.221.105 - - [09/Feb/2003:11:08:45 -0800] "GET /Merchant2/96/health_96_r7_c2.jpg HTTP/1.1" 200 560 "http://www.merchant247.net/Merchant2/merchant.mv?Screen=CTGY&Store_Code=health&Category_Code=96" "Mozilla/4.0 (compatible; MSIE 6.0; Windows NT 5.1)"
66.167.221.105 - - [09/Feb/2003:11:08:45 -0800] "GET /Merchant2/96/health_96_r8_c2.jpg HTTP/1.1" 200 1040 "http://www.merchant247.net/Merchant2/merchant.mv?Screen=CTGY&Store_Code=health&Category_Code=96" "Mozilla/4.0 (compatible; MSIE 6.0; Windows NT 5.1)"
66.167.221.105 - - [09/Feb/2003:11:08:45 -0800] "GET /Merchant2/96/health_96_r9_c2.jpg HTTP/1.1" 200 553 "http://www.merchant247.net/Merchant2/merchant.mv?Screen=CTGY&Store_Code=health&Category_Code=96" "Mozilla/4.0 (compatible; MSIE 6.0; Windows NT 5.1)"
66.167.221.105 - - [09/Feb/2003:11:08:45 -0800] "GET /Merchant2/96/health_96_r10_c2.jpg HTTP/1.1" 200 1325 "http://www.merchant247.net/Merchant2/merchant.mv?Screen=CTGY&Store_Code=health&Category_Code=96" "Mozilla/4.0 (compatible; MSIE 6.0; Windows NT 5.1)"
66.167.221.105 - - [09/Feb/2003:11:08:45 -0800] "GET /Merchant2/96/health_96_r11_c2.jpg HTTP/1.1" 200 1677 "http://www.merchant247.net/Merchant2/merchant.mv?Screen=CTGY&Store_Code=health&Category_Code=96" "Mozilla/4.0 (compatible; MSIE 6.0; Windows NT 5.1)"
66.167.221.105 - - [09/Feb/2003:11:08:45 -0800] "GET /Merchant2/graphics/00000001/order_now.gif HTTP/1.1" 200 4294 "http://www.merchant247.net/Merchant2/merchant.mv?Screen=CTGY&Store_Code=health&Category_Code=96" "Mozilla/4.0 (compatible; MSIE 6.0; Windows NT 5.1)"
66.167.221.105 - - [09/Feb/2003:11:08:46 -0800] "GET /Merchant2/96/header/health_96_r2_c2_f2.jpg HTTP/1.1" 200 2250 "http://www.merchant247.net/Merchant2/merchant.mv?Screen=CTGY&Store_Code=health&Category_Code=96" "Mozilla/4.0 (compatible; MSIE 6.0; Windows NT 5.1)"
66.167.221.105 - - [09/Feb/2003:11:08:46 -0800] "GET /Merchant2/96/header/health_96_r2_c4_f2.jpg HTTP/1.1" 200 1710 "http://www.merchant247.net/Merchant2/merchant.mv?Screen=CTGY&Store_Code=health&Category_Code=96" "Mozilla/4.0 (compatible; MSIE 6.0; Windows NT 5.1)"
66.167.221.105 - - [09/Feb/2003:11:08:49 -0800] "GET /Merchant2/96/health_96_r10_c2_f2.jpg HTTP/1.1" 200 1395 "http://www.merchant247.net/Merchant2/merchant.mv?Screen=CTGY&Store_Code=health&Category_Code=96" "Mozilla/4.0 (compatible; MSIE 6.0; Windows NT 5.1)"
66.167.221.105 - - [09/Feb/2003:11:08:49 -0800] "GET /Merchant2/96/health_96_r6_c2_f2.jpg HTTP/1.1" 200 916 "http://www.merchant247.net/Merchant2/merchant.mv?Screen=CTGY&Store_Code=health&Category_Code=96" "Mozilla/4.0 (compatible; MSIE 6.0; Windows NT 5.1)"
216.152.12.110 - - [09/Feb/2003:11:09:12 -0800] "GET /Merchant2/graphics/en-US/admin/blank.gif HTTP/1.1" 200 43 "http://www.7-day-smoke-away.net/index.htm" "Mozilla/4.0 (compatible; MSIE 6.0; Windows 98)"
209.63.229.252 - - [09/Feb/2003:11:10:22 -0800] "GET /Merchant2/graphics/en-US/admin/blank.gif HTTP/1.1" 304 - "http://www.7-day-smoke-away.net/index.htm" "Mozilla/4.0 (compatible; MSIE 6.0; Windows NT 5.1; Q312461; .NET CLR 1.0.3705)"
64.169.89.180 - - [09/Feb/2003:11:11:09 -0800] "GET /Merchant2/merchant.mv?Screen=CTGY&Store_Code=health&Category_Code=201 HTTP/1.1" 200 44805 "-" "Mozilla/4.0 (compatible; MSIE 5.01; Windows NT 5.0)"
64.169.89.180 - - [09/Feb/2003:11:11:09 -0800] "GET /Merchant2/201/spacer.gif HTTP/1.1" 200 43 "-" "Mozilla/4.0 (compatible; MSIE 5.01; Windows NT 5.0)"
64.169.89.180 - - [09/Feb/2003:11:11:09 -0800] "GET /Merchant2/201/logo_7_day.jpg HTTP/1.1" 200 5243 "-" "Mozilla/4.0 (compatible; MSIE 5.01; Windows NT 5.0)"
64.169.89.180 - - [09/Feb/2003:11:11:09 -0800] "GET /Merchant2/201/health_201_headmenu_r1_c11.jpg HTTP/1.1" 200 344 "-" "Mozilla/4.0 (compatible; MSIE 5.01; Windows NT 5.0)"
64.169.89.180 - - [09/Feb/2003:11:11:10 -0800] "GET /Merchant2/201/health_201_headmenu_r1_c12.jpg HTTP/1.1" 200 3079 "-" "Mozilla/4.0 (compatible; MSIE 5.01; Windows NT 5.0)"
64.169.89.180 - - [09/Feb/2003:11:11:10 -0800] "GET /Merchant2/201/health_201_headmenu_r2_c1.jpg HTTP/1.1" 200 4168 "-" "Mozilla/4.0 (compatible; MSIE 5.01; Windows NT 5.0)"
64.169.89.180 - - [09/Feb/2003:11:11:10 -0800] "GET /Merchant2/201/health_201_headmenu_r1_c14.jpg HTTP/1.1" 200 5279 "-" "Mozilla/4.0 (compatible; MSIE 5.01; Windows NT 5.0)"
64.169.89.180 - - [09/Feb/2003:11:11:10 -0800] "GET /Merchant2/201/health_201_headmenu_r2_c12.jpg HTTP/1.1" 200 3144 "-" "Mozilla/4.0 (compatible; MSIE 5.01; Windows NT 5.0)"
66.167.221.105 - - [09/Feb/2003:11:11:10 -0800] "GET /Merchant2/merchant.mv?Screen=CTGY&Store_Code=health&Category_Code=84 HTTP/1.1" 200 17094 "http://www.herbal-breast-enlargement.net/product_info.htm" "Mozilla/4.0 (compatible; MSIE 6.0; Windows NT 5.1)"
64.169.89.180 - - [09/Feb/2003:11:11:10 -0800] "GET /Merchant2/201/health_201_headmenu_r3_c1.jpg HTTP/1.1" 200 430 "-" "Mozilla/4.0 (compatible; MSIE 5.01; Windows NT 5.0)"
66.167.221.105 - - [09/Feb/2003:11:11:11 -0800] "GET /Merchant2/84/spacer.gif HTTP/1.1" 200 43 "http://www.merchant247.net/Merchant2/merchant.mv?Screen=CTGY&Store_Code=health&Category_Code=84" "Mozilla/4.0 (compatible; MSIE 6.0; Windows NT 5.1)"
64.169.89.180 - - [09/Feb/2003:11:11:11 -0800] "GET /Merchant2/201/health_201_headmenu_r3_c6.jpg HTTP/1.1" 200 2274 "-" "Mozilla/4.0 (compatible; MSIE 5.01; Windows NT 5.0)"
66.167.221.105 - - [09/Feb/2003:11:11:11 -0800] "GET /Merchant2/84/health_84_headmenu_r2_c1.jpg HTTP/1.1" 200 293 "http://www.merchant247.net/Merchant2/merchant.mv?Screen=CTGY&Store_Code=health&Category_Code=84" "Mozilla/4.0 (compatible; MSIE 6.0; Windows NT 5.1)"
64.169.89.180 - - [09/Feb/2003:11:11:11 -0800] "GET /Merchant2/201/health_201_headmenu_r3_c7.jpg HTTP/1.1" 200 403 "-" "Mozilla/4.0 (compatible; MSIE 5.01; Windows NT 5.0)"
64.169.89.180 - - [09/Feb/2003:11:11:11 -0800] "GET /Merchant2/201/health_201_headmenu_r4_c1.jpg HTTP/1.1" 200 426 "-" "Mozilla/4.0 (compatible; MSIE 5.01; Windows NT 5.0)"
66.167.221.105 - - [09/Feb/2003:11:11:11 -0800] "GET /Merchant2/84/health_84_headmenu_r1_c1.jpg HTTP/1.1" 200 14772 "http://www.merchant247.net/Merchant2/merchant.mv?Screen=CTGY&Store_Code=health&Category_Code=84" "Mozilla/4.0 (compatible; MSIE 6.0; Windows NT 5.1)"
66.167.221.105 - - [09/Feb/2003:11:11:11 -0800] "GET /Merchant2/84/health_84_headmenu_r2_c2.jpg HTTP/1.1" 200 1945 "http://www.merchant247.net/Merchant2/merchant.mv?Screen=CTGY&Store_Code=health&Category_Code=84" "Mozilla/4.0 (compatible; MSIE 6.0; Windows NT 5.1)"
64.169.89.180 - - [09/Feb/2003:11:11:11 -0800] "GET /Merchant2/201/health_201_headmenu_r4_c2.jpg HTTP/1.1" 200 685 "-" "Mozilla/4.0 (compatible; MSIE 5.01; Windows NT 5.0)"
66.167.221.105 - - [09/Feb/2003:11:11:11 -0800] "GET /Merchant2/84/health_84_headmenu_r2_c3.jpg HTTP/1.1" 200 288 "http://www.merchant247.net/Merchant2/merchant.mv?Screen=CTGY&Store_Code=health&Category_Code=84" "Mozilla/4.0 (compatible; MSIE 6.0; Windows NT 5.1)"
66.167.221.105 - - [09/Feb/2003:11:11:11 -0800] "GET /Merchant2/84/health_84_headmenu_r2_c4.jpg HTTP/1.1" 200 2094 "http://www.merchant247.net/Merchant2/merchant.mv?Screen=CTGY&Store_Code=health&Category_Code=84" "Mozilla/4.0 (compatible; MSIE 6.0; Windows NT 5.1)"
64.169.89.180 - - [09/Feb/2003:11:11:11 -0800] "GET /Merchant2/201/health_201_headmenu_r4_c3.jpg HTTP/1.1" 200 665 "-" "Mozilla/4.0 (compatible; MSIE 5.01; Windows NT 5.0)"
66.167.221.105 - - [09/Feb/2003:11:11:12 -0800] "GET /Merchant2/84/health_84_headmenu_r2_c5.jpg HTTP/1.1" 200 288 "http://www.merchant247.net/Merchant2/merchant.mv?Screen=CTGY&Store_Code=health&Category_Code=84" "Mozilla/4.0 (compatible; MSIE 6.0; Windows NT 5.1)"
66.167.221.105 - - [09/Feb/2003:11:11:12 -0800] "GET /Merchant2/84/health_84_headmenu_r2_c6.jpg HTTP/1.1" 200 2309 "http://www.merchant247.net/Merchant2/merchant.mv?Screen=CTGY&Store_Code=health&Category_Code=84" "Mozilla/4.0 (compatible; MSIE 6.0; Windows NT 5.1)"
64.169.89.180 - - [09/Feb/2003:11:11:12 -0800] "GET /Merchant2/201/health_201_headmenu_r4_c4.jpg HTTP/1.1" 200 696 "-" "Mozilla/4.0 (compatible; MSIE 5.01; Windows NT 5.0)"
64.169.89.180 - - [09/Feb/2003:11:11:12 -0800] "GET /Merchant2/201/health_201_headmenu_r4_c5.jpg HTTP/1.1" 200 753 "-" "Mozilla/4.0 (compatible; MSIE 5.01; Windows NT 5.0)"
66.167.221.105 - - [09/Feb/2003:11:11:12 -0800] "GET /Merchant2/84/health_84_headmenu_r2_c7.jpg HTTP/1.1" 200 293 "http://www.merchant247.net/Merchant2/merchant.mv?Screen=CTGY&Store_Code=health&Category_Code=84" "Mozilla/4.0 (compatible; MSIE 6.0; Windows NT 5.1)"
66.167.221.105 - - [09/Feb/2003:11:11:12 -0800] "GET /Merchant2/84/health_84_headmenu_r3_c2.jpg HTTP/1.1" 200 323 "http://www.merchant247.net/Merchant2/merchant.mv?Screen=CTGY&Store_Code=health&Category_Code=84" "Mozilla/4.0 (compatible; MSIE 6.0; Windows NT 5.1)"
64.169.89.180 - - [09/Feb/2003:11:11:12 -0800] "GET /Merchant2/201/health_201_headmenu_r5_c7.jpg HTTP/1.1" 200 737 "-" "Mozilla/4.0 (compatible; MSIE 5.01; Windows NT 5.0)"
66.167.221.105 - - [09/Feb/2003:11:11:12 -0800] "GET /Merchant2/84/health_84_headmenu_r3_c4.jpg HTTP/1.1" 200 323 "http://www.merchant247.net/Merchant2/merchant.mv?Screen=CTGY&Store_Code=health&Category_Code=84" "Mozilla/4.0 (compatible; MSIE 6.0; Windows NT 5.1)"
66.167.221.105 - - [09/Feb/2003:11:11:12 -0800] "GET /Merchant2/84/health_84_headmenu_r3_c6.jpg HTTP/1.1" 200 323 "http://www.merchant247.net/Merchant2/merchant.mv?Screen=CTGY&Store_Code=health&Category_Code=84" "Mozilla/4.0 (compatible; MSIE 6.0; Windows NT 5.1)"
64.169.89.180 - - [09/Feb/2003:11:11:12 -0800] "GET /Merchant2/201/health_201_headmenu_r5_c8.jpg HTTP/1.1" 200 846 "-" "Mozilla/4.0 (compatible; MSIE 5.01; Windows NT 5.0)"
66.167.221.105 - - [09/Feb/2003:11:11:12 -0800] "GET /Merchant2/graphics/00000001/order_button_84.gif HTTP/1.1" 200 1951 "http://www.merchant247.net/Merchant2/merchant.mv?Screen=CTGY&Store_Code=health&Category_Code=84" "Mozilla/4.0 (compatible; MSIE 6.0; Windows NT 5.1)"
64.169.89.180 - - [09/Feb/2003:11:11:12 -0800] "GET /Merchant2/201/health_201_headmenu_r5_c9.jpg HTTP/1.1" 200 660 "-" "Mozilla/4.0 (compatible; MSIE 5.01; Windows NT 5.0)"
64.169.89.180 - - [09/Feb/2003:11:11:12 -0800] "GET /Merchant2/201/health_201_headmenu_r5_c10.jpg HTTP/1.1" 200 1023 "-" "Mozilla/4.0 (compatible; MSIE 5.01; Windows NT 5.0)"
66.167.221.105 - - [09/Feb/2003:11:11:13 -0800] "GET /Merchant2/84/mb1_fade.jpg HTTP/1.1" 200 15906 "http://www.merchant247.net/Merchant2/merchant.mv?Screen=CTGY&Store_Code=health&Category_Code=84" "Mozilla/4.0 (compatible; MSIE 6.0; Windows NT 5.1)"
64.169.89.180 - - [09/Feb/2003:11:11:13 -0800] "GET /Merchant2/201/health_201_headmenu_r5_c13.jpg HTTP/1.1" 200 4116 "-" "Mozilla/4.0 (compatible; MSIE 5.01; Windows NT 5.0)"
64.169.89.180 - - [09/Feb/2003:11:11:13 -0800] "GET /Merchant2/201/health_201_headmenu_r6_c2.jpg HTTP/1.1" 200 541 "-" "Mozilla/4.0 (compatible; MSIE 5.01; Windows NT 5.0)"
66.167.221.105 - - [09/Feb/2003:11:11:13 -0800] "GET /Merchant2/84/health_84_headmenu_r2_c2_f2.jpg HTTP/1.1" 200 2012 "http://www.merchant247.net/Merchant2/merchant.mv?Screen=CTGY&Store_Code=health&Category_Code=84" "Mozilla/4.0 (compatible; MSIE 6.0; Windows NT 5.1)"
66.167.221.105 - - [09/Feb/2003:11:11:13 -0800] "GET /Merchant2/84/health_84_headmenu_r2_c2_f4.jpg HTTP/1.1" 200 2083 "http://www.merchant247.net/Merchant2/merchant.mv?Screen=CTGY&Store_Code=health&Category_Code=84" "Mozilla/4.0 (compatible; MSIE 6.0; Windows NT 5.1)"
64.169.89.180 - - [09/Feb/2003:11:11:13 -0800] "GET /Merchant2/201/health_201_headmenu_r7_c8.jpg HTTP/1.1" 200 1017 "-" "Mozilla/4.0 (compatible; MSIE 5.01; Windows NT 5.0)"
64.169.89.180 - - [09/Feb/2003:11:11:13 -0800] "GET /Merchant2/201/health_201_headmenu_r8_c4.jpg HTTP/1.1" 200 831 "-" "Mozilla/4.0 (compatible; MSIE 5.01; Windows NT 5.0)"
66.167.221.105 - - [09/Feb/2003:11:11:13 -0800] "GET /Merchant2/84/health_84_headmenu_r2_c2_f3.jpg HTTP/1.1" 200 2332 "http://www.merchant247.net/Merchant2/merchant.mv?Screen=CTGY&Store_Code=health&Category_Code=84" "Mozilla/4.0 (compatible; MSIE 6.0; Windows NT 5.1)"
66.167.221.105 - - [09/Feb/2003:11:11:13 -0800] "GET /Merchant2/84/health_84_headmenu_r2_c4_f2.jpg HTTP/1.1" 200 2209 "http://www.merchant247.net/Merchant2/merchant.mv?Screen=CTGY&Store_Code=health&Category_Code=84" "Mozilla/4.0 (compatible; MSIE 6.0; Windows NT 5.1)"
64.169.89.180 - - [09/Feb/2003:11:11:14 -0800] "GET /Merchant2/201/health_201_headmenu_r7_c10.jpg HTTP/1.1" 200 1382 "-" "Mozilla/4.0 (compatible; MSIE 5.01; Windows NT 5.0)"
66.167.221.105 - - [09/Feb/2003:11:11:14 -0800] "GET /Merchant2/84/health_84_headmenu_r2_c4_f4.jpg HTTP/1.1" 200 2290 "http://www.merchant247.net/Merchant2/merchant.mv?Screen=CTGY&Store_Code=health&Category_Code=84" "Mozilla/4.0 (compatible; MSIE 6.0; Windows NT 5.1)"
66.167.221.105 - - [09/Feb/2003:11:11:14 -0800] "GET /Merchant2/84/health_84_headmenu_r2_c4_f3.jpg HTTP/1.1" 200 2616 "http://www.merchant247.net/Merchant2/merchant.mv?Screen=CTGY&Store_Code=health&Category_Code=84" "Mozilla/4.0 (compatible; MSIE 6.0; Windows NT 5.1)"
64.169.89.180 - - [09/Feb/2003:11:11:14 -0800] "GET /Merchant2/201/health_201_headmenu_r9_c6.jpg HTTP/1.1" 200 1812 "-" "Mozilla/4.0 (compatible; MSIE 5.01; Windows NT 5.0)"
66.167.221.105 - - [09/Feb/2003:11:11:14 -0800] "GET /Merchant2/84/health_84_headmenu_r2_c6_f2.jpg HTTP/1.1" 200 2481 "http://www.merchant247.net/Merchant2/merchant.mv?Screen=CTGY&Store_Code=health&Category_Code=84" "Mozilla/4.0 (compatible; MSIE 6.0; Windows NT 5.1)"
66.167.221.105 - - [09/Feb/2003:11:11:14 -0800] "GET /Merchant2/84/health_84_headmenu_r2_c6_f4.jpg HTTP/1.1" 200 2591 "http://www.merchant247.net/Merchant2/merchant.mv?Screen=CTGY&Store_Code=health&Category_Code=84" "Mozilla/4.0 (compatible; MSIE 6.0; Windows NT 5.1)"
64.169.89.180 - - [09/Feb/2003:11:11:14 -0800] "GET /Merchant2/201/health_201_headmenu_r4_c10.jpg HTTP/1.1" 404 353 "-" "Mozilla/4.0 (compatible; MSIE 5.01; Windows NT 5.0)"
64.169.89.180 - - [09/Feb/2003:11:11:14 -0800] "GET /Merchant2/201/free_shipping.jpg HTTP/1.1" 200 3033 "-" "Mozilla/4.0 (compatible; MSIE 5.01; Windows NT 5.0)"
66.167.221.105 - - [09/Feb/2003:11:11:14 -0800] "GET /Merchant2/84/health_84_headmenu_r2_c6_f3.jpg HTTP/1.1" 200 2967 "http://www.merchant247.net/Merchant2/merchant.mv?Screen=CTGY&Store_Code=health&Category_Code=84" "Mozilla/4.0 (compatible; MSIE 6.0; Windows NT 5.1)"
64.169.89.180 - - [09/Feb/2003:11:11:15 -0800] "GET /Merchant2/201/health_201_headmenu_r3_c6_f2.jpg HTTP/1.1" 200 2672 "-" "Mozilla/4.0 (compatible; MSIE 5.01; Windows NT 5.0)"
64.169.89.180 - - [09/Feb/2003:11:11:15 -0800] "GET /Merchant2/201/health_201_headmenu_r4_c4_f2.jpg HTTP/1.1" 200 784 "-" "Mozilla/4.0 (compatible; MSIE 5.01; Windows NT 5.0)"
64.169.89.180 - - [09/Feb/2003:11:11:15 -0800] "GET /Merchant2/201/health_201_headmenu_r5_c8_f2.jpg HTTP/1.1" 200 971 "-" "Mozilla/4.0 (compatible; MSIE 5.01; Windows NT 5.0)"
64.169.89.180 - - [09/Feb/2003:11:11:15 -0800] "GET /Merchant2/201/health_201_headmenu_r4_c2_f2.jpg HTTP/1.1" 200 770 "-" "Mozilla/4.0 (compatible; MSIE 5.01; Windows NT 5.0)"
64.169.89.180 - - [09/Feb/2003:11:11:15 -0800] "GET /Merchant2/201/health_201_headmenu_r5_c10_f2.jpg HTTP/1.1" 200 1175 "-" "Mozilla/4.0 (compatible; MSIE 5.01; Windows NT 5.0)"
64.169.89.180 - - [09/Feb/2003:11:11:18 -0800] "POST /Merchant2/merchant.mv? HTTP/1.1" 200 14073 "-" "Mozilla/4.0 (compatible; MSIE 5.01; Windows NT 5.0)"
64.169.89.180 - - [09/Feb/2003:11:11:34 -0800] "GET /Merchant2/merchant.mv?Screen=OINF&Store_Code=health HTTP/1.1" 200 45119 "-" "Mozilla/4.0 (compatible; MSIE 5.01; Windows NT 5.0)"
24.223.17.139 - - [09/Feb/2003:11:11:34 -0800] "GET /Merchant2/201/health_201_headmenu_r4_c10.jpg HTTP/1.1" 404 353 "http://www.merchant247.net/Merchant2/merchant.mv?Screen=CTGY&Store_Code=health&Category_Code=201" "Mozilla/4.0 (compatible; MSIE 5.5; Windows 98)"
24.223.17.139 - - [09/Feb/2003:11:13:07 -0800] "GET /Merchant2/203/spacer.gif HTTP/1.1" 200 43 "http://www.merchant247.net/Merchant2/merchant.mv?Screen=CTGY&Store_Code=health&Category_Code=203" "Mozilla/4.0 (compatible; MSIE 5.5; Windows 98)"
24.223.17.139 - - [09/Feb/2003:11:13:08 -0800] "GET /Merchant2/merchant.mv?Screen=CTGY&Store_Code=health&Category_Code=203 HTTP/1.1" 200 25478 "http://www.radiodealsonline.com/" "Mozilla/4.0 (compatible; MSIE 5.5; Windows 98)"
24.223.17.139 - - [09/Feb/2003:11:13:11 -0800] "GET /Merchant2/203/health_203_headmenu_r2_c1.jpg HTTP/1.1" 200 1478 "http://www.merchant247.net/Merchant2/merchant.mv?Screen=CTGY&Store_Code=health&Category_Code=203" "Mozilla/4.0 (compatible; MSIE 5.5; Windows 98)"
24.223.17.139 - - [09/Feb/2003:11:13:16 -0800] "GET /Merchant2/203/health_203_headmenu_r1_c1.jpg HTTP/1.1" 200 21366 "http://www.merchant247.net/Merchant2/merchant.mv?Screen=CTGY&Store_Code=health&Category_Code=203" "Mozilla/4.0 (compatible; MSIE 5.5; Windows 98)"
24.224.18.255 - - [09/Feb/2003:11:13:17 -0800] "GET /Merchant2/202/spacer.gif HTTP/1.1" 200 43 "http://www.merchant247.net/Merchant2/merchant.mv?Screen=CTGY&Store_Code=health&Category_Code=202" "Mozilla/4.0 (compatible; MSIE 6.0; Windows NT 5.0; Hotbar 4.2.4.0)"
24.224.18.255 - - [09/Feb/2003:11:13:18 -0800] "GET /Merchant2/merchant.mv?Screen=CTGY&Store_Code=health&Category_Code=202 HTTP/1.1" 200 20104 "http://www.smoke-away.us/index.htm" "Mozilla/4.0 (compatible; MSIE 6.0; Windows NT 5.0; Hotbar 4.2.4.0)"
24.224.18.255 - - [09/Feb/2003:11:13:18 -0800] "GET /Merchant2/202/health_202_headmenu_r2_c1.jpg HTTP/1.1" 200 1687 "http://www.merchant247.net/Merchant2/merchant.mv?Screen=CTGY&Store_Code=health&Category_Code=202" "Mozilla/4.0 (compatible; MSIE 6.0; Windows NT 5.0; Hotbar 4.2.4.0)"
24.224.18.255 - - [09/Feb/2003:11:13:18 -0800] "GET /Merchant2/202/health_202_headmenu_r2_c2.jpg HTTP/1.1" 200 999 "http://www.merchant247.net/Merchant2/merchant.mv?Screen=CTGY&Store_Code=health&Category_Code=202" "Mozilla/4.0 (compatible; MSIE 6.0; Windows NT 5.0; Hotbar 4.2.4.0)"
24.224.18.255 - - [09/Feb/2003:11:13:18 -0800] "GET /Merchant2/202/health_202_headmenu_r2_c4.jpg HTTP/1.1" 200 769 "http://www.merchant247.net/Merchant2/merchant.mv?Screen=CTGY&Store_Code=health&Category_Code=202" "Mozilla/4.0 (compatible; MSIE 6.0; Windows NT 5.0; Hotbar 4.2.4.0)"
24.224.18.255 - - [09/Feb/2003:11:13:18 -0800] "GET /Merchant2/202/health_202_headmenu_r1_c1.jpg HTTP/1.1" 200 17218 "http://www.merchant247.net/Merchant2/merchant.mv?Screen=CTGY&Store_Code=health&Category_Code=202" "Mozilla/4.0 (compatible; MSIE 6.0; Windows NT 5.0; Hotbar 4.2.4.0)"
24.224.18.255 - - [09/Feb/2003:11:13:18 -0800] "GET /Merchant2/202/health_202_headmenu_r2_c5.jpg HTTP/1.1" 200 1267 "http://www.merchant247.net/Merchant2/merchant.mv?Screen=CTGY&Store_Code=health&Category_Code=202" "Mozilla/4.0 (compatible; MSIE 6.0; Windows NT 5.0; Hotbar 4.2.4.0)"
24.224.18.255 - - [09/Feb/2003:11:13:18 -0800] "GET /Merchant2/202/health_202_headmenu_r2_c8.jpg HTTP/1.1" 200 841 "http://www.merchant247.net/Merchant2/merchant.mv?Screen=CTGY&Store_Code=health&Category_Code=202" "Mozilla/4.0 (compatible; MSIE 6.0; Windows NT 5.0; Hotbar 4.2.4.0)"
24.224.18.255 - - [09/Feb/2003:11:13:18 -0800] "GET /Merchant2/202/health_202_headmenu_r2_c9.jpg HTTP/1.1" 200 1076 "http://www.merchant247.net/Merchant2/merchant.mv?Screen=CTGY&Store_Code=health&Category_Code=202" "Mozilla/4.0 (compatible; MSIE 6.0; Windows NT 5.0; Hotbar 4.2.4.0)"
24.224.18.255 - - [09/Feb/2003:11:13:19 -0800] "GET /Merchant2/202/health_202_headmenu_r2_c11.jpg HTTP/1.1" 200 375 "http://www.merchant247.net/Merchant2/merchant.mv?Screen=CTGY&Store_Code=health&Category_Code=202" "Mozilla/4.0 (compatible; MSIE 6.0; Windows NT 5.0; Hotbar 4.2.4.0)"
24.224.18.255 - - [09/Feb/2003:11:13:19 -0800] "GET /Merchant2/202/health_202_headmenu_r3_c2.jpg HTTP/1.1" 200 1332 "http://www.merchant247.net/Merchant2/merchant.mv?Screen=CTGY&Store_Code=health&Category_Code=202" "Mozilla/4.0 (compatible; MSIE 6.0; Windows NT 5.0; Hotbar 4.2.4.0)"
24.224.18.255 - - [09/Feb/2003:11:13:19 -0800] "GET /Merchant2/202/health_202_headmenu_r2_c2_f2.jpg HTTP/1.1" 200 1121 "http://www.merchant247.net/Merchant2/merchant.mv?Screen=CTGY&Store_Code=health&Category_Code=202" "Mozilla/4.0 (compatible; MSIE 6.0; Windows NT 5.0; Hotbar 4.2.4.0)"
24.224.18.255 - - [09/Feb/2003:11:13:19 -0800] "GET /Merchant2/202/health_202_headmenu_r2_c4_f2.jpg HTTP/1.1" 200 890 "http://www.merchant247.net/Merchant2/merchant.mv?Screen=CTGY&Store_Code=health&Category_Code=202" "Mozilla/4.0 (compatible; MSIE 6.0; Windows NT 5.0; Hotbar 4.2.4.0)"
24.224.18.255 - - [09/Feb/2003:11:13:19 -0800] "GET /Merchant2/202/health_202_headmenu_r2_c5_f2.jpg HTTP/1.1" 200 1519 "http://www.merchant247.net/Merchant2/merchant.mv?Screen=CTGY&Store_Code=health&Category_Code=202" "Mozilla/4.0 (compatible; MSIE 6.0; Windows NT 5.0; Hotbar 4.2.4.0)"
24.224.18.255 - - [09/Feb/2003:11:13:19 -0800] "GET /Merchant2/202/health_202_headmenu_r2_c8_f2.jpg HTTP/1.1" 200 994 "http://www.merchant247.net/Merchant2/merchant.mv?Screen=CTGY&Store_Code=health&Category_Code=202" "Mozilla/4.0 (compatible; MSIE 6.0; Windows NT 5.0; Hotbar 4.2.4.0)"
24.224.18.255 - - [09/Feb/2003:11:13:20 -0800] "GET /Merchant2/202/health_202_headmenu_r2_c9_f2.jpg HTTP/1.1" 200 1275 "http://www.merchant247.net/Merchant2/merchant.mv?Screen=CTGY&Store_Code=health&Category_Code=202" "Mozilla/4.0 (compatible; MSIE 6.0; Windows NT 5.0; Hotbar 4.2.4.0)"
24.223.17.139 - - [09/Feb/2003:11:13:22 -0800] "GET /Merchant2/203/health_203_headmenu_r2_c3.jpg HTTP/1.1" 200 337 "http://www.merchant247.net/Merchant2/merchant.mv?Screen=CTGY&Store_Code=health&Category_Code=203" "Mozilla/4.0 (compatible; MSIE 5.5; Windows 98)"
24.223.17.139 - - [09/Feb/2003:11:13:26 -0800] "GET /Merchant2/203/health_203_headmenu_r2_c5.jpg HTTP/1.1" 200 381 "http://www.merchant247.net/Merchant2/merchant.mv?Screen=CTGY&Store_Code=health&Category_Code=203" "Mozilla/4.0 (compatible; MSIE 5.5; Windows 98)"
24.223.17.139 - - [09/Feb/2003:11:13:27 -0800] "GET /Merchant2/203/health_203_headmenu_r2_c6.jpg HTTP/1.1" 200 1607 "http://www.merchant247.net/Merchant2/merchant.mv?Screen=CTGY&Store_Code=health&Category_Code=203" "Mozilla/4.0 (compatible; MSIE 5.5; Windows 98)"
24.223.17.139 - - [09/Feb/2003:11:13:28 -0800] "GET /Merchant2/203/health_203_headmenu_r2_c7.jpg HTTP/1.1" 200 748 "http://www.merchant247.net/Merchant2/merchant.mv?Screen=CTGY&Store_Code=health&Category_Code=203" "Mozilla/4.0 (compatible; MSIE 5.5; Windows 98)"
24.223.17.139 - - [09/Feb/2003:11:13:30 -0800] "GET /Merchant2/203/health_203_headmenu_r3_c2.jpg HTTP/1.1" 200 337 "http://www.merchant247.net/Merchant2/merchant.mv?Screen=CTGY&Store_Code=health&Category_Code=203" "Mozilla/4.0 (compatible; MSIE 5.5; Windows 98)"
24.223.17.139 - - [09/Feb/2003:11:13:30 -0800] "GET /Merchant2/203/health_203_headmenu_r3_c4.jpg HTTP/1.1" 200 368 "http://www.merchant247.net/Merchant2/merchant.mv?Screen=CTGY&Store_Code=health&Category_Code=203" "Mozilla/4.0 (compatible; MSIE 5.5; Windows 98)"
24.223.17.139 - - [09/Feb/2003:11:13:31 -0800] "GET /Merchant2/203/health_203_headmenu_r3_c6.jpg HTTP/1.1" 200 393 "http://www.merchant247.net/Merchant2/merchant.mv?Screen=CTGY&Store_Code=health&Category_Code=203" "Mozilla/4.0 (compatible; MSIE 5.5; Windows 98)"
24.223.17.139 - - [09/Feb/2003:11:13:32 -0800] "GET /Merchant2/graphics/00000001/lungsaver.jpg HTTP/1.1" 200 4033 "http://www.merchant247.net/Merchant2/merchant.mv?Screen=CTGY&Store_Code=health&Category_Code=203" "Mozilla/4.0 (compatible; MSIE 5.5; Windows 98)"
24.223.17.139 - - [09/Feb/2003:11:13:33 -0800] "GET /Merchant2/graphics/authorize.gif HTTP/1.1" 200 5196 "http://www.merchant247.net/Merchant2/merchant.mv?Screen=CTGY&Store_Code=health&Category_Code=203" "Mozilla/4.0 (compatible; MSIE 5.5; Windows 98)"
24.224.18.255 - - [09/Feb/2003:11:13:35 -0800] "GET /Merchant2/202/health_202_headmenu_r2_c9_f2.jpg HTTP/1.1" 304 - "http://www.merchant247.net/Merchant2/merchant.mv?Screen=CTGY&Store_Code=health&Category_Code=202" "Mozilla/4.0 (compatible; MSIE 6.0; Windows NT 5.0; Hotbar 4.2.4.0)"
24.224.18.255 - - [09/Feb/2003:11:13:35 -0800] "GET /Merchant2/202/health_202_headmenu_r2_c9.jpg HTTP/1.1" 304 - "http://www.merchant247.net/Merchant2/merchant.mv?Screen=CTGY&Store_Code=health&Category_Code=202" "Mozilla/4.0 (compatible; MSIE 6.0; Windows NT 5.0; Hotbar 4.2.4.0)"
24.223.17.139 - - [09/Feb/2003:11:13:40 -0800] "GET /Merchant2/graphics/00000001/7day_maintenance.jpg HTTP/1.1" 200 2050 "http://www.merchant247.net/Merchant2/merchant.mv?Screen=CTGY&Store_Code=health&Category_Code=203" "Mozilla/4.0 (compatible; MSIE 5.5; Windows 98)"
